This is the mail archive of the
gcc-testresults@gcc.gnu.org
mailing list for the GCC project.
Results for 3.1 20020323 (prerelease) testsuite on ia64-unknown-linux-gnu
- From: Steve Christiansen <smc at us dot ibm dot com>
- To: gcc-testresults at gcc dot gnu dot org
- Date: Sat, 23 Mar 2002 07:20:26 -0800
- Subject: Results for 3.1 20020323 (prerelease) testsuite on ia64-unknown-linux-gnu
LAST_UPDATED: Sat Mar 23 09:33:17 UTC 2002
Native configuration is ia64-unknown-linux-gnu
=== g77 tests ===
Running target unix
=== g77 Summary ===
# of expected passes 1452
# of unsupported tests 8
/builds/gcc-3_1-branch/ia64/obj/gcc/testsuite/../g77 version 3.1 20020323 (prerelease)
=== gcc tests ===
Running target unix
XPASS: gcc.c-torture/compile/920625-1.c, -O2
XPASS: gcc.c-torture/compile/920625-1.c, -O3 -fomit-frame-pointer
XPASS: gcc.c-torture/compile/920625-1.c, -O3 -fomit-frame-pointer -funroll-loops
XPASS: gcc.c-torture/compile/920625-1.c, -O3 -fomit-frame-pointer -funroll-all-loops -finline-functions
XPASS: gcc.c-torture/compile/920625-1.c, -O3 -g
XPASS: gcc.c-torture/compile/920625-1.c, -Os
XPASS: gcc.c-torture/compile/981223-1.c, -O2
XPASS: gcc.c-torture/compile/981223-1.c, -O3 -fomit-frame-pointer
XPASS: gcc.c-torture/compile/981223-1.c, -O3 -g
XPASS: gcc.c-torture/compile/981223-1.c, -Os
FAIL: gcc.c-torture/execute/20020227-1.c execution, -O0
FAIL: gcc.c-torture/execute/20020227-1.c execution, -O1
FAIL: gcc.c-torture/execute/20020227-1.c execution, -O2
FAIL: gcc.c-torture/execute/20020227-1.c execution, -O3 -fomit-frame-pointer
FAIL: gcc.c-torture/execute/20020227-1.c execution, -O3 -g
FAIL: gcc.c-torture/execute/20020227-1.c execution, -Os
XPASS: gcc.dg/c99-intconst-1.c (test for excess errors)
ERROR: tcl error sourcing /builds/gcc-3_1-branch/gcc/gcc/testsuite/gcc.dg/dg.exp.
ERROR: unmatched open brace in list
=== gcc Summary ===
# of expected passes 17445
# of unexpected failures 6
# of unexpected successes 11
# of expected failures 45
# of unsupported tests 98
/builds/gcc-3_1-branch/ia64/obj/gcc/xgcc version 3.1 20020323 (prerelease)
=== g++ tests ===
Running target unix
FAIL: g++.dg/eh/registers1.C execution test
WARNING: program timed out.
FAIL: g++.abi/cxa_vec.C Execution test
FAIL: g++.eh/badalloc1.C Execution test
XPASS: g++.ext/instantiate2.C (test for excess errors)
XPASS: g++.ext/instantiate3.C (test for excess errors)
=== g++ Summary ===
# of expected passes 6972
# of unexpected failures 3
# of unexpected successes 2
# of expected failures 86
# of untested testcases 23
# of unsupported tests 3
/builds/gcc-3_1-branch/ia64/obj/gcc/testsuite/../g++ version 3.1 20020323 (prerelease)
=== objc tests ===
Running target unix
FAIL: objc/execute/formal_protocol-6.m execution, -O0
FAIL: objc/execute/formal_protocol-6.m execution, -O1
FAIL: objc/execute/formal_protocol-6.m execution, -O2
FAIL: objc/execute/formal_protocol-6.m execution, -O3 -fomit-frame-pointer
FAIL: objc/execute/formal_protocol-6.m execution, -O3 -g
FAIL: objc/execute/formal_protocol-6.m execution, -Os
=== objc Summary ===
# of expected passes 1036
# of unexpected failures 6
/builds/gcc-3_1-branch/ia64/obj/gcc/xgcc version 3.1 20020323 (prerelease)
=== libjava tests ===
Running target unix
FAIL: Array_3 execution from source compiled test
FAIL: Array_3 execution from bytecode->native test
FAIL: Array_3 -O execution from source compiled test
FAIL: Array_3 -O execution from bytecode->native test
FAIL: Invoke_1 execution from source compiled test
FAIL: Invoke_1 execution from bytecode->native test
FAIL: Invoke_1 -O execution from source compiled test
FAIL: Invoke_1 -O execution from bytecode->native test
FAIL: PR218 execution from source compiled test
FAIL: PR218 execution from bytecode->native test
FAIL: PR218 -O execution from source compiled test
FAIL: PR218 -O execution from bytecode->native test
FAIL: TLtest compilation from bytecode
FAIL: TLtest -O compilation from bytecode
=== libjava Summary ===
# of expected passes 1941
# of unexpected failures 14
# of expected failures 18
# of untested testcases 106
=== libstdc++-v3 tests ===
Running target unix
XPASS: 22_locale/time_put_members_char.cc execution test
XPASS: 22_locale/time_put_members_wchar_t.cc execution test
FAIL: 26_numerics/c99_classification_macros_c.cc (test for excess errors)
=== libstdc++-v3 Summary ===
# of expected passes 358
# of unexpected failures 1
# of unexpected successes 2
# of expected failures 23
Compiler version: 3.1 20020323 (prerelease)
Platform: ia64-unknown-linux-gnu
configure flags: --host=ia64-unknown-linux --prefix=/builds/gcc-3_1-branch/ia64/install
Red Hat Linux release 7.1.94 (Roswell)
Linux kernel 2.4.7-2smp
glibc-2.2.4
binutils-2.12.90.0.1
dejagnu-1.4.2