This is the mail archive of the
gcc-testresults@gcc.gnu.org
mailing list for the GCC project.
Results for 3.2 20020315 (experimental) testsuite on i686-pc-linux-gnu
- From: Andreas Jaeger <aj at suse dot de>
- To: gcc-testresults at gcc dot gnu dot org
- Date: Fri, 15 Mar 2002 19:39:53 +0100
- Subject: Results for 3.2 20020315 (experimental) testsuite on i686-pc-linux-gnu
LAST_UPDATED: Fri Mar 15 07:17:50 UTC 2002
Native configuration is i686-pc-linux-gnu
=== g++ tests ===
Running target unix
=== g++ Summary ===
# of expected passes 7083
# of expected failures 92
# of untested testcases 9
# of unsupported tests 1
/builds/gcc/gcc-3.1-devel/gcc/testsuite/../g++ version 3.2 20020315 (experimental)
=== g77 tests ===
Running target unix
=== g77 Summary ===
# of expected passes 1476
/builds/gcc/gcc-3.1-devel/gcc/testsuite/../g77 version 3.2 20020315 (experimental)
=== gcc tests ===
Running target unix
FAIL: gcc.c-torture/execute/20011223-1.c execution, -O2
FAIL: gcc.c-torture/execute/20011223-1.c execution, -O3 -fomit-frame-pointer
FAIL: gcc.c-torture/execute/20011223-1.c execution, -O3 -g
FAIL: gcc.c-torture/execute/20011223-1.c execution, -Os
FAIL: gcc.c-torture/execute/931110-2.c compilation, -O3 -g
UNRESOLVED: gcc.c-torture/execute/931110-2.c execution, -O3 -g
ERROR: (DejaGnu) proc "^" does not exist.
=== gcc Summary ===
# of expected passes 14667
# of unexpected failures 5
# of expected failures 64
# of unresolved testcases 1
# of unsupported tests 38
/builds/gcc/gcc-3.1-devel/gcc/xgcc version 3.2 20020315 (experimental)
=== libjava tests ===
Running target unix
FAIL: PR5902 compilation from bytecode
FAIL: PR5902 -O compilation from bytecode
FAIL: linking cxxtest
=== libjava Summary ===
# of expected passes 2037
# of unexpected failures 3
# of expected failures 19
# of untested testcases 14
=== libstdc++-v3 tests ===
Running target unix
XPASS: 22_locale/collate_byname.cc execution test
XPASS: 22_locale/collate_members_char.cc execution test
XPASS: 22_locale/ctype_members_char.cc execution test
XPASS: 22_locale/members.cc execution test
XPASS: 22_locale/messages_byname.cc execution test
XPASS: 22_locale/messages_members_char.cc execution test
XPASS: 22_locale/money_get_members_char.cc execution test
XPASS: 22_locale/money_get_members_wchar_t.cc execution test
XPASS: 22_locale/money_put_members_char.cc execution test
XPASS: 22_locale/money_put_members_wchar_t.cc execution test
XPASS: 22_locale/moneypunct_byname.cc execution test
XPASS: 22_locale/moneypunct_members_char.cc execution test
XPASS: 22_locale/moneypunct_members_wchar_t.cc execution test
XPASS: 22_locale/num_get_members_char.cc execution test
XPASS: 22_locale/num_get_members_wchar_t.cc execution test
XPASS: 22_locale/num_put_members_char.cc execution test
XPASS: 22_locale/num_put_members_wchar_t.cc execution test
XPASS: 22_locale/numpunct_byname.cc execution test
XPASS: 22_locale/numpunct_members_char.cc execution test
XPASS: 22_locale/numpunct_members_wchar_t.cc execution test
XPASS: 22_locale/time_get_members_char.cc execution test
XPASS: 22_locale/time_get_members_wchar_t.cc execution test
XPASS: 22_locale/time_put_members_char.cc execution test
XPASS: 22_locale/time_put_members_wchar_t.cc execution test
FAIL: 26_numerics/c99_classification_macros_c.cc (test for excess errors)
=== libstdc++-v3 Summary ===
# of expected passes 358
# of unexpected failures 1
# of unexpected successes 24
# of expected failures 1
Compiler version: 3.2 20020315 (experimental)
Platform: i686-pc-linux-gnu
configure flags: --host=i686-pc-linux-gnu --prefix=/opt/gcc/3.2-devel --enable-shared --enable-threads --disable-nls --with-gnu-as --with-gnu-ld --enable-languages=c,c++,java,f77