This is the mail archive of the
gcc-testresults@gcc.gnu.org
mailing list for the GCC project.
Results for 3.2 20020315 (experimental) testsuite on ia64-unknown-linux-gnu
- From: Steve Christiansen <smc at us dot ibm dot com>
- To: gcc-testresults at gcc dot gnu dot org
- Date: Fri, 15 Mar 2002 08:29:52 -0800
- Subject: Results for 3.2 20020315 (experimental) testsuite on ia64-unknown-linux-gnu
LAST_UPDATED: Fri Mar 15 09:32:55 UTC 2002
Native configuration is ia64-unknown-linux-gnu
=== g77 tests ===
Running target unix
=== g77 Summary ===
# of expected passes 1460
# of unsupported tests 8
/home/build/gcc_mainline/ia64/obj/gcc/testsuite/../g77 version 3.2 20020315 (experimental)
=== gcc tests ===
Running target unix
XPASS: gcc.c-torture/compile/920625-1.c, -O2
XPASS: gcc.c-torture/compile/920625-1.c, -O3 -fomit-frame-pointer
XPASS: gcc.c-torture/compile/920625-1.c, -O3 -fomit-frame-pointer -funroll-loops
XPASS: gcc.c-torture/compile/920625-1.c, -O3 -fomit-frame-pointer -funroll-all-loops -finline-functions
XPASS: gcc.c-torture/compile/920625-1.c, -O3 -g
XPASS: gcc.c-torture/compile/920625-1.c, -Os
XPASS: gcc.c-torture/compile/981223-1.c, -O2
XPASS: gcc.c-torture/compile/981223-1.c, -O3 -fomit-frame-pointer
XPASS: gcc.c-torture/compile/981223-1.c, -O3 -g
XPASS: gcc.c-torture/compile/981223-1.c, -Os
FAIL: gcc.c-torture/execute/20020227-1.c execution, -O0
FAIL: gcc.c-torture/execute/20020227-1.c execution, -O1
FAIL: gcc.c-torture/execute/20020227-1.c execution, -O2
FAIL: gcc.c-torture/execute/20020227-1.c execution, -O3 -fomit-frame-pointer
FAIL: gcc.c-torture/execute/20020227-1.c execution, -O3 -g
FAIL: gcc.c-torture/execute/20020227-1.c execution, -Os
FAIL: gcc.c-torture/execute/comp-goto-1.c compilation, -O3 -fomit-frame-pointer -funroll-all-loops -finline-functions
UNRESOLVED: gcc.c-torture/execute/comp-goto-1.c execution, -O3 -fomit-frame-pointer -funroll-all-loops -finline-functions
XPASS: gcc.dg/c99-intconst-1.c (test for excess errors)
ERROR: (DejaGnu) proc "^" does not exist.
=== gcc Summary ===
# of expected passes 14275
# of unexpected failures 7
# of unexpected successes 11
# of expected failures 61
# of unresolved testcases 1
# of unsupported tests 77
/home/build/gcc_mainline/ia64/obj/gcc/xgcc version 3.2 20020315 (experimental)
=== g++ tests ===
Running target unix
FAIL: g++.dg/eh/registers1.C execution test
FAIL: g++.dg/init/init-ref2.C execution test
FAIL: g++.abi/cxa_vec.C Execution test
FAIL: g++.eh/badalloc1.C Execution test
FAIL: g++.ext/instantiate2.C not instantiated (test for errors, line 19)
=== g++ Summary ===
# of expected passes 6944
# of unexpected failures 5
# of expected failures 92
# of untested testcases 23
# of unsupported tests 1
/home/build/gcc_mainline/ia64/obj/gcc/testsuite/../g++ version 3.2 20020315 (experimental)
=== objc tests ===
Running target unix
FAIL: objc/execute/formal_protocol-6.m execution, -O0
FAIL: objc/execute/formal_protocol-6.m execution, -O1
FAIL: objc/execute/formal_protocol-6.m execution, -O2
FAIL: objc/execute/formal_protocol-6.m execution, -O3 -fomit-frame-pointer
FAIL: objc/execute/formal_protocol-6.m execution, -O3 -g
FAIL: objc/execute/formal_protocol-6.m execution, -Os
=== objc Summary ===
# of expected passes 1036
# of unexpected failures 6
/home/build/gcc_mainline/ia64/obj/gcc/xgcc version 3.2 20020315 (experimental)
=== libjava tests ===
Running target unix
FAIL: PR5902 compilation from bytecode
FAIL: PR5902 -O compilation from bytecode
FAIL: cxxtest run
FAIL: Invoke_1 execution from source compiled test
FAIL: Invoke_1 execution from bytecode->native test
FAIL: Invoke_1 -O execution from source compiled test
FAIL: Invoke_1 -O execution from bytecode->native test
FAIL: PR218 execution from source compiled test
FAIL: PR218 execution from bytecode->native test
FAIL: PR218 -O execution from source compiled test
FAIL: PR218 -O execution from bytecode->native test
FAIL: TLtest compilation from bytecode
FAIL: TLtest -O compilation from bytecode
FAIL: Array_3 execution from source compiled test
FAIL: Array_3 execution from bytecode->native test
FAIL: Array_3 -O execution from source compiled test
FAIL: Array_3 -O execution from bytecode->native test
=== libjava Summary ===
# of expected passes 1932
# of unexpected failures 17
# of expected failures 18
# of untested testcases 107
=== libstdc++-v3 tests ===
Running target unix
XPASS: 22_locale/time_put_members_char.cc execution test
XPASS: 22_locale/time_put_members_wchar_t.cc execution test
FAIL: 26_numerics/c99_classification_macros_c.cc (test for excess errors)
=== libstdc++-v3 Summary ===
# of expected passes 358
# of unexpected failures 1
# of unexpected successes 2
# of expected failures 23
Compiler version: 3.2 20020315 (experimental)
Platform: ia64-unknown-linux-gnu
configure flags: --host=ia64-unknown-linux --prefix=/home/build/gcc_mainline/ia64/install
Red Hat Linux release 7.1.94 (Roswell)
Linux kernel 2.4.7-2smp
glibc-2.2.4
binutils-2.11.92.0.7
dejagnu-1.4.2