This is the mail archive of the
gcc-testresults@gcc.gnu.org
mailing list for the GCC project.
Results for 3.1 20020313 (prerelease) testsuite on i686-pc-linux-gnu
- From: Peter Schmid <schmid at snake dot iap dot physik dot tu-darmstadt dot de>
- To: gcc-testresults at gcc dot gnu dot org
- Date: Thu, 14 Mar 2002 02:06:29 +0100
- Subject: Results for 3.1 20020313 (prerelease) testsuite on i686-pc-linux-gnu
LAST_UPDATED:
Native configuration is i686-pc-linux-gnu
=== g++ tests ===
Running target unix
=== g++ Summary ===
# of expected passes 7091
# of expected failures 92
# of untested testcases 9
/mnt/egcs/build/gcc/testsuite/../g++ version 3.1 20020313 (prerelease)
=== g77 tests ===
Running target unix
=== g77 Summary ===
# of expected passes 1468
/mnt/egcs/build/gcc/testsuite/../g77 version 3.1 20020313 (prerelease)
=== gcc tests ===
Running target unix
FAIL: gcc.c-torture/execute/20011223-1.c execution, -O2
FAIL: gcc.c-torture/execute/20011223-1.c execution, -O3 -fomit-frame-pointer
FAIL: gcc.c-torture/execute/20011223-1.c execution, -O3 -g
FAIL: gcc.c-torture/execute/20011223-1.c execution, -Os
=== gcc Summary ===
# of expected passes 18035
# of unexpected failures 4
# of expected failures 66
# of unsupported tests 35
/mnt/egcs/build/gcc/xgcc version 3.1 20020313 (prerelease)
=== objc tests ===
Running target unix
FAIL: objc/execute/formal_protocol-6.m execution, -O0
FAIL: objc/execute/formal_protocol-6.m execution, -O1
FAIL: objc/execute/formal_protocol-6.m execution, -O2
FAIL: objc/execute/formal_protocol-6.m execution, -O3 -fomit-frame-pointer
FAIL: objc/execute/formal_protocol-6.m execution, -O3 -g
FAIL: objc/execute/formal_protocol-6.m execution, -Os
=== objc Summary ===
# of expected passes 1036
# of unexpected failures 6
/mnt/egcs/build/gcc/xgcc version 3.1 20020313 (prerelease)
=== libstdc++-v3 tests ===
Running target unix
XPASS: 22_locale/collate_byname.cc execution test
XPASS: 22_locale/collate_members_char.cc execution test
XPASS: 22_locale/ctype_members_char.cc execution test
XPASS: 22_locale/members.cc execution test
XPASS: 22_locale/messages_byname.cc execution test
XPASS: 22_locale/messages_members_char.cc execution test
XPASS: 22_locale/money_get_members_char.cc execution test
XPASS: 22_locale/money_get_members_wchar_t.cc execution test
XPASS: 22_locale/money_put_members_char.cc execution test
XPASS: 22_locale/money_put_members_wchar_t.cc execution test
XPASS: 22_locale/moneypunct_byname.cc execution test
XPASS: 22_locale/moneypunct_members_char.cc execution test
XPASS: 22_locale/moneypunct_members_wchar_t.cc execution test
XPASS: 22_locale/num_get_members_char.cc execution test
XPASS: 22_locale/num_get_members_wchar_t.cc execution test
XPASS: 22_locale/num_put_members_char.cc execution test
XPASS: 22_locale/num_put_members_wchar_t.cc execution test
XPASS: 22_locale/numpunct_byname.cc execution test
XPASS: 22_locale/numpunct_members_char.cc execution test
XPASS: 22_locale/numpunct_members_wchar_t.cc execution test
XPASS: 22_locale/time_get_members_char.cc execution test
XPASS: 22_locale/time_get_members_wchar_t.cc execution test
XPASS: 22_locale/time_put_members_char.cc execution test
XPASS: 22_locale/time_put_members_wchar_t.cc execution test
FAIL: 26_numerics/c99_classification_macros_c.cc (test for excess errors)
=== libstdc++-v3 Summary ===
# of expected passes 360
# of unexpected failures 1
# of unexpected successes 24
# of expected failures 1
Compiler version: 3.1 20020313 (prerelease)
Platform: i686-pc-linux-gnu
configure flags: --host=i686-pc-linux-gnu --enable-shared --disable-nls --enable-threads --enable-languages=c,c++,f77,objc