This is the mail archive of the
gcc-testresults@gcc.gnu.org
mailing list for the GCC project.
Results for 3.1 20020311 (prerelease) testsuite on sparc-unknown-linux-gnu
- From: Christian Jönsson <c dot christian dot joensson at telia dot com>
- To: gcc-testresults at gcc dot gnu dot org
- Date: Wed, 13 Mar 2002 09:07:30 +0100
- Subject: Results for 3.1 20020311 (prerelease) testsuite on sparc-unknown-linux-gnu
This was on a Debian Woody (test release) sun4m system using
binutils (to bootstrap stage1) 2.11.92.0.12.3-6
dejagnu 1.4.2-1
dejagnu with this patch:
http://subversions.gnu.org/cgi-bin/cvsweb3/dejagnu/dejagnu/runtest.exp.diff?r1=1.7&r2=1.8
gcc 2.95.4-9 (Debian prerelease)
kernel-image-2.2.20-sun4dm-smp 9
libc6 2.2.5-3
In-tree joined gcc-3.1 with binutils-2.12.
LAST_UPDATED: Mon Mar 11 19:19:19 UTC 2002
Native configuration is sparc-unknown-linux-gnu
=== binutils tests ===
Running target unix/-fPIC
=== binutils Summary for unix/-fPIC ===
# of expected passes 31
# of expected failures 1
Running target unix/-fpic
=== binutils Summary for unix/-fpic ===
# of expected passes 31
# of expected failures 1
Running target unix
=== binutils Summary for unix ===
# of expected passes 31
# of expected failures 1
=== binutils Summary ===
# of expected passes 93
# of expected failures 3
=== gas tests ===
Running target unix/-fPIC
=== gas Summary for unix/-fPIC ===
# of expected passes 91
Running target unix/-fpic
=== gas Summary for unix/-fpic ===
# of expected passes 91
Running target unix
=== gas Summary for unix ===
# of expected passes 91
=== gas Summary ===
# of expected passes 273
=== g++ tests ===
Running target unix/-fPIC
FAIL: g++.dg/special/conpr-2.C execution test
FAIL: g++.dg/special/conpr-3.C execution test
FAIL: g++.dg/special/initp1.C execution test
FAIL: g++.law/profile1.C (test for excess errors)
FAIL: g++.law/profile1.C Execution test
FAIL: g++.robertl/eb83.C (test for excess errors)
FAIL: g++.robertl/eb83.C Execution test
=== g++ Summary for unix/-fPIC ===
# of expected passes 7059
# of unexpected failures 7
# of expected failures 92
# of untested testcases 22
Running target unix/-fpic
FAIL: g++.dg/special/conpr-2.C execution test
FAIL: g++.dg/special/conpr-3.C execution test
FAIL: g++.dg/special/initp1.C execution test
FAIL: g++.law/profile1.C (test for excess errors)
FAIL: g++.law/profile1.C Execution test
FAIL: g++.robertl/eb83.C (test for excess errors)
FAIL: g++.robertl/eb83.C Execution test
=== g++ Summary for unix/-fpic ===
# of expected passes 7059
# of unexpected failures 7
# of expected failures 92
# of untested testcases 22
Running target unix
FAIL: g++.dg/special/conpr-2.C execution test
FAIL: g++.dg/special/conpr-3.C execution test
FAIL: g++.dg/special/initp1.C execution test
FAIL: g++.robertl/eb83.C Execution test
=== g++ Summary for unix ===
# of expected passes 7062
# of unexpected failures 4
# of expected failures 92
# of untested testcases 22
=== g++ Summary ===
# of expected passes 21180
# of unexpected failures 18
# of expected failures 276
# of untested testcases 66
/share2/gcc-rel/gcc/objdir/gcc/testsuite/../g++ version 3.1 20020311 (prerelease)
=== g77 tests ===
Running target unix/-fPIC
FAIL: g77.dg/bprob/bprob-1.f compilation, -g -fprofile-arcs
UNRESOLVED: g77.dg/bprob/bprob-1.f execution, -g -fprofile-arcs
UNRESOLVED: g77.dg/bprob/bprob-1.f compilation, -g -fbranch-probabilities
UNRESOLVED: g77.dg/bprob/bprob-1.f execution, -g -fbranch-probabilities
FAIL: g77.dg/bprob/bprob-1.f compilation, -O0 -fprofile-arcs
UNRESOLVED: g77.dg/bprob/bprob-1.f execution, -O0 -fprofile-arcs
UNRESOLVED: g77.dg/bprob/bprob-1.f compilation, -O0 -fbranch-probabilities
UNRESOLVED: g77.dg/bprob/bprob-1.f execution, -O0 -fbranch-probabilities
FAIL: g77.dg/bprob/bprob-1.f compilation, -O1 -fprofile-arcs
UNRESOLVED: g77.dg/bprob/bprob-1.f execution, -O1 -fprofile-arcs
UNRESOLVED: g77.dg/bprob/bprob-1.f compilation, -O1 -fbranch-probabilities
UNRESOLVED: g77.dg/bprob/bprob-1.f execution, -O1 -fbranch-probabilities
FAIL: g77.dg/bprob/bprob-1.f compilation, -O2 -fprofile-arcs
UNRESOLVED: g77.dg/bprob/bprob-1.f execution, -O2 -fprofile-arcs
UNRESOLVED: g77.dg/bprob/bprob-1.f compilation, -O2 -fbranch-probabilities
UNRESOLVED: g77.dg/bprob/bprob-1.f execution, -O2 -fbranch-probabilities
FAIL: g77.dg/bprob/bprob-1.f compilation, -O3 -fprofile-arcs
UNRESOLVED: g77.dg/bprob/bprob-1.f execution, -O3 -fprofile-arcs
UNRESOLVED: g77.dg/bprob/bprob-1.f compilation, -O3 -fbranch-probabilities
UNRESOLVED: g77.dg/bprob/bprob-1.f execution, -O3 -fbranch-probabilities
FAIL: g77.dg/bprob/bprob-1.f compilation, -O3 -g -fprofile-arcs
UNRESOLVED: g77.dg/bprob/bprob-1.f execution, -O3 -g -fprofile-arcs
UNRESOLVED: g77.dg/bprob/bprob-1.f compilation, -O3 -g -fbranch-probabilities
UNRESOLVED: g77.dg/bprob/bprob-1.f execution, -O3 -g -fbranch-probabilities
FAIL: g77.dg/bprob/bprob-1.f compilation, -Os -fprofile-arcs
UNRESOLVED: g77.dg/bprob/bprob-1.f execution, -Os -fprofile-arcs
UNRESOLVED: g77.dg/bprob/bprob-1.f compilation, -Os -fbranch-probabilities
UNRESOLVED: g77.dg/bprob/bprob-1.f execution, -Os -fbranch-probabilities
FAIL: g77.dg/gcov/gcov-1.f (test for excess errors)
FAIL: g77.dg/gcov/gcov-1.f execution test
FAIL: g77.dg/gcov/gcov-1.f gcov: 118 failures in line counts, 32 in branch percentages, 24 in return percentages
=== g77 Summary for unix/-fPIC ===
# of expected passes 1421
# of unexpected failures 10
# of unresolved testcases 21
# of unsupported tests 8
Running target unix/-fpic
FAIL: g77.dg/bprob/bprob-1.f compilation, -g -fprofile-arcs
UNRESOLVED: g77.dg/bprob/bprob-1.f execution, -g -fprofile-arcs
UNRESOLVED: g77.dg/bprob/bprob-1.f compilation, -g -fbranch-probabilities
UNRESOLVED: g77.dg/bprob/bprob-1.f execution, -g -fbranch-probabilities
FAIL: g77.dg/bprob/bprob-1.f compilation, -O0 -fprofile-arcs
UNRESOLVED: g77.dg/bprob/bprob-1.f execution, -O0 -fprofile-arcs
UNRESOLVED: g77.dg/bprob/bprob-1.f compilation, -O0 -fbranch-probabilities
UNRESOLVED: g77.dg/bprob/bprob-1.f execution, -O0 -fbranch-probabilities
FAIL: g77.dg/bprob/bprob-1.f compilation, -O1 -fprofile-arcs
UNRESOLVED: g77.dg/bprob/bprob-1.f execution, -O1 -fprofile-arcs
UNRESOLVED: g77.dg/bprob/bprob-1.f compilation, -O1 -fbranch-probabilities
UNRESOLVED: g77.dg/bprob/bprob-1.f execution, -O1 -fbranch-probabilities
FAIL: g77.dg/bprob/bprob-1.f compilation, -O2 -fprofile-arcs
UNRESOLVED: g77.dg/bprob/bprob-1.f execution, -O2 -fprofile-arcs
UNRESOLVED: g77.dg/bprob/bprob-1.f compilation, -O2 -fbranch-probabilities
UNRESOLVED: g77.dg/bprob/bprob-1.f execution, -O2 -fbranch-probabilities
FAIL: g77.dg/bprob/bprob-1.f compilation, -O3 -fprofile-arcs
UNRESOLVED: g77.dg/bprob/bprob-1.f execution, -O3 -fprofile-arcs
UNRESOLVED: g77.dg/bprob/bprob-1.f compilation, -O3 -fbranch-probabilities
UNRESOLVED: g77.dg/bprob/bprob-1.f execution, -O3 -fbranch-probabilities
FAIL: g77.dg/bprob/bprob-1.f compilation, -O3 -g -fprofile-arcs
UNRESOLVED: g77.dg/bprob/bprob-1.f execution, -O3 -g -fprofile-arcs
UNRESOLVED: g77.dg/bprob/bprob-1.f compilation, -O3 -g -fbranch-probabilities
UNRESOLVED: g77.dg/bprob/bprob-1.f execution, -O3 -g -fbranch-probabilities
FAIL: g77.dg/bprob/bprob-1.f compilation, -Os -fprofile-arcs
UNRESOLVED: g77.dg/bprob/bprob-1.f execution, -Os -fprofile-arcs
UNRESOLVED: g77.dg/bprob/bprob-1.f compilation, -Os -fbranch-probabilities
UNRESOLVED: g77.dg/bprob/bprob-1.f execution, -Os -fbranch-probabilities
FAIL: g77.dg/gcov/gcov-1.f (test for excess errors)
FAIL: g77.dg/gcov/gcov-1.f execution test
FAIL: g77.dg/gcov/gcov-1.f gcov: 118 failures in line counts, 32 in branch percentages, 24 in return percentages
=== g77 Summary for unix/-fpic ===
# of expected passes 1421
# of unexpected failures 10
# of unresolved testcases 21
# of unsupported tests 8
Running target unix
FAIL: g77.dg/bprob/bprob-1.f execution, -g -fprofile-arcs
UNRESOLVED: g77.dg/bprob/bprob-1.f compilation, -g -fbranch-probabilities
UNRESOLVED: g77.dg/bprob/bprob-1.f execution, -g -fbranch-probabilities
FAIL: g77.dg/bprob/bprob-1.f execution, -O0 -fprofile-arcs
UNRESOLVED: g77.dg/bprob/bprob-1.f compilation, -O0 -fbranch-probabilities
UNRESOLVED: g77.dg/bprob/bprob-1.f execution, -O0 -fbranch-probabilities
FAIL: g77.dg/bprob/bprob-1.f execution, -O1 -fprofile-arcs
UNRESOLVED: g77.dg/bprob/bprob-1.f compilation, -O1 -fbranch-probabilities
UNRESOLVED: g77.dg/bprob/bprob-1.f execution, -O1 -fbranch-probabilities
FAIL: g77.dg/bprob/bprob-1.f execution, -O2 -fprofile-arcs
UNRESOLVED: g77.dg/bprob/bprob-1.f compilation, -O2 -fbranch-probabilities
UNRESOLVED: g77.dg/bprob/bprob-1.f execution, -O2 -fbranch-probabilities
FAIL: g77.dg/bprob/bprob-1.f execution, -O3 -fprofile-arcs
UNRESOLVED: g77.dg/bprob/bprob-1.f compilation, -O3 -fbranch-probabilities
UNRESOLVED: g77.dg/bprob/bprob-1.f execution, -O3 -fbranch-probabilities
FAIL: g77.dg/bprob/bprob-1.f execution, -O3 -g -fprofile-arcs
UNRESOLVED: g77.dg/bprob/bprob-1.f compilation, -O3 -g -fbranch-probabilities
UNRESOLVED: g77.dg/bprob/bprob-1.f execution, -O3 -g -fbranch-probabilities
FAIL: g77.dg/bprob/bprob-1.f execution, -Os -fprofile-arcs
UNRESOLVED: g77.dg/bprob/bprob-1.f compilation, -Os -fbranch-probabilities
UNRESOLVED: g77.dg/bprob/bprob-1.f execution, -Os -fbranch-probabilities
FAIL: g77.dg/gcov/gcov-1.f execution test
FAIL: g77.dg/gcov/gcov-1.f gcov: 118 failures in line counts, 32 in branch percentages, 24 in return percentages
=== g77 Summary for unix ===
# of expected passes 1429
# of unexpected failures 9
# of unresolved testcases 14
# of unsupported tests 8
=== g77 Summary ===
# of expected passes 4271
# of unexpected failures 29
# of unresolved testcases 56
# of unsupported tests 24
/share2/gcc-rel/gcc/objdir/gcc/testsuite/../g77 version 3.1 20020311 (prerelease)
=== gcc tests ===
Running target unix/-fPIC
WARNING: program timed out.
FAIL: gcc.c-torture/compile/20001226-1.c, -O2
WARNING: program timed out.
FAIL: gcc.c-torture/compile/20001226-1.c, -O3 -fomit-frame-pointer
WARNING: program timed out.
FAIL: gcc.c-torture/compile/20001226-1.c, -O3 -g
WARNING: program timed out.
FAIL: gcc.c-torture/compile/20001226-1.c, -Os
FAIL: gcc.c-torture/execute/20020227-1.c execution, -O2
FAIL: gcc.c-torture/execute/20020227-1.c execution, -Os
FAIL: gcc.c-torture/execute/strct-pack-1.c execution, -O2
FAIL: gcc.c-torture/execute/strct-pack-1.c execution, -Os
FAIL: gcc.dg/20001013-1.c (test for excess errors)
WARNING: gcc.dg/20001013-1.c compilation failed to produce executable
FAIL: gcc.dg/20001101-1.c (test for excess errors)
WARNING: gcc.dg/20001101-1.c compilation failed to produce executable
FAIL: gcc.dg/20001102-1.c (test for excess errors)
WARNING: gcc.dg/20001102-1.c compilation failed to produce executable
FAIL: gcc.dg/20020201-1.c (test for excess errors)
FAIL: gcc.dg/20020201-1.c execution test
FAIL: gcc.dg/pack-test-1.c (test for excess errors)
FAIL: gcc.dg/pack-test-2.c (test for errors, line 7)
FAIL: gcc.dg/pack-test-2.c (test for errors, line 14)
FAIL: gcc.dg/pack-test-2.c (test for errors, line 19)
FAIL: gcc.dg/pack-test-2.c (test for excess errors)
FAIL: gcc.dg/noncompile/930622-1.c (test for excess errors)
FAIL: gcc.misc-tests/bprob-1.c compilation, -g -fprofile-arcs
UNRESOLVED: gcc.misc-tests/bprob-1.c execution, -g -fprofile-arcs
UNRESOLVED: gcc.misc-tests/bprob-1.c compilation, -g -fbranch-probabilities
UNRESOLVED: gcc.misc-tests/bprob-1.c execution, -g -fbranch-probabilities
FAIL: gcc.misc-tests/bprob-1.c compilation, -O0 -fprofile-arcs
UNRESOLVED: gcc.misc-tests/bprob-1.c execution, -O0 -fprofile-arcs
UNRESOLVED: gcc.misc-tests/bprob-1.c compilation, -O0 -fbranch-probabilities
UNRESOLVED: gcc.misc-tests/bprob-1.c execution, -O0 -fbranch-probabilities
FAIL: gcc.misc-tests/bprob-1.c compilation, -O1 -fprofile-arcs
UNRESOLVED: gcc.misc-tests/bprob-1.c execution, -O1 -fprofile-arcs
UNRESOLVED: gcc.misc-tests/bprob-1.c compilation, -O1 -fbranch-probabilities
UNRESOLVED: gcc.misc-tests/bprob-1.c execution, -O1 -fbranch-probabilities
FAIL: gcc.misc-tests/bprob-1.c compilation, -O2 -DPERFTIME -fprofile-arcs
UNRESOLVED: gcc.misc-tests/bprob-1.c execution, -O2 -DPERFTIME -fprofile-arcs
UNRESOLVED: gcc.misc-tests/bprob-1.c compilation, -O2 -DPERFTIME -fbranch-probabilities
UNRESOLVED: gcc.misc-tests/bprob-1.c execution, -O2 -DPERFTIME -fbranch-probabilities
FAIL: gcc.misc-tests/bprob-1.c compilation, -O3 -DPERFTIME -fprofile-arcs
UNRESOLVED: gcc.misc-tests/bprob-1.c execution, -O3 -DPERFTIME -fprofile-arcs
UNRESOLVED: gcc.misc-tests/bprob-1.c compilation, -O3 -DPERFTIME -fbranch-probabilities
UNRESOLVED: gcc.misc-tests/bprob-1.c execution, -O3 -DPERFTIME -fbranch-probabilities
FAIL: gcc.misc-tests/bprob-1.c compilation, -O3 -g -DPERFTIME -fprofile-arcs
UNRESOLVED: gcc.misc-tests/bprob-1.c execution, -O3 -g -DPERFTIME -fprofile-arcs
UNRESOLVED: gcc.misc-tests/bprob-1.c compilation, -O3 -g -DPERFTIME -fbranch-probabilities
UNRESOLVED: gcc.misc-tests/bprob-1.c execution, -O3 -g -DPERFTIME -fbranch-probabilities
FAIL: gcc.misc-tests/bprob-1.c compilation, -Os -fprofile-arcs
UNRESOLVED: gcc.misc-tests/bprob-1.c execution, -Os -fprofile-arcs
UNRESOLVED: gcc.misc-tests/bprob-1.c compilation, -Os -fbranch-probabilities
UNRESOLVED: gcc.misc-tests/bprob-1.c execution, -Os -fbranch-probabilities
FAIL: gcc.misc-tests/bprob-2.c compilation, -g -fprofile-arcs
UNRESOLVED: gcc.misc-tests/bprob-2.c execution, -g -fprofile-arcs
UNRESOLVED: gcc.misc-tests/bprob-2.c compilation, -g -fbranch-probabilities
UNRESOLVED: gcc.misc-tests/bprob-2.c execution, -g -fbranch-probabilities
FAIL: gcc.misc-tests/bprob-2.c compilation, -O0 -fprofile-arcs
UNRESOLVED: gcc.misc-tests/bprob-2.c execution, -O0 -fprofile-arcs
UNRESOLVED: gcc.misc-tests/bprob-2.c compilation, -O0 -fbranch-probabilities
UNRESOLVED: gcc.misc-tests/bprob-2.c execution, -O0 -fbranch-probabilities
FAIL: gcc.misc-tests/bprob-2.c compilation, -O1 -fprofile-arcs
UNRESOLVED: gcc.misc-tests/bprob-2.c execution, -O1 -fprofile-arcs
UNRESOLVED: gcc.misc-tests/bprob-2.c compilation, -O1 -fbranch-probabilities
UNRESOLVED: gcc.misc-tests/bprob-2.c execution, -O1 -fbranch-probabilities
FAIL: gcc.misc-tests/bprob-2.c compilation, -O2 -DPERFTIME -fprofile-arcs
UNRESOLVED: gcc.misc-tests/bprob-2.c execution, -O2 -DPERFTIME -fprofile-arcs
UNRESOLVED: gcc.misc-tests/bprob-2.c compilation, -O2 -DPERFTIME -fbranch-probabilities
UNRESOLVED: gcc.misc-tests/bprob-2.c execution, -O2 -DPERFTIME -fbranch-probabilities
FAIL: gcc.misc-tests/bprob-2.c compilation, -O3 -DPERFTIME -fprofile-arcs
UNRESOLVED: gcc.misc-tests/bprob-2.c execution, -O3 -DPERFTIME -fprofile-arcs
UNRESOLVED: gcc.misc-tests/bprob-2.c compilation, -O3 -DPERFTIME -fbranch-probabilities
UNRESOLVED: gcc.misc-tests/bprob-2.c execution, -O3 -DPERFTIME -fbranch-probabilities
FAIL: gcc.misc-tests/bprob-2.c compilation, -O3 -g -DPERFTIME -fprofile-arcs
UNRESOLVED: gcc.misc-tests/bprob-2.c execution, -O3 -g -DPERFTIME -fprofile-arcs
UNRESOLVED: gcc.misc-tests/bprob-2.c compilation, -O3 -g -DPERFTIME -fbranch-probabilities
UNRESOLVED: gcc.misc-tests/bprob-2.c execution, -O3 -g -DPERFTIME -fbranch-probabilities
FAIL: gcc.misc-tests/bprob-2.c compilation, -Os -fprofile-arcs
UNRESOLVED: gcc.misc-tests/bprob-2.c execution, -Os -fprofile-arcs
UNRESOLVED: gcc.misc-tests/bprob-2.c compilation, -Os -fbranch-probabilities
UNRESOLVED: gcc.misc-tests/bprob-2.c execution, -Os -fbranch-probabilities
FAIL: gcc.misc-tests/gcov-1.c (test for excess errors)
FAIL: gcc.misc-tests/gcov-1.c execution test
FAIL: gcc.misc-tests/gcov-1.c gcov: 3 failures in line counts
FAIL: gcc.misc-tests/gcov-2.c (test for excess errors)
FAIL: gcc.misc-tests/gcov-2.c execution test
FAIL: gcc.misc-tests/gcov-2.c gcov: 3 failures in line counts
FAIL: gcc.misc-tests/gcov-3.c (test for excess errors)
FAIL: gcc.misc-tests/gcov-3.c execution test
FAIL: gcc.misc-tests/gcov-3.c gcov: 2 failures in line counts
FAIL: gcc.misc-tests/gcov-4.c (test for excess errors)
FAIL: gcc.misc-tests/gcov-4.c execution test
FAIL: gcc.misc-tests/gcov-4.c gcov: 50 failures in line counts
FAIL: gcc.misc-tests/gcov-4b.c (test for excess errors)
FAIL: gcc.misc-tests/gcov-4b.c execution test
FAIL: gcc.misc-tests/gcov-4b.c gcov: 24 failures in branch percentages
FAIL: gcc.misc-tests/gcov-5b.c (test for excess errors)
FAIL: gcc.misc-tests/gcov-5b.c execution test
FAIL: gcc.misc-tests/gcov-6.c (test for excess errors)
FAIL: gcc.misc-tests/gcov-6.c execution test
FAIL: gcc.misc-tests/gcov-6.c gcov: 3 failures in line counts, 1 in branch percentages, 3 in return percentages
FAIL: gcc.misc-tests/gcov-7.c (test for excess errors)
FAIL: gcc.misc-tests/gcov-7.c execution test
FAIL: gcc.misc-tests/gcov-7.c gcov: 9 failures in line counts, 3 in branch percentages, 4 in return percentages
=== gcc Summary for unix/-fPIC ===
# of expected passes 17775
# of unexpected failures 56
# of expected failures 62
# of unresolved testcases 42
# of unsupported tests 94
Running target unix/-fpic
WARNING: program timed out.
FAIL: gcc.c-torture/compile/20001226-1.c, -O2
WARNING: program timed out.
FAIL: gcc.c-torture/compile/20001226-1.c, -O3 -fomit-frame-pointer
WARNING: program timed out.
FAIL: gcc.c-torture/compile/20001226-1.c, -O3 -g
WARNING: program timed out.
FAIL: gcc.c-torture/compile/20001226-1.c, -Os
FAIL: gcc.c-torture/execute/20020227-1.c execution, -O2
FAIL: gcc.c-torture/execute/20020227-1.c execution, -Os
FAIL: gcc.c-torture/execute/strct-pack-1.c execution, -O2
FAIL: gcc.c-torture/execute/strct-pack-1.c execution, -Os
FAIL: gcc.dg/20001013-1.c (test for excess errors)
WARNING: gcc.dg/20001013-1.c compilation failed to produce executable
FAIL: gcc.dg/20001101-1.c (test for excess errors)
WARNING: gcc.dg/20001101-1.c compilation failed to produce executable
FAIL: gcc.dg/20001102-1.c (test for excess errors)
WARNING: gcc.dg/20001102-1.c compilation failed to produce executable
FAIL: gcc.dg/20020201-1.c (test for excess errors)
FAIL: gcc.dg/20020201-1.c execution test
FAIL: gcc.dg/pack-test-1.c (test for excess errors)
FAIL: gcc.dg/pack-test-2.c (test for errors, line 7)
FAIL: gcc.dg/pack-test-2.c (test for errors, line 14)
FAIL: gcc.dg/pack-test-2.c (test for errors, line 19)
FAIL: gcc.dg/pack-test-2.c (test for excess errors)
FAIL: gcc.dg/noncompile/930622-1.c (test for excess errors)
FAIL: gcc.misc-tests/bprob-1.c compilation, -g -fprofile-arcs
UNRESOLVED: gcc.misc-tests/bprob-1.c execution, -g -fprofile-arcs
UNRESOLVED: gcc.misc-tests/bprob-1.c compilation, -g -fbranch-probabilities
UNRESOLVED: gcc.misc-tests/bprob-1.c execution, -g -fbranch-probabilities
FAIL: gcc.misc-tests/bprob-1.c compilation, -O0 -fprofile-arcs
UNRESOLVED: gcc.misc-tests/bprob-1.c execution, -O0 -fprofile-arcs
UNRESOLVED: gcc.misc-tests/bprob-1.c compilation, -O0 -fbranch-probabilities
UNRESOLVED: gcc.misc-tests/bprob-1.c execution, -O0 -fbranch-probabilities
FAIL: gcc.misc-tests/bprob-1.c compilation, -O1 -fprofile-arcs
UNRESOLVED: gcc.misc-tests/bprob-1.c execution, -O1 -fprofile-arcs
UNRESOLVED: gcc.misc-tests/bprob-1.c compilation, -O1 -fbranch-probabilities
UNRESOLVED: gcc.misc-tests/bprob-1.c execution, -O1 -fbranch-probabilities
FAIL: gcc.misc-tests/bprob-1.c compilation, -O2 -DPERFTIME -fprofile-arcs
UNRESOLVED: gcc.misc-tests/bprob-1.c execution, -O2 -DPERFTIME -fprofile-arcs
UNRESOLVED: gcc.misc-tests/bprob-1.c compilation, -O2 -DPERFTIME -fbranch-probabilities
UNRESOLVED: gcc.misc-tests/bprob-1.c execution, -O2 -DPERFTIME -fbranch-probabilities
FAIL: gcc.misc-tests/bprob-1.c compilation, -O3 -DPERFTIME -fprofile-arcs
UNRESOLVED: gcc.misc-tests/bprob-1.c execution, -O3 -DPERFTIME -fprofile-arcs
UNRESOLVED: gcc.misc-tests/bprob-1.c compilation, -O3 -DPERFTIME -fbranch-probabilities
UNRESOLVED: gcc.misc-tests/bprob-1.c execution, -O3 -DPERFTIME -fbranch-probabilities
FAIL: gcc.misc-tests/bprob-1.c compilation, -O3 -g -DPERFTIME -fprofile-arcs
UNRESOLVED: gcc.misc-tests/bprob-1.c execution, -O3 -g -DPERFTIME -fprofile-arcs
UNRESOLVED: gcc.misc-tests/bprob-1.c compilation, -O3 -g -DPERFTIME -fbranch-probabilities
UNRESOLVED: gcc.misc-tests/bprob-1.c execution, -O3 -g -DPERFTIME -fbranch-probabilities
FAIL: gcc.misc-tests/bprob-1.c compilation, -Os -fprofile-arcs
UNRESOLVED: gcc.misc-tests/bprob-1.c execution, -Os -fprofile-arcs
UNRESOLVED: gcc.misc-tests/bprob-1.c compilation, -Os -fbranch-probabilities
UNRESOLVED: gcc.misc-tests/bprob-1.c execution, -Os -fbranch-probabilities
FAIL: gcc.misc-tests/bprob-2.c compilation, -g -fprofile-arcs
UNRESOLVED: gcc.misc-tests/bprob-2.c execution, -g -fprofile-arcs
UNRESOLVED: gcc.misc-tests/bprob-2.c compilation, -g -fbranch-probabilities
UNRESOLVED: gcc.misc-tests/bprob-2.c execution, -g -fbranch-probabilities
FAIL: gcc.misc-tests/bprob-2.c compilation, -O0 -fprofile-arcs
UNRESOLVED: gcc.misc-tests/bprob-2.c execution, -O0 -fprofile-arcs
UNRESOLVED: gcc.misc-tests/bprob-2.c compilation, -O0 -fbranch-probabilities
UNRESOLVED: gcc.misc-tests/bprob-2.c execution, -O0 -fbranch-probabilities
FAIL: gcc.misc-tests/bprob-2.c compilation, -O1 -fprofile-arcs
UNRESOLVED: gcc.misc-tests/bprob-2.c execution, -O1 -fprofile-arcs
UNRESOLVED: gcc.misc-tests/bprob-2.c compilation, -O1 -fbranch-probabilities
UNRESOLVED: gcc.misc-tests/bprob-2.c execution, -O1 -fbranch-probabilities
FAIL: gcc.misc-tests/bprob-2.c compilation, -O2 -DPERFTIME -fprofile-arcs
UNRESOLVED: gcc.misc-tests/bprob-2.c execution, -O2 -DPERFTIME -fprofile-arcs
UNRESOLVED: gcc.misc-tests/bprob-2.c compilation, -O2 -DPERFTIME -fbranch-probabilities
UNRESOLVED: gcc.misc-tests/bprob-2.c execution, -O2 -DPERFTIME -fbranch-probabilities
FAIL: gcc.misc-tests/bprob-2.c compilation, -O3 -DPERFTIME -fprofile-arcs
UNRESOLVED: gcc.misc-tests/bprob-2.c execution, -O3 -DPERFTIME -fprofile-arcs
UNRESOLVED: gcc.misc-tests/bprob-2.c compilation, -O3 -DPERFTIME -fbranch-probabilities
UNRESOLVED: gcc.misc-tests/bprob-2.c execution, -O3 -DPERFTIME -fbranch-probabilities
FAIL: gcc.misc-tests/bprob-2.c compilation, -O3 -g -DPERFTIME -fprofile-arcs
UNRESOLVED: gcc.misc-tests/bprob-2.c execution, -O3 -g -DPERFTIME -fprofile-arcs
UNRESOLVED: gcc.misc-tests/bprob-2.c compilation, -O3 -g -DPERFTIME -fbranch-probabilities
UNRESOLVED: gcc.misc-tests/bprob-2.c execution, -O3 -g -DPERFTIME -fbranch-probabilities
FAIL: gcc.misc-tests/bprob-2.c compilation, -Os -fprofile-arcs
UNRESOLVED: gcc.misc-tests/bprob-2.c execution, -Os -fprofile-arcs
UNRESOLVED: gcc.misc-tests/bprob-2.c compilation, -Os -fbranch-probabilities
UNRESOLVED: gcc.misc-tests/bprob-2.c execution, -Os -fbranch-probabilities
FAIL: gcc.misc-tests/gcov-1.c (test for excess errors)
FAIL: gcc.misc-tests/gcov-1.c execution test
FAIL: gcc.misc-tests/gcov-1.c gcov: 3 failures in line counts
FAIL: gcc.misc-tests/gcov-2.c (test for excess errors)
FAIL: gcc.misc-tests/gcov-2.c execution test
FAIL: gcc.misc-tests/gcov-2.c gcov: 3 failures in line counts
FAIL: gcc.misc-tests/gcov-3.c (test for excess errors)
FAIL: gcc.misc-tests/gcov-3.c execution test
FAIL: gcc.misc-tests/gcov-3.c gcov: 2 failures in line counts
FAIL: gcc.misc-tests/gcov-4.c (test for excess errors)
FAIL: gcc.misc-tests/gcov-4.c execution test
FAIL: gcc.misc-tests/gcov-4.c gcov: 50 failures in line counts
FAIL: gcc.misc-tests/gcov-4b.c (test for excess errors)
FAIL: gcc.misc-tests/gcov-4b.c execution test
FAIL: gcc.misc-tests/gcov-4b.c gcov: 24 failures in branch percentages
FAIL: gcc.misc-tests/gcov-5b.c (test for excess errors)
FAIL: gcc.misc-tests/gcov-5b.c execution test
FAIL: gcc.misc-tests/gcov-6.c (test for excess errors)
FAIL: gcc.misc-tests/gcov-6.c execution test
FAIL: gcc.misc-tests/gcov-6.c gcov: 3 failures in line counts, 1 in branch percentages, 3 in return percentages
FAIL: gcc.misc-tests/gcov-7.c (test for excess errors)
FAIL: gcc.misc-tests/gcov-7.c execution test
FAIL: gcc.misc-tests/gcov-7.c gcov: 9 failures in line counts, 3 in branch percentages, 4 in return percentages
=== gcc Summary for unix/-fpic ===
# of expected passes 17775
# of unexpected failures 56
# of expected failures 62
# of unresolved testcases 42
# of unsupported tests 94
Running target unix
WARNING: program timed out.
FAIL: gcc.c-torture/compile/20001226-1.c, -O2
WARNING: program timed out.
FAIL: gcc.c-torture/compile/20001226-1.c, -O3 -fomit-frame-pointer
WARNING: program timed out.
FAIL: gcc.c-torture/compile/20001226-1.c, -O3 -g
WARNING: program timed out.
FAIL: gcc.c-torture/compile/20001226-1.c, -Os
FAIL: gcc.c-torture/execute/20020227-1.c execution, -O2
FAIL: gcc.c-torture/execute/20020227-1.c execution, -Os
FAIL: gcc.c-torture/execute/strct-pack-1.c execution, -O2
FAIL: gcc.c-torture/execute/strct-pack-1.c execution, -Os
FAIL: gcc.dg/20001013-1.c (test for excess errors)
WARNING: gcc.dg/20001013-1.c compilation failed to produce executable
FAIL: gcc.dg/20001101-1.c (test for excess errors)
WARNING: gcc.dg/20001101-1.c compilation failed to produce executable
FAIL: gcc.dg/20001102-1.c (test for excess errors)
WARNING: gcc.dg/20001102-1.c compilation failed to produce executable
FAIL: gcc.dg/20020201-1.c execution test
FAIL: gcc.dg/pack-test-1.c (test for excess errors)
FAIL: gcc.dg/pack-test-2.c (test for errors, line 7)
FAIL: gcc.dg/pack-test-2.c (test for errors, line 14)
FAIL: gcc.dg/pack-test-2.c (test for errors, line 19)
FAIL: gcc.dg/pack-test-2.c (test for excess errors)
FAIL: gcc.dg/noncompile/930622-1.c (test for excess errors)
FAIL: gcc.misc-tests/bprob-1.c execution, -g -fprofile-arcs
UNRESOLVED: gcc.misc-tests/bprob-1.c compilation, -g -fbranch-probabilities
UNRESOLVED: gcc.misc-tests/bprob-1.c execution, -g -fbranch-probabilities
FAIL: gcc.misc-tests/bprob-1.c execution, -O0 -fprofile-arcs
UNRESOLVED: gcc.misc-tests/bprob-1.c compilation, -O0 -fbranch-probabilities
UNRESOLVED: gcc.misc-tests/bprob-1.c execution, -O0 -fbranch-probabilities
FAIL: gcc.misc-tests/bprob-1.c execution, -O1 -fprofile-arcs
UNRESOLVED: gcc.misc-tests/bprob-1.c compilation, -O1 -fbranch-probabilities
UNRESOLVED: gcc.misc-tests/bprob-1.c execution, -O1 -fbranch-probabilities
FAIL: gcc.misc-tests/bprob-1.c execution, -O2 -DPERFTIME -fprofile-arcs
UNRESOLVED: gcc.misc-tests/bprob-1.c compilation, -O2 -DPERFTIME -fbranch-probabilities
UNRESOLVED: gcc.misc-tests/bprob-1.c execution, -O2 -DPERFTIME -fbranch-probabilities
FAIL: gcc.misc-tests/bprob-1.c execution, -O3 -DPERFTIME -fprofile-arcs
UNRESOLVED: gcc.misc-tests/bprob-1.c compilation, -O3 -DPERFTIME -fbranch-probabilities
UNRESOLVED: gcc.misc-tests/bprob-1.c execution, -O3 -DPERFTIME -fbranch-probabilities
FAIL: gcc.misc-tests/bprob-1.c execution, -O3 -g -DPERFTIME -fprofile-arcs
UNRESOLVED: gcc.misc-tests/bprob-1.c compilation, -O3 -g -DPERFTIME -fbranch-probabilities
UNRESOLVED: gcc.misc-tests/bprob-1.c execution, -O3 -g -DPERFTIME -fbranch-probabilities
FAIL: gcc.misc-tests/bprob-1.c execution, -Os -fprofile-arcs
UNRESOLVED: gcc.misc-tests/bprob-1.c compilation, -Os -fbranch-probabilities
UNRESOLVED: gcc.misc-tests/bprob-1.c execution, -Os -fbranch-probabilities
FAIL: gcc.misc-tests/bprob-2.c execution, -g -fprofile-arcs
UNRESOLVED: gcc.misc-tests/bprob-2.c compilation, -g -fbranch-probabilities
UNRESOLVED: gcc.misc-tests/bprob-2.c execution, -g -fbranch-probabilities
FAIL: gcc.misc-tests/bprob-2.c execution, -O0 -fprofile-arcs
UNRESOLVED: gcc.misc-tests/bprob-2.c compilation, -O0 -fbranch-probabilities
UNRESOLVED: gcc.misc-tests/bprob-2.c execution, -O0 -fbranch-probabilities
FAIL: gcc.misc-tests/bprob-2.c execution, -O1 -fprofile-arcs
UNRESOLVED: gcc.misc-tests/bprob-2.c compilation, -O1 -fbranch-probabilities
UNRESOLVED: gcc.misc-tests/bprob-2.c execution, -O1 -fbranch-probabilities
FAIL: gcc.misc-tests/bprob-2.c execution, -O2 -DPERFTIME -fprofile-arcs
UNRESOLVED: gcc.misc-tests/bprob-2.c compilation, -O2 -DPERFTIME -fbranch-probabilities
UNRESOLVED: gcc.misc-tests/bprob-2.c execution, -O2 -DPERFTIME -fbranch-probabilities
FAIL: gcc.misc-tests/bprob-2.c execution, -O3 -DPERFTIME -fprofile-arcs
UNRESOLVED: gcc.misc-tests/bprob-2.c compilation, -O3 -DPERFTIME -fbranch-probabilities
UNRESOLVED: gcc.misc-tests/bprob-2.c execution, -O3 -DPERFTIME -fbranch-probabilities
FAIL: gcc.misc-tests/bprob-2.c execution, -O3 -g -DPERFTIME -fprofile-arcs
UNRESOLVED: gcc.misc-tests/bprob-2.c compilation, -O3 -g -DPERFTIME -fbranch-probabilities
UNRESOLVED: gcc.misc-tests/bprob-2.c execution, -O3 -g -DPERFTIME -fbranch-probabilities
FAIL: gcc.misc-tests/bprob-2.c execution, -Os -fprofile-arcs
UNRESOLVED: gcc.misc-tests/bprob-2.c compilation, -Os -fbranch-probabilities
UNRESOLVED: gcc.misc-tests/bprob-2.c execution, -Os -fbranch-probabilities
FAIL: gcc.misc-tests/gcov-1.c execution test
FAIL: gcc.misc-tests/gcov-1.c gcov: 3 failures in line counts
FAIL: gcc.misc-tests/gcov-2.c execution test
FAIL: gcc.misc-tests/gcov-2.c gcov: 3 failures in line counts
FAIL: gcc.misc-tests/gcov-3.c execution test
FAIL: gcc.misc-tests/gcov-3.c gcov: 2 failures in line counts
FAIL: gcc.misc-tests/gcov-4.c execution test
FAIL: gcc.misc-tests/gcov-4.c gcov: 50 failures in line counts
FAIL: gcc.misc-tests/gcov-4b.c execution test
FAIL: gcc.misc-tests/gcov-4b.c gcov: 24 failures in branch percentages
FAIL: gcc.misc-tests/gcov-5b.c execution test
FAIL: gcc.misc-tests/gcov-6.c execution test
FAIL: gcc.misc-tests/gcov-6.c gcov: 3 failures in line counts, 1 in branch percentages, 3 in return percentages
FAIL: gcc.misc-tests/gcov-7.c execution test
FAIL: gcc.misc-tests/gcov-7.c gcov: 9 failures in line counts, 3 in branch percentages, 4 in return percentages
=== gcc Summary for unix ===
# of expected passes 17798
# of unexpected failures 47
# of expected failures 62
# of unresolved testcases 28
# of unsupported tests 94
=== gcc Summary ===
# of expected passes 53348
# of unexpected failures 159
# of expected failures 186
# of unresolved testcases 112
# of unsupported tests 282
/share2/gcc-rel/gcc/objdir/gcc/xgcc version 3.1 20020311 (prerelease)
=== objc tests ===
Running target unix/-fPIC
FAIL: objc/execute/formal_protocol-6.m execution, -O0
FAIL: objc/execute/formal_protocol-6.m execution, -O1
FAIL: objc/execute/formal_protocol-6.m execution, -O2
FAIL: objc/execute/formal_protocol-6.m execution, -O3 -fomit-frame-pointer
FAIL: objc/execute/formal_protocol-6.m execution, -O3 -g
FAIL: objc/execute/formal_protocol-6.m execution, -Os
=== objc Summary for unix/-fPIC ===
# of expected passes 1036
# of unexpected failures 6
Running target unix/-fpic
FAIL: objc/execute/formal_protocol-6.m execution, -O0
FAIL: objc/execute/formal_protocol-6.m execution, -O1
FAIL: objc/execute/formal_protocol-6.m execution, -O2
FAIL: objc/execute/formal_protocol-6.m execution, -O3 -fomit-frame-pointer
FAIL: objc/execute/formal_protocol-6.m execution, -O3 -g
FAIL: objc/execute/formal_protocol-6.m execution, -Os
=== objc Summary for unix/-fpic ===
# of expected passes 1036
# of unexpected failures 6
Running target unix
FAIL: objc/execute/formal_protocol-6.m execution, -O0
FAIL: objc/execute/formal_protocol-6.m execution, -O1
FAIL: objc/execute/formal_protocol-6.m execution, -O2
FAIL: objc/execute/formal_protocol-6.m execution, -O3 -fomit-frame-pointer
FAIL: objc/execute/formal_protocol-6.m execution, -O3 -g
FAIL: objc/execute/formal_protocol-6.m execution, -Os
=== objc Summary for unix ===
# of expected passes 1036
# of unexpected failures 6
=== objc Summary ===
# of expected passes 3108
# of unexpected failures 18
/share2/gcc-rel/gcc/objdir/gcc/xgcc version 3.1 20020311 (prerelease)
=== ld tests ===
Running target unix/-fPIC
FAIL: S-records
FAIL: S-records with constructors
=== ld Summary for unix/-fPIC ===
# of expected passes 127
# of unexpected failures 2
# of expected failures 13
Running target unix/-fpic
FAIL: vers3
FAIL: vers4
FAIL: vers4a
FAIL: vers6
FAIL: vers15
FAIL: vers19
FAIL: S-records
FAIL: S-records with constructors
=== ld Summary for unix/-fpic ===
# of expected passes 121
# of unexpected failures 8
# of expected failures 13
Running target unix
FAIL: visibility (hidden_weak) (non PIC)
FAIL: visibility (hidden_weak) (non PIC, load offset)
FAIL: visibility (hidden_weak) (PIC main, non PIC so)
FAIL: visibility (protected_weak) (non PIC)
FAIL: visibility (protected_weak) (non PIC, load offset)
FAIL: visibility (protected_weak) (PIC main, non PIC so)
FAIL: S-records with constructors
=== ld Summary for unix ===
# of expected passes 122
# of unexpected failures 7
# of expected failures 13
=== ld Summary ===
# of expected passes 370
# of unexpected failures 17
# of expected failures 39
=== libjava tests ===
Running target unix/-fPIC
FAIL: calls header generation
FAIL: cxxtest header generation
FAIL: field header generation
FAIL: final_method header generation
FAIL: findclass header generation
FAIL: invoke header generation
FAIL: martin header generation
FAIL: noclass header generation
FAIL: overload header generation
FAIL: register header generation
FAIL: simple_int header generation
FAIL: throwit header generation
FAIL: virtual header generation
FAIL: ArrayStore execution from source compiled test
FAIL: ArrayStore execution from bytecode->native test
FAIL: ArrayStore -O execution from source compiled test
FAIL: ArrayStore -O execution from bytecode->native test
FAIL: ArrayStore2 execution from source compiled test
FAIL: ArrayStore2 execution from bytecode->native test
FAIL: ArrayStore2 -O execution from source compiled test
FAIL: ArrayStore2 -O execution from bytecode->native test
FAIL: Array_1 execution from source compiled test
FAIL: Array_1 execution from bytecode->native test
FAIL: Array_1 -O execution from source compiled test
FAIL: Array_1 -O execution from bytecode->native test
FAIL: Array_2 execution from source compiled test
FAIL: Array_2 execution from bytecode->native test
FAIL: Array_2 -O execution from source compiled test
FAIL: Array_2 -O execution from bytecode->native test
FAIL: Array_3 execution from source compiled test
FAIL: Array_3 execution from bytecode->native test
FAIL: Array_3 -O execution from source compiled test
FAIL: Array_3 -O execution from bytecode->native test
FAIL: Class_1 execution from source compiled test
FAIL: Class_1 execution from bytecode->native test
FAIL: Class_1 -O execution from source compiled test
FAIL: Class_1 -O execution from bytecode->native test
FAIL: Divide_1 execution from source compiled test
FAIL: Divide_1 execution from bytecode->native test
FAIL: Divide_1 -O execution from source compiled test
FAIL: Divide_1 -O execution from bytecode->native test
FAIL: FileHandleGcTest execution from source compiled test
FAIL: FileHandleGcTest execution from bytecode->native test
FAIL: FileHandleGcTest -O execution from source compiled test
FAIL: FileHandleGcTest -O execution from bytecode->native test
FAIL: Final execution from source compiled test
FAIL: Final execution from bytecode->native test
FAIL: Final -O execution from source compiled test
FAIL: Final -O execution from bytecode->native test
FAIL: Float_1 execution from source compiled test
FAIL: Float_1 execution from bytecode->native test
FAIL: Float_1 -O execution from source compiled test
FAIL: Float_1 -O execution from bytecode->native test
FAIL: G19990301_01 execution from source compiled test
FAIL: G19990301_01 execution from bytecode->native test
FAIL: G19990301_01 -O execution from source compiled test
FAIL: G19990301_01 -O execution from bytecode->native test
FAIL: G19990302_02 execution from source compiled test
FAIL: G19990302_02 execution from bytecode->native test
FAIL: G19990302_02 -O execution from source compiled test
FAIL: G19990302_02 -O execution from bytecode->native test
FAIL: G19990303_01 execution from source compiled test
FAIL: G19990303_01 execution from bytecode->native test
FAIL: G19990303_01 -O execution from source compiled test
FAIL: G19990303_01 -O execution from bytecode->native test
FAIL: G19990303_02 execution from source compiled test
FAIL: G19990303_02 execution from bytecode->native test
FAIL: G19990303_02 -O execution from source compiled test
FAIL: G19990303_02 -O execution from bytecode->native test
FAIL: G19990304_01 execution from source compiled test
FAIL: G19990304_01 execution from bytecode->native test
FAIL: G19990304_01 -O execution from source compiled test
FAIL: G19990304_01 -O execution from bytecode->native test
FAIL: G19990310_01 execution from source compiled test
FAIL: G19990310_01 execution from bytecode->native test
FAIL: G19990310_01 -O execution from source compiled test
FAIL: G19990310_01 -O execution from bytecode->native test
FAIL: II execution from source compiled test
FAIL: II execution from bytecode->native test
FAIL: II -O execution from source compiled test
FAIL: II -O execution from bytecode->native test
FAIL: InterfaceDispatch execution from source compiled test
FAIL: InterfaceDispatch execution from bytecode->native test
FAIL: InterfaceDispatch -O execution from source compiled test
FAIL: InterfaceDispatch -O execution from bytecode->native test
FAIL: InvokeReturn execution from source compiled test
FAIL: InvokeReturn execution from bytecode->native test
FAIL: InvokeReturn -O execution from source compiled test
FAIL: InvokeReturn -O execution from bytecode->native test
FAIL: Invoke_1 execution from source compiled test
FAIL: Invoke_1 execution from bytecode->native test
FAIL: Invoke_1 -O execution from source compiled test
FAIL: Invoke_1 -O execution from bytecode->native test
FAIL: Invoke_2 execution from source compiled test
FAIL: Invoke_2 execution from bytecode->native test
FAIL: Invoke_2 -O execution from source compiled test
FAIL: Invoke_2 -O execution from bytecode->native test
FAIL: KeepInline execution from source compiled test
FAIL: KeepInline execution from bytecode->native test
FAIL: KeepInline -O execution from source compiled test
FAIL: KeepInline -O execution from bytecode->native test
FAIL: Matrix4f execution from source compiled test
FAIL: Matrix4f execution from bytecode->native test
FAIL: Matrix4f -O execution from source compiled test
FAIL: Matrix4f -O execution from bytecode->native test
FAIL: N19990310_02 execution from source compiled test
FAIL: N19990310_02 execution from bytecode->native test
FAIL: N19990310_02 -O execution from source compiled test
FAIL: N19990310_02 -O execution from bytecode->native test
FAIL: N19990310_3 execution from source compiled test
FAIL: N19990310_3 execution from bytecode->native test
FAIL: N19990310_3 -O execution from source compiled test
FAIL: N19990310_3 -O execution from bytecode->native test
FAIL: N19990310_4 execution from source compiled test
FAIL: N19990310_4 execution from bytecode->native test
FAIL: N19990310_4 -O execution from source compiled test
FAIL: N19990310_4 -O execution from bytecode->native test
FAIL: N19990310_5 execution from source compiled test
FAIL: N19990310_5 execution from bytecode->native test
FAIL: N19990310_5 -O execution from source compiled test
FAIL: N19990310_5 -O execution from bytecode->native test
FAIL: PR141 execution from source compiled test
FAIL: PR141 execution from bytecode->native test
FAIL: PR141 -O execution from source compiled test
FAIL: PR141 -O execution from bytecode->native test
FAIL: PR160 execution from source compiled test
FAIL: PR160 execution from bytecode->native test
FAIL: PR160 -O execution from source compiled test
FAIL: PR160 -O execution from bytecode->native test
FAIL: PR162 execution from source compiled test
FAIL: PR162 execution from bytecode->native test
FAIL: PR162 -O execution from source compiled test
FAIL: PR162 -O execution from bytecode->native test
FAIL: PR218 execution from source compiled test
FAIL: PR218 execution from bytecode->native test
FAIL: PR218 -O execution from source compiled test
FAIL: PR218 -O execution from bytecode->native test
FAIL: PR242 execution from source compiled test
FAIL: PR242 execution from bytecode->native test
FAIL: PR242 -O execution from source compiled test
FAIL: PR242 -O execution from bytecode->native test
FAIL: PR260 execution from source compiled test
FAIL: PR260 execution from bytecode->native test
FAIL: PR260 -O execution from source compiled test
FAIL: PR260 -O execution from bytecode->native test
FAIL: PR3096 execution from source compiled test
FAIL: PR3096 execution from bytecode->native test
FAIL: PR3096 -O execution from source compiled test
FAIL: PR3096 -O execution from bytecode->native test
FAIL: PR3731 execution from source compiled test
FAIL: PR3731 execution from bytecode->native test
FAIL: PR3731 -O execution from source compiled test
FAIL: PR3731 -O execution from bytecode->native test
FAIL: PR5057 execution from source compiled test
FAIL: PR5057 execution from bytecode->native test
FAIL: PR5057 -O execution from source compiled test
FAIL: PR5057 -O execution from bytecode->native test
FAIL: PR5057_2 execution from source compiled test
FAIL: PR5057_2 execution from bytecode->native test
FAIL: PR5057_2 -O execution from source compiled test
FAIL: PR5057_2 -O execution from bytecode->native test
FAIL: PR55 execution from source compiled test
FAIL: PR55 execution from bytecode->native test
FAIL: PR55 -O execution from source compiled test
FAIL: PR55 -O execution from bytecode->native test
FAIL: PR56 execution from source compiled test
FAIL: PR56 execution from bytecode->native test
FAIL: PR56 -O execution from source compiled test
FAIL: PR56 -O execution from bytecode->native test
FAIL: Primes execution from source compiled test
FAIL: Primes execution from bytecode->native test
FAIL: Primes -O execution from source compiled test
FAIL: Primes -O execution from bytecode->native test
FAIL: Shazam execution from source compiled test
FAIL: Shazam execution from bytecode->native test
FAIL: Shazam -O execution from source compiled test
FAIL: Shazam -O execution from bytecode->native test
FAIL: StringBuffer_1 execution from source compiled test
FAIL: StringBuffer_1 execution from bytecode->native test
FAIL: StringBuffer_1 -O execution from source compiled test
FAIL: StringBuffer_1 -O execution from bytecode->native test
FAIL: SyncTest execution from source compiled test
FAIL: SyncTest execution from bytecode->native test
FAIL: SyncTest -O execution from source compiled test
FAIL: SyncTest -O execution from bytecode->native test
FAIL: Synch execution from source compiled test
FAIL: Synch execution from bytecode->native test
FAIL: Synch -O execution from source compiled test
FAIL: Synch -O execution from bytecode->native test
FAIL: TLtest execution from source compiled test
FAIL: TLtest execution from bytecode->native test
FAIL: TLtest -O execution from source compiled test
FAIL: TLtest -O execution from bytecode->native test
FAIL: Thread_Alive execution from source compiled test
FAIL: Thread_Alive execution from bytecode->native test
FAIL: Thread_Alive -O execution from source compiled test
FAIL: Thread_Alive -O execution from bytecode->native test
FAIL: Thread_Interrupt execution from source compiled test
FAIL: Thread_Interrupt execution from bytecode->native test
FAIL: Thread_Interrupt -O execution from source compiled test
FAIL: Thread_Interrupt -O execution from bytecode->native test
FAIL: Thread_Join execution from source compiled test
FAIL: Thread_Join execution from bytecode->native test
FAIL: Thread_Join -O execution from source compiled test
FAIL: Thread_Join -O execution from bytecode->native test
FAIL: Thread_Monitor execution from source compiled test
FAIL: Thread_Monitor execution from bytecode->native test
FAIL: Thread_Monitor -O execution from source compiled test
FAIL: Thread_Monitor -O execution from bytecode->native test
FAIL: Thread_Sleep execution from source compiled test
FAIL: Thread_Sleep execution from bytecode->native test
FAIL: Thread_Sleep -O execution from source compiled test
FAIL: Thread_Sleep -O execution from bytecode->native test
FAIL: Thread_Wait execution from source compiled test
FAIL: Thread_Wait execution from bytecode->native test
FAIL: Thread_Wait -O execution from source compiled test
FAIL: Thread_Wait -O execution from bytecode->native test
FAIL: Thread_Wait_2 execution from source compiled test
FAIL: Thread_Wait_2 execution from bytecode->native test
FAIL: Thread_Wait_2 -O execution from source compiled test
FAIL: Thread_Wait_2 -O execution from bytecode->native test
FAIL: Thread_Wait_Interrupt execution from source compiled test
FAIL: Thread_Wait_Interrupt execution from bytecode->native test
FAIL: Thread_Wait_Interrupt -O execution from source compiled test
FAIL: Thread_Wait_Interrupt -O execution from bytecode->native test
FAIL: Throw_1 execution from source compiled test
FAIL: Throw_1 execution from bytecode->native test
FAIL: Throw_1 -O execution from source compiled test
FAIL: Throw_1 -O execution from bytecode->native test
FAIL: anfi execution from source compiled test
FAIL: anfi execution from bytecode->native test
FAIL: anfi -O execution from source compiled test
FAIL: anfi -O execution from bytecode->native test
FAIL: anon execution from source compiled test
FAIL: anon execution from bytecode->native test
FAIL: anon -O execution from source compiled test
FAIL: anon -O execution from bytecode->native test
FAIL: anon2 execution from source compiled test
FAIL: anon2 execution from bytecode->native test
FAIL: anon2 -O execution from source compiled test
FAIL: anon2 -O execution from bytecode->native test
FAIL: anon3 execution from source compiled test
FAIL: anon3 execution from bytecode->native test
FAIL: anon3 -O execution from source compiled test
FAIL: anon3 -O execution from bytecode->native test
FAIL: anon4 execution from source compiled test
FAIL: anon4 execution from bytecode->native test
FAIL: anon4 -O execution from source compiled test
FAIL: anon4 -O execution from bytecode->native test
FAIL: anon_ctor_itf_arg execution from source compiled test
FAIL: anon_ctor_itf_arg execution from bytecode->native test
FAIL: anon_ctor_itf_arg -O execution from source compiled test
FAIL: anon_ctor_itf_arg -O execution from bytecode->native test
FAIL: anonarray execution from source compiled test
FAIL: anonarray execution from bytecode->native test
FAIL: anonarray -O execution from source compiled test
FAIL: anonarray -O execution from bytecode->native test
FAIL: anonarray2 execution from source compiled test
FAIL: anonarray2 execution from bytecode->native test
FAIL: anonarray2 -O execution from source compiled test
FAIL: anonarray2 -O execution from bytecode->native test
FAIL: anonarray3 execution from source compiled test
FAIL: anonarray3 execution from bytecode->native test
FAIL: anonarray3 -O execution from source compiled test
FAIL: anonarray3 -O execution from bytecode->native test
FAIL: direct_read execution from source compiled test
FAIL: direct_read execution from bytecode->native test
FAIL: direct_read -O execution from source compiled test
FAIL: direct_read -O execution from bytecode->native test
FAIL: direct_write execution from source compiled test
FAIL: direct_write execution from bytecode->native test
FAIL: direct_write -O execution from source compiled test
FAIL: direct_write -O execution from bytecode->native test
FAIL: err1 execution from source compiled test
FAIL: err1 execution from bytecode->native test
FAIL: err1 -O execution from source compiled test
FAIL: err1 -O execution from bytecode->native test
FAIL: err10 execution from source compiled test
FAIL: err10 execution from bytecode->native test
FAIL: err10 -O execution from source compiled test
FAIL: err10 -O execution from bytecode->native test
FAIL: err11 execution from source compiled test
FAIL: err11 execution from bytecode->native test
FAIL: err11 -O execution from source compiled test
FAIL: err11 -O execution from bytecode->native test
FAIL: err12 execution from source compiled test
FAIL: err12 execution from bytecode->native test
FAIL: err12 -O execution from source compiled test
FAIL: err12 -O execution from bytecode->native test
FAIL: err13 execution from source compiled test
FAIL: err13 execution from bytecode->native test
FAIL: err13 -O execution from source compiled test
FAIL: err13 -O execution from bytecode->native test
FAIL: err2 execution from source compiled test
FAIL: err2 execution from bytecode->native test
FAIL: err2 -O execution from source compiled test
FAIL: err2 -O execution from bytecode->native test
FAIL: err3 execution from source compiled test
FAIL: err3 execution from bytecode->native test
FAIL: err3 -O execution from source compiled test
FAIL: err3 -O execution from bytecode->native test
FAIL: err4 execution from source compiled test
FAIL: err4 execution from bytecode->native test
FAIL: err4 -O execution from source compiled test
FAIL: err4 -O execution from bytecode->native test
FAIL: err5 execution from source compiled test
FAIL: err5 execution from bytecode->native test
FAIL: err5 -O execution from source compiled test
FAIL: err5 -O execution from bytecode->native test
FAIL: err6 execution from source compiled test
FAIL: err6 execution from bytecode->native test
FAIL: err6 -O execution from source compiled test
FAIL: err6 -O execution from bytecode->native test
FAIL: err7 execution from source compiled test
FAIL: err7 execution from bytecode->native test
FAIL: err7 -O execution from source compiled test
FAIL: err7 -O execution from bytecode->native test
FAIL: err8 execution from source compiled test
FAIL: err8 execution from bytecode->native test
FAIL: err8 -O execution from source compiled test
FAIL: err8 -O execution from bytecode->native test
FAIL: err9 execution from source compiled test
FAIL: err9 execution from bytecode->native test
FAIL: err9 -O execution from source compiled test
FAIL: err9 -O execution from bytecode->native test
FAIL: final_inner execution from source compiled test
FAIL: final_inner execution from bytecode->native test
FAIL: final_inner -O execution from source compiled test
FAIL: final_inner -O execution from bytecode->native test
FAIL: final_int execution from source compiled test
FAIL: final_int execution from bytecode->native test
FAIL: final_int -O execution from source compiled test
FAIL: final_int -O execution from bytecode->native test
FAIL: final_static_and_friend execution from source compiled test
FAIL: final_static_and_friend execution from bytecode->native test
FAIL: final_static_and_friend -O execution from source compiled test
FAIL: final_static_and_friend -O execution from bytecode->native test
FAIL: indirect execution from source compiled test
FAIL: indirect execution from bytecode->native test
FAIL: indirect -O execution from source compiled test
FAIL: indirect -O execution from bytecode->native test
FAIL: indirect_read execution from source compiled test
FAIL: indirect_read execution from bytecode->native test
FAIL: indirect_read -O execution from source compiled test
FAIL: indirect_read -O execution from bytecode->native test
FAIL: indirect_write execution from source compiled test
FAIL: indirect_write execution from bytecode->native test
FAIL: indirect_write -O execution from source compiled test
FAIL: indirect_write -O execution from bytecode->native test
FAIL: inner1 execution from source compiled test
FAIL: inner1 execution from bytecode->native test
FAIL: inner1 -O execution from source compiled test
FAIL: inner1 -O execution from bytecode->native test
FAIL: inner2 execution from source compiled test
FAIL: inner2 execution from bytecode->native test
FAIL: inner2 -O execution from source compiled test
FAIL: inner2 -O execution from bytecode->native test
FAIL: inner3 execution from source compiled test
FAIL: inner3 execution from bytecode->native test
FAIL: inner3 -O execution from source compiled test
FAIL: inner3 -O execution from bytecode->native test
FAIL: inner4 execution from source compiled test
FAIL: inner4 execution from bytecode->native test
FAIL: inner4 -O execution from source compiled test
FAIL: inner4 -O execution from bytecode->native test
FAIL: inner_array execution from source compiled test
FAIL: inner_array execution from bytecode->native test
FAIL: inner_array -O execution from source compiled test
FAIL: inner_array -O execution from bytecode->native test
FAIL: inner_interface execution from source compiled test
FAIL: inner_interface execution from bytecode->native test
FAIL: inner_interface -O execution from source compiled test
FAIL: inner_interface -O execution from bytecode->native test
FAIL: instance execution from source compiled test
FAIL: instance execution from bytecode->native test
FAIL: instance -O execution from source compiled test
FAIL: instance -O execution from bytecode->native test
FAIL: instinit execution from source compiled test
FAIL: instinit execution from bytecode->native test
FAIL: instinit -O execution from source compiled test
FAIL: instinit -O execution from bytecode->native test
FAIL: instinit2 execution from source compiled test
FAIL: instinit2 execution from bytecode->native test
FAIL: instinit2 -O execution from source compiled test
FAIL: instinit2 -O execution from bytecode->native test
FAIL: invoke_from_inner execution from source compiled test
FAIL: invoke_from_inner execution from bytecode->native test
FAIL: invoke_from_inner -O execution from source compiled test
FAIL: invoke_from_inner -O execution from bytecode->native test
FAIL: invokethrow execution from source compiled test
FAIL: invokethrow execution from bytecode->native test
FAIL: invokethrow -O execution from source compiled test
FAIL: invokethrow -O execution from bytecode->native test
FAIL: klass execution from source compiled test
FAIL: klass execution from bytecode->native test
FAIL: klass -O execution from source compiled test
FAIL: klass -O execution from bytecode->native test
FAIL: multiple_finit execution from source compiled test
FAIL: multiple_finit execution from bytecode->native test
FAIL: multiple_finit -O execution from source compiled test
FAIL: multiple_finit -O execution from bytecode->native test
FAIL: nested_with_ctor execution from source compiled test
FAIL: nested_with_ctor execution from bytecode->native test
FAIL: nested_with_ctor -O execution from source compiled test
FAIL: nested_with_ctor -O execution from bytecode->native test
FAIL: pr109 execution from source compiled test
FAIL: pr109 execution from bytecode->native test
FAIL: pr109 -O execution from source compiled test
FAIL: pr109 -O execution from bytecode->native test
FAIL: pr133 execution from source compiled test
FAIL: pr133 execution from bytecode->native test
FAIL: pr133 -O execution from source compiled test
FAIL: pr133 -O execution from bytecode->native test
FAIL: pr179 execution from source compiled test
FAIL: pr179 execution from bytecode->native test
FAIL: pr179 -O execution from source compiled test
FAIL: pr179 -O execution from bytecode->native test
FAIL: pr184 execution from source compiled test
FAIL: pr184 execution from bytecode->native test
FAIL: pr184 -O execution from source compiled test
FAIL: pr184 -O execution from bytecode->native test
FAIL: pr83 execution from source compiled test
FAIL: pr83 execution from bytecode->native test
FAIL: pr83 -O execution from source compiled test
FAIL: pr83 -O execution from bytecode->native test
FAIL: private_direct_read execution from source compiled test
FAIL: private_direct_read execution from bytecode->native test
FAIL: private_direct_read -O execution from source compiled test
FAIL: private_direct_read -O execution from bytecode->native test
FAIL: search_outer execution from source compiled test
FAIL: search_outer execution from bytecode->native test
FAIL: search_outer -O execution from source compiled test
FAIL: search_outer -O execution from bytecode->native test
FAIL: stringconst execution from source compiled test
FAIL: stringconst execution from bytecode->native test
FAIL: stringconst -O execution from source compiled test
FAIL: stringconst -O execution from bytecode->native test
FAIL: stringconst2 execution from source compiled test
FAIL: stringconst2 execution from bytecode->native test
FAIL: stringconst2 -O execution from source compiled test
FAIL: stringconst2 -O execution from bytecode->native test
FAIL: stub execution from source compiled test
FAIL: stub execution from bytecode->native test
FAIL: stub -O execution from source compiled test
FAIL: stub -O execution from bytecode->native test
FAIL: test_long execution from source compiled test
FAIL: test_long execution from bytecode->native test
FAIL: test_long -O execution from source compiled test
FAIL: test_long -O execution from bytecode->native test
FAIL: tmi execution from source compiled test
FAIL: tmi execution from bytecode->native test
FAIL: tmi -O execution from source compiled test
FAIL: tmi -O execution from bytecode->native test
FAIL: tp execution from source compiled test
FAIL: tp execution from bytecode->native test
FAIL: tp -O execution from source compiled test
FAIL: tp -O execution from bytecode->native test
FAIL: update_outer execution from source compiled test
FAIL: update_outer execution from bytecode->native test
FAIL: update_outer -O execution from source compiled test
FAIL: update_outer -O execution from bytecode->native test
=== libjava Summary for unix/-fPIC ===
# of expected passes 1087
# of unexpected failures 461
# of expected failures 8
# of untested testcases 456
Running target unix/-fpic
FAIL: calls header generation
FAIL: cxxtest header generation
FAIL: field header generation
FAIL: final_method header generation
FAIL: findclass header generation
FAIL: invoke header generation
FAIL: martin header generation
FAIL: noclass header generation
FAIL: overload header generation
FAIL: register header generation
FAIL: simple_int header generation
FAIL: throwit header generation
FAIL: virtual header generation
FAIL: ArrayStore execution from source compiled test
FAIL: ArrayStore execution from bytecode->native test
FAIL: ArrayStore -O execution from source compiled test
FAIL: ArrayStore -O execution from bytecode->native test
FAIL: ArrayStore2 execution from source compiled test
FAIL: ArrayStore2 execution from bytecode->native test
FAIL: ArrayStore2 -O execution from source compiled test
FAIL: ArrayStore2 -O execution from bytecode->native test
FAIL: Array_1 execution from source compiled test
FAIL: Array_1 execution from bytecode->native test
FAIL: Array_1 -O execution from source compiled test
FAIL: Array_1 -O execution from bytecode->native test
FAIL: Array_2 execution from source compiled test
FAIL: Array_2 execution from bytecode->native test
FAIL: Array_2 -O execution from source compiled test
FAIL: Array_2 -O execution from bytecode->native test
FAIL: Array_3 execution from source compiled test
FAIL: Array_3 execution from bytecode->native test
FAIL: Array_3 -O execution from source compiled test
FAIL: Array_3 -O execution from bytecode->native test
FAIL: Class_1 execution from source compiled test
FAIL: Class_1 execution from bytecode->native test
FAIL: Class_1 -O execution from source compiled test
FAIL: Class_1 -O execution from bytecode->native test
FAIL: Divide_1 execution from source compiled test
FAIL: Divide_1 execution from bytecode->native test
FAIL: Divide_1 -O execution from source compiled test
FAIL: Divide_1 -O execution from bytecode->native test
FAIL: FileHandleGcTest execution from source compiled test
FAIL: FileHandleGcTest execution from bytecode->native test
FAIL: FileHandleGcTest -O execution from source compiled test
FAIL: FileHandleGcTest -O execution from bytecode->native test
FAIL: Final execution from source compiled test
FAIL: Final execution from bytecode->native test
FAIL: Final -O execution from source compiled test
FAIL: Final -O execution from bytecode->native test
FAIL: Float_1 execution from source compiled test
FAIL: Float_1 execution from bytecode->native test
FAIL: Float_1 -O execution from source compiled test
FAIL: Float_1 -O execution from bytecode->native test
FAIL: G19990301_01 execution from source compiled test
FAIL: G19990301_01 execution from bytecode->native test
FAIL: G19990301_01 -O execution from source compiled test
FAIL: G19990301_01 -O execution from bytecode->native test
FAIL: G19990302_02 execution from source compiled test
FAIL: G19990302_02 execution from bytecode->native test
FAIL: G19990302_02 -O execution from source compiled test
FAIL: G19990302_02 -O execution from bytecode->native test
FAIL: G19990303_01 execution from source compiled test
FAIL: G19990303_01 execution from bytecode->native test
FAIL: G19990303_01 -O execution from source compiled test
FAIL: G19990303_01 -O execution from bytecode->native test
FAIL: G19990303_02 execution from source compiled test
FAIL: G19990303_02 execution from bytecode->native test
FAIL: G19990303_02 -O execution from source compiled test
FAIL: G19990303_02 -O execution from bytecode->native test
FAIL: G19990304_01 execution from source compiled test
FAIL: G19990304_01 execution from bytecode->native test
FAIL: G19990304_01 -O execution from source compiled test
FAIL: G19990304_01 -O execution from bytecode->native test
FAIL: G19990310_01 execution from source compiled test
FAIL: G19990310_01 execution from bytecode->native test
FAIL: G19990310_01 -O execution from source compiled test
FAIL: G19990310_01 -O execution from bytecode->native test
FAIL: II execution from source compiled test
FAIL: II execution from bytecode->native test
FAIL: II -O execution from source compiled test
FAIL: II -O execution from bytecode->native test
FAIL: InterfaceDispatch execution from source compiled test
FAIL: InterfaceDispatch execution from bytecode->native test
FAIL: InterfaceDispatch -O execution from source compiled test
FAIL: InterfaceDispatch -O execution from bytecode->native test
FAIL: InvokeReturn execution from source compiled test
FAIL: InvokeReturn execution from bytecode->native test
FAIL: InvokeReturn -O execution from source compiled test
FAIL: InvokeReturn -O execution from bytecode->native test
FAIL: Invoke_1 execution from source compiled test
FAIL: Invoke_1 execution from bytecode->native test
FAIL: Invoke_1 -O execution from source compiled test
FAIL: Invoke_1 -O execution from bytecode->native test
FAIL: Invoke_2 execution from source compiled test
FAIL: Invoke_2 execution from bytecode->native test
FAIL: Invoke_2 -O execution from source compiled test
FAIL: Invoke_2 -O execution from bytecode->native test
FAIL: KeepInline execution from source compiled test
FAIL: KeepInline execution from bytecode->native test
FAIL: KeepInline -O execution from source compiled test
FAIL: KeepInline -O execution from bytecode->native test
FAIL: Matrix4f execution from source compiled test
FAIL: Matrix4f execution from bytecode->native test
FAIL: Matrix4f -O execution from source compiled test
FAIL: Matrix4f -O execution from bytecode->native test
FAIL: N19990310_02 execution from source compiled test
FAIL: N19990310_02 execution from bytecode->native test
FAIL: N19990310_02 -O execution from source compiled test
FAIL: N19990310_02 -O execution from bytecode->native test
FAIL: N19990310_3 execution from source compiled test
FAIL: N19990310_3 execution from bytecode->native test
FAIL: N19990310_3 -O execution from source compiled test
FAIL: N19990310_3 -O execution from bytecode->native test
FAIL: N19990310_4 execution from source compiled test
FAIL: N19990310_4 execution from bytecode->native test
FAIL: N19990310_4 -O execution from source compiled test
FAIL: N19990310_4 -O execution from bytecode->native test
FAIL: N19990310_5 execution from source compiled test
FAIL: N19990310_5 execution from bytecode->native test
FAIL: N19990310_5 -O execution from source compiled test
FAIL: N19990310_5 -O execution from bytecode->native test
FAIL: PR141 execution from source compiled test
FAIL: PR141 execution from bytecode->native test
FAIL: PR141 -O execution from source compiled test
FAIL: PR141 -O execution from bytecode->native test
FAIL: PR160 execution from source compiled test
FAIL: PR160 execution from bytecode->native test
FAIL: PR160 -O execution from source compiled test
FAIL: PR160 -O execution from bytecode->native test
FAIL: PR162 execution from source compiled test
FAIL: PR162 execution from bytecode->native test
FAIL: PR162 -O execution from source compiled test
FAIL: PR162 -O execution from bytecode->native test
FAIL: PR218 execution from source compiled test
FAIL: PR218 execution from bytecode->native test
FAIL: PR218 -O execution from source compiled test
FAIL: PR218 -O execution from bytecode->native test
FAIL: PR242 execution from source compiled test
FAIL: PR242 execution from bytecode->native test
FAIL: PR242 -O execution from source compiled test
FAIL: PR242 -O execution from bytecode->native test
FAIL: PR260 execution from source compiled test
FAIL: PR260 execution from bytecode->native test
FAIL: PR260 -O execution from source compiled test
FAIL: PR260 -O execution from bytecode->native test
FAIL: PR3096 execution from source compiled test
FAIL: PR3096 execution from bytecode->native test
FAIL: PR3096 -O execution from source compiled test
FAIL: PR3096 -O execution from bytecode->native test
FAIL: PR3731 execution from source compiled test
FAIL: PR3731 execution from bytecode->native test
FAIL: PR3731 -O execution from source compiled test
FAIL: PR3731 -O execution from bytecode->native test
FAIL: PR5057 execution from source compiled test
FAIL: PR5057 execution from bytecode->native test
FAIL: PR5057 -O execution from source compiled test
FAIL: PR5057 -O execution from bytecode->native test
FAIL: PR5057_2 execution from source compiled test
FAIL: PR5057_2 execution from bytecode->native test
FAIL: PR5057_2 -O execution from source compiled test
FAIL: PR5057_2 -O execution from bytecode->native test
FAIL: PR55 execution from source compiled test
FAIL: PR55 execution from bytecode->native test
FAIL: PR55 -O execution from source compiled test
FAIL: PR55 -O execution from bytecode->native test
FAIL: PR56 execution from source compiled test
FAIL: PR56 execution from bytecode->native test
FAIL: PR56 -O execution from source compiled test
FAIL: PR56 -O execution from bytecode->native test
FAIL: Primes execution from source compiled test
FAIL: Primes execution from bytecode->native test
FAIL: Primes -O execution from source compiled test
FAIL: Primes -O execution from bytecode->native test
FAIL: Shazam execution from source compiled test
FAIL: Shazam execution from bytecode->native test
FAIL: Shazam -O execution from source compiled test
FAIL: Shazam -O execution from bytecode->native test
FAIL: StringBuffer_1 execution from source compiled test
FAIL: StringBuffer_1 execution from bytecode->native test
FAIL: StringBuffer_1 -O execution from source compiled test
FAIL: StringBuffer_1 -O execution from bytecode->native test
FAIL: SyncTest execution from source compiled test
FAIL: SyncTest execution from bytecode->native test
FAIL: SyncTest -O execution from source compiled test
FAIL: SyncTest -O execution from bytecode->native test
FAIL: Synch execution from source compiled test
FAIL: Synch execution from bytecode->native test
FAIL: Synch -O execution from source compiled test
FAIL: Synch -O execution from bytecode->native test
FAIL: TLtest execution from source compiled test
FAIL: TLtest execution from bytecode->native test
FAIL: TLtest -O execution from source compiled test
FAIL: TLtest -O execution from bytecode->native test
FAIL: Thread_Alive execution from source compiled test
FAIL: Thread_Alive execution from bytecode->native test
FAIL: Thread_Alive -O execution from source compiled test
FAIL: Thread_Alive -O execution from bytecode->native test
FAIL: Thread_Interrupt execution from source compiled test
FAIL: Thread_Interrupt execution from bytecode->native test
FAIL: Thread_Interrupt -O execution from source compiled test
FAIL: Thread_Interrupt -O execution from bytecode->native test
FAIL: Thread_Join execution from source compiled test
FAIL: Thread_Join execution from bytecode->native test
FAIL: Thread_Join -O execution from source compiled test
FAIL: Thread_Join -O execution from bytecode->native test
FAIL: Thread_Monitor execution from source compiled test
FAIL: Thread_Monitor execution from bytecode->native test
FAIL: Thread_Monitor -O execution from source compiled test
FAIL: Thread_Monitor -O execution from bytecode->native test
FAIL: Thread_Sleep execution from source compiled test
FAIL: Thread_Sleep execution from bytecode->native test
FAIL: Thread_Sleep -O execution from source compiled test
FAIL: Thread_Sleep -O execution from bytecode->native test
FAIL: Thread_Wait execution from source compiled test
FAIL: Thread_Wait execution from bytecode->native test
FAIL: Thread_Wait -O execution from source compiled test
FAIL: Thread_Wait -O execution from bytecode->native test
FAIL: Thread_Wait_2 execution from source compiled test
FAIL: Thread_Wait_2 execution from bytecode->native test
FAIL: Thread_Wait_2 -O execution from source compiled test
FAIL: Thread_Wait_2 -O execution from bytecode->native test
FAIL: Thread_Wait_Interrupt execution from source compiled test
FAIL: Thread_Wait_Interrupt execution from bytecode->native test
FAIL: Thread_Wait_Interrupt -O execution from source compiled test
FAIL: Thread_Wait_Interrupt -O execution from bytecode->native test
FAIL: Throw_1 execution from source compiled test
FAIL: Throw_1 execution from bytecode->native test
FAIL: Throw_1 -O execution from source compiled test
FAIL: Throw_1 -O execution from bytecode->native test
FAIL: anfi execution from source compiled test
FAIL: anfi execution from bytecode->native test
FAIL: anfi -O execution from source compiled test
FAIL: anfi -O execution from bytecode->native test
FAIL: anon execution from source compiled test
FAIL: anon execution from bytecode->native test
FAIL: anon -O execution from source compiled test
FAIL: anon -O execution from bytecode->native test
FAIL: anon2 execution from source compiled test
FAIL: anon2 execution from bytecode->native test
FAIL: anon2 -O execution from source compiled test
FAIL: anon2 -O execution from bytecode->native test
FAIL: anon3 execution from source compiled test
FAIL: anon3 execution from bytecode->native test
FAIL: anon3 -O execution from source compiled test
FAIL: anon3 -O execution from bytecode->native test
FAIL: anon4 execution from source compiled test
FAIL: anon4 execution from bytecode->native test
FAIL: anon4 -O execution from source compiled test
FAIL: anon4 -O execution from bytecode->native test
FAIL: anon_ctor_itf_arg execution from source compiled test
FAIL: anon_ctor_itf_arg execution from bytecode->native test
FAIL: anon_ctor_itf_arg -O execution from source compiled test
FAIL: anon_ctor_itf_arg -O execution from bytecode->native test
FAIL: anonarray execution from source compiled test
FAIL: anonarray execution from bytecode->native test
FAIL: anonarray -O execution from source compiled test
FAIL: anonarray -O execution from bytecode->native test
FAIL: anonarray2 execution from source compiled test
FAIL: anonarray2 execution from bytecode->native test
FAIL: anonarray2 -O execution from source compiled test
FAIL: anonarray2 -O execution from bytecode->native test
FAIL: anonarray3 execution from source compiled test
FAIL: anonarray3 execution from bytecode->native test
FAIL: anonarray3 -O execution from source compiled test
FAIL: anonarray3 -O execution from bytecode->native test
FAIL: direct_read execution from source compiled test
FAIL: direct_read execution from bytecode->native test
FAIL: direct_read -O execution from source compiled test
FAIL: direct_read -O execution from bytecode->native test
FAIL: direct_write execution from source compiled test
FAIL: direct_write execution from bytecode->native test
FAIL: direct_write -O execution from source compiled test
FAIL: direct_write -O execution from bytecode->native test
FAIL: err1 execution from source compiled test
FAIL: err1 execution from bytecode->native test
FAIL: err1 -O execution from source compiled test
FAIL: err1 -O execution from bytecode->native test
FAIL: err10 execution from source compiled test
FAIL: err10 execution from bytecode->native test
FAIL: err10 -O execution from source compiled test
FAIL: err10 -O execution from bytecode->native test
FAIL: err11 execution from source compiled test
FAIL: err11 execution from bytecode->native test
FAIL: err11 -O execution from source compiled test
FAIL: err11 -O execution from bytecode->native test
FAIL: err12 execution from source compiled test
FAIL: err12 execution from bytecode->native test
FAIL: err12 -O execution from source compiled test
FAIL: err12 -O execution from bytecode->native test
FAIL: err13 execution from source compiled test
FAIL: err13 execution from bytecode->native test
FAIL: err13 -O execution from source compiled test
FAIL: err13 -O execution from bytecode->native test
FAIL: err2 execution from source compiled test
FAIL: err2 execution from bytecode->native test
FAIL: err2 -O execution from source compiled test
FAIL: err2 -O execution from bytecode->native test
FAIL: err3 execution from source compiled test
FAIL: err3 execution from bytecode->native test
FAIL: err3 -O execution from source compiled test
FAIL: err3 -O execution from bytecode->native test
FAIL: err4 execution from source compiled test
FAIL: err4 execution from bytecode->native test
FAIL: err4 -O execution from source compiled test
FAIL: err4 -O execution from bytecode->native test
FAIL: err5 execution from source compiled test
FAIL: err5 execution from bytecode->native test
FAIL: err5 -O execution from source compiled test
FAIL: err5 -O execution from bytecode->native test
FAIL: err6 execution from source compiled test
FAIL: err6 execution from bytecode->native test
FAIL: err6 -O execution from source compiled test
FAIL: err6 -O execution from bytecode->native test
FAIL: err7 execution from source compiled test
FAIL: err7 execution from bytecode->native test
FAIL: err7 -O execution from source compiled test
FAIL: err7 -O execution from bytecode->native test
FAIL: err8 execution from source compiled test
FAIL: err8 execution from bytecode->native test
FAIL: err8 -O execution from source compiled test
FAIL: err8 -O execution from bytecode->native test
FAIL: err9 execution from source compiled test
FAIL: err9 execution from bytecode->native test
FAIL: err9 -O execution from source compiled test
FAIL: err9 -O execution from bytecode->native test
FAIL: final_inner execution from source compiled test
FAIL: final_inner execution from bytecode->native test
FAIL: final_inner -O execution from source compiled test
FAIL: final_inner -O execution from bytecode->native test
FAIL: final_int execution from source compiled test
FAIL: final_int execution from bytecode->native test
FAIL: final_int -O execution from source compiled test
FAIL: final_int -O execution from bytecode->native test
FAIL: final_static_and_friend execution from source compiled test
FAIL: final_static_and_friend execution from bytecode->native test
FAIL: final_static_and_friend -O execution from source compiled test
FAIL: final_static_and_friend -O execution from bytecode->native test
FAIL: indirect execution from source compiled test
FAIL: indirect execution from bytecode->native test
FAIL: indirect -O execution from source compiled test
FAIL: indirect -O execution from bytecode->native test
FAIL: indirect_read execution from source compiled test
FAIL: indirect_read execution from bytecode->native test
FAIL: indirect_read -O execution from source compiled test
FAIL: indirect_read -O execution from bytecode->native test
FAIL: indirect_write execution from source compiled test
FAIL: indirect_write execution from bytecode->native test
FAIL: indirect_write -O execution from source compiled test
FAIL: indirect_write -O execution from bytecode->native test
FAIL: inner1 execution from source compiled test
FAIL: inner1 execution from bytecode->native test
FAIL: inner1 -O execution from source compiled test
FAIL: inner1 -O execution from bytecode->native test
FAIL: inner2 execution from source compiled test
FAIL: inner2 execution from bytecode->native test
FAIL: inner2 -O execution from source compiled test
FAIL: inner2 -O execution from bytecode->native test
FAIL: inner3 execution from source compiled test
FAIL: inner3 execution from bytecode->native test
FAIL: inner3 -O execution from source compiled test
FAIL: inner3 -O execution from bytecode->native test
FAIL: inner4 execution from source compiled test
FAIL: inner4 execution from bytecode->native test
FAIL: inner4 -O execution from source compiled test
FAIL: inner4 -O execution from bytecode->native test
FAIL: inner_array execution from source compiled test
FAIL: inner_array execution from bytecode->native test
FAIL: inner_array -O execution from source compiled test
FAIL: inner_array -O execution from bytecode->native test
FAIL: inner_interface execution from source compiled test
FAIL: inner_interface execution from bytecode->native test
FAIL: inner_interface -O execution from source compiled test
FAIL: inner_interface -O execution from bytecode->native test
FAIL: instance execution from source compiled test
FAIL: instance execution from bytecode->native test
FAIL: instance -O execution from source compiled test
FAIL: instance -O execution from bytecode->native test
FAIL: instinit execution from source compiled test
FAIL: instinit execution from bytecode->native test
FAIL: instinit -O execution from source compiled test
FAIL: instinit -O execution from bytecode->native test
FAIL: instinit2 execution from source compiled test
FAIL: instinit2 execution from bytecode->native test
FAIL: instinit2 -O execution from source compiled test
FAIL: instinit2 -O execution from bytecode->native test
FAIL: invoke_from_inner execution from source compiled test
FAIL: invoke_from_inner execution from bytecode->native test
FAIL: invoke_from_inner -O execution from source compiled test
FAIL: invoke_from_inner -O execution from bytecode->native test
FAIL: invokethrow execution from source compiled test
FAIL: invokethrow execution from bytecode->native test
FAIL: invokethrow -O execution from source compiled test
FAIL: invokethrow -O execution from bytecode->native test
FAIL: klass execution from source compiled test
FAIL: klass execution from bytecode->native test
FAIL: klass -O execution from source compiled test
FAIL: klass -O execution from bytecode->native test
FAIL: multiple_finit execution from source compiled test
FAIL: multiple_finit execution from bytecode->native test
FAIL: multiple_finit -O execution from source compiled test
FAIL: multiple_finit -O execution from bytecode->native test
FAIL: nested_with_ctor execution from source compiled test
FAIL: nested_with_ctor execution from bytecode->native test
FAIL: nested_with_ctor -O execution from source compiled test
FAIL: nested_with_ctor -O execution from bytecode->native test
FAIL: pr109 execution from source compiled test
FAIL: pr109 execution from bytecode->native test
FAIL: pr109 -O execution from source compiled test
FAIL: pr109 -O execution from bytecode->native test
FAIL: pr133 execution from source compiled test
FAIL: pr133 execution from bytecode->native test
FAIL: pr133 -O execution from source compiled test
FAIL: pr133 -O execution from bytecode->native test
FAIL: pr179 execution from source compiled test
FAIL: pr179 execution from bytecode->native test
FAIL: pr179 -O execution from source compiled test
FAIL: pr179 -O execution from bytecode->native test
FAIL: pr184 execution from source compiled test
FAIL: pr184 execution from bytecode->native test
FAIL: pr184 -O execution from source compiled test
FAIL: pr184 -O execution from bytecode->native test
FAIL: pr83 execution from source compiled test
FAIL: pr83 execution from bytecode->native test
FAIL: pr83 -O execution from source compiled test
FAIL: pr83 -O execution from bytecode->native test
FAIL: private_direct_read execution from source compiled test
FAIL: private_direct_read execution from bytecode->native test
FAIL: private_direct_read -O execution from source compiled test
FAIL: private_direct_read -O execution from bytecode->native test
FAIL: search_outer execution from source compiled test
FAIL: search_outer execution from bytecode->native test
FAIL: search_outer -O execution from source compiled test
FAIL: search_outer -O execution from bytecode->native test
FAIL: stringconst execution from source compiled test
FAIL: stringconst execution from bytecode->native test
FAIL: stringconst -O execution from source compiled test
FAIL: stringconst -O execution from bytecode->native test
FAIL: stringconst2 execution from source compiled test
FAIL: stringconst2 execution from bytecode->native test
FAIL: stringconst2 -O execution from source compiled test
FAIL: stringconst2 -O execution from bytecode->native test
FAIL: stub execution from source compiled test
FAIL: stub execution from bytecode->native test
FAIL: stub -O execution from source compiled test
FAIL: stub -O execution from bytecode->native test
FAIL: test_long execution from source compiled test
FAIL: test_long execution from bytecode->native test
FAIL: test_long -O execution from source compiled test
FAIL: test_long -O execution from bytecode->native test
FAIL: tmi execution from source compiled test
FAIL: tmi execution from bytecode->native test
FAIL: tmi -O execution from source compiled test
FAIL: tmi -O execution from bytecode->native test
FAIL: tp execution from source compiled test
FAIL: tp execution from bytecode->native test
FAIL: tp -O execution from source compiled test
FAIL: tp -O execution from bytecode->native test
FAIL: update_outer execution from source compiled test
FAIL: update_outer execution from bytecode->native test
FAIL: update_outer -O execution from source compiled test
FAIL: update_outer -O execution from bytecode->native test
=== libjava Summary for unix/-fpic ===
# of expected passes 1087
# of unexpected failures 461
# of expected failures 8
# of untested testcases 456
Running target unix
FAIL: calls run
FAIL: linking cxxtest
FAIL: field run
FAIL: final_method run
FAIL: findclass run
FAIL: invoke run
FAIL: martin run
FAIL: noclass run
FAIL: overload run
FAIL: register run
FAIL: simple_int run
FAIL: throwit run
FAIL: virtual run
FAIL: ArrayStore execution from source compiled test
FAIL: ArrayStore execution from bytecode->native test
FAIL: ArrayStore -O execution from source compiled test
FAIL: ArrayStore -O execution from bytecode->native test
FAIL: ArrayStore2 execution from source compiled test
FAIL: ArrayStore2 execution from bytecode->native test
FAIL: ArrayStore2 -O execution from source compiled test
FAIL: ArrayStore2 -O execution from bytecode->native test
FAIL: Array_1 execution from source compiled test
FAIL: Array_1 execution from bytecode->native test
FAIL: Array_1 -O execution from source compiled test
FAIL: Array_1 -O execution from bytecode->native test
FAIL: Array_2 execution from source compiled test
FAIL: Array_2 execution from bytecode->native test
FAIL: Array_2 -O execution from source compiled test
FAIL: Array_2 -O execution from bytecode->native test
FAIL: Array_3 execution from source compiled test
FAIL: Array_3 execution from bytecode->native test
FAIL: Array_3 -O execution from source compiled test
FAIL: Array_3 -O execution from bytecode->native test
FAIL: Class_1 execution from source compiled test
FAIL: Class_1 execution from bytecode->native test
FAIL: Class_1 -O execution from source compiled test
FAIL: Class_1 -O execution from bytecode->native test
FAIL: Divide_1 execution from source compiled test
FAIL: Divide_1 execution from bytecode->native test
FAIL: Divide_1 -O execution from source compiled test
FAIL: Divide_1 -O execution from bytecode->native test
FAIL: FileHandleGcTest execution from source compiled test
FAIL: FileHandleGcTest execution from bytecode->native test
FAIL: FileHandleGcTest -O execution from source compiled test
FAIL: FileHandleGcTest -O execution from bytecode->native test
FAIL: Final execution from source compiled test
FAIL: Final execution from bytecode->native test
FAIL: Final -O execution from source compiled test
FAIL: Final -O execution from bytecode->native test
FAIL: Float_1 execution from source compiled test
FAIL: Float_1 execution from bytecode->native test
FAIL: Float_1 -O execution from source compiled test
FAIL: Float_1 -O execution from bytecode->native test
FAIL: G19990301_01 execution from source compiled test
FAIL: G19990301_01 execution from bytecode->native test
FAIL: G19990301_01 -O execution from source compiled test
FAIL: G19990301_01 -O execution from bytecode->native test
FAIL: G19990302_02 execution from source compiled test
FAIL: G19990302_02 execution from bytecode->native test
FAIL: G19990302_02 -O execution from source compiled test
FAIL: G19990302_02 -O execution from bytecode->native test
FAIL: G19990303_01 execution from source compiled test
FAIL: G19990303_01 execution from bytecode->native test
FAIL: G19990303_01 -O execution from source compiled test
FAIL: G19990303_01 -O execution from bytecode->native test
FAIL: G19990303_02 execution from source compiled test
FAIL: G19990303_02 execution from bytecode->native test
FAIL: G19990303_02 -O execution from source compiled test
FAIL: G19990303_02 -O execution from bytecode->native test
FAIL: G19990304_01 execution from source compiled test
FAIL: G19990304_01 execution from bytecode->native test
FAIL: G19990304_01 -O execution from source compiled test
FAIL: G19990304_01 -O execution from bytecode->native test
FAIL: G19990310_01 execution from source compiled test
FAIL: G19990310_01 execution from bytecode->native test
FAIL: G19990310_01 -O execution from source compiled test
FAIL: G19990310_01 -O execution from bytecode->native test
FAIL: II execution from source compiled test
FAIL: II execution from bytecode->native test
FAIL: II -O execution from source compiled test
FAIL: II -O execution from bytecode->native test
FAIL: InterfaceDispatch execution from source compiled test
FAIL: InterfaceDispatch execution from bytecode->native test
FAIL: InterfaceDispatch -O execution from source compiled test
FAIL: InterfaceDispatch -O execution from bytecode->native test
FAIL: InvokeReturn execution from source compiled test
FAIL: InvokeReturn execution from bytecode->native test
FAIL: InvokeReturn -O execution from source compiled test
FAIL: InvokeReturn -O execution from bytecode->native test
FAIL: Invoke_1 execution from source compiled test
FAIL: Invoke_1 execution from bytecode->native test
FAIL: Invoke_1 -O execution from source compiled test
FAIL: Invoke_1 -O execution from bytecode->native test
FAIL: Invoke_2 execution from source compiled test
FAIL: Invoke_2 execution from bytecode->native test
FAIL: Invoke_2 -O execution from source compiled test
FAIL: Invoke_2 -O execution from bytecode->native test
FAIL: KeepInline execution from source compiled test
FAIL: KeepInline execution from bytecode->native test
FAIL: KeepInline -O execution from source compiled test
FAIL: KeepInline -O execution from bytecode->native test
FAIL: Matrix4f execution from source compiled test
FAIL: Matrix4f execution from bytecode->native test
FAIL: Matrix4f -O execution from source compiled test
FAIL: Matrix4f -O execution from bytecode->native test
FAIL: N19990310_02 execution from source compiled test
FAIL: N19990310_02 execution from bytecode->native test
FAIL: N19990310_02 -O execution from source compiled test
FAIL: N19990310_02 -O execution from bytecode->native test
FAIL: N19990310_3 execution from source compiled test
FAIL: N19990310_3 execution from bytecode->native test
FAIL: N19990310_3 -O execution from source compiled test
FAIL: N19990310_3 -O execution from bytecode->native test
FAIL: N19990310_4 execution from source compiled test
FAIL: N19990310_4 execution from bytecode->native test
FAIL: N19990310_4 -O execution from source compiled test
FAIL: N19990310_4 -O execution from bytecode->native test
FAIL: N19990310_5 execution from source compiled test
FAIL: N19990310_5 execution from bytecode->native test
FAIL: N19990310_5 -O execution from source compiled test
FAIL: N19990310_5 -O execution from bytecode->native test
FAIL: PR141 execution from source compiled test
FAIL: PR141 execution from bytecode->native test
FAIL: PR141 -O execution from source compiled test
FAIL: PR141 -O execution from bytecode->native test
FAIL: PR160 execution from source compiled test
FAIL: PR160 execution from bytecode->native test
FAIL: PR160 -O execution from source compiled test
FAIL: PR160 -O execution from bytecode->native test
FAIL: PR162 execution from source compiled test
FAIL: PR162 execution from bytecode->native test
FAIL: PR162 -O execution from source compiled test
FAIL: PR162 -O execution from bytecode->native test
FAIL: PR218 execution from source compiled test
FAIL: PR218 execution from bytecode->native test
FAIL: PR218 -O execution from source compiled test
FAIL: PR218 -O execution from bytecode->native test
FAIL: PR242 execution from source compiled test
FAIL: PR242 execution from bytecode->native test
FAIL: PR242 -O execution from source compiled test
FAIL: PR242 -O execution from bytecode->native test
FAIL: PR260 execution from source compiled test
FAIL: PR260 execution from bytecode->native test
FAIL: PR260 -O execution from source compiled test
FAIL: PR260 -O execution from bytecode->native test
FAIL: PR3096 execution from source compiled test
FAIL: PR3096 execution from bytecode->native test
FAIL: PR3096 -O execution from source compiled test
FAIL: PR3096 -O execution from bytecode->native test
FAIL: PR3731 execution from source compiled test
FAIL: PR3731 execution from bytecode->native test
FAIL: PR3731 -O execution from source compiled test
FAIL: PR3731 -O execution from bytecode->native test
FAIL: PR5057 execution from source compiled test
FAIL: PR5057 execution from bytecode->native test
FAIL: PR5057 -O execution from source compiled test
FAIL: PR5057 -O execution from bytecode->native test
FAIL: PR5057_2 execution from source compiled test
FAIL: PR5057_2 execution from bytecode->native test
FAIL: PR5057_2 -O execution from source compiled test
FAIL: PR5057_2 -O execution from bytecode->native test
FAIL: PR55 execution from source compiled test
FAIL: PR55 execution from bytecode->native test
FAIL: PR55 -O execution from source compiled test
FAIL: PR55 -O execution from bytecode->native test
FAIL: PR56 execution from source compiled test
FAIL: PR56 execution from bytecode->native test
FAIL: PR56 -O execution from source compiled test
FAIL: PR56 -O execution from bytecode->native test
FAIL: Primes execution from source compiled test
FAIL: Primes execution from bytecode->native test
FAIL: Primes -O execution from source compiled test
FAIL: Primes -O execution from bytecode->native test
FAIL: Shazam execution from source compiled test
FAIL: Shazam execution from bytecode->native test
FAIL: Shazam -O execution from source compiled test
FAIL: Shazam -O execution from bytecode->native test
FAIL: StringBuffer_1 execution from source compiled test
FAIL: StringBuffer_1 execution from bytecode->native test
FAIL: StringBuffer_1 -O execution from source compiled test
FAIL: StringBuffer_1 -O execution from bytecode->native test
FAIL: SyncTest execution from source compiled test
FAIL: SyncTest execution from bytecode->native test
FAIL: SyncTest -O execution from source compiled test
FAIL: SyncTest -O execution from bytecode->native test
FAIL: Synch execution from source compiled test
FAIL: Synch execution from bytecode->native test
FAIL: Synch -O execution from source compiled test
FAIL: Synch -O execution from bytecode->native test
FAIL: TLtest execution from source compiled test
FAIL: TLtest execution from bytecode->native test
FAIL: TLtest -O execution from source compiled test
FAIL: TLtest -O execution from bytecode->native test
FAIL: Thread_Alive execution from source compiled test
FAIL: Thread_Alive execution from bytecode->native test
FAIL: Thread_Alive -O execution from source compiled test
FAIL: Thread_Alive -O execution from bytecode->native test
FAIL: Thread_Interrupt execution from source compiled test
FAIL: Thread_Interrupt execution from bytecode->native test
FAIL: Thread_Interrupt -O execution from source compiled test
FAIL: Thread_Interrupt -O execution from bytecode->native test
FAIL: Thread_Join execution from source compiled test
FAIL: Thread_Join execution from bytecode->native test
FAIL: Thread_Join -O execution from source compiled test
FAIL: Thread_Join -O execution from bytecode->native test
FAIL: Thread_Monitor execution from source compiled test
FAIL: Thread_Monitor execution from bytecode->native test
FAIL: Thread_Monitor -O execution from source compiled test
FAIL: Thread_Monitor -O execution from bytecode->native test
FAIL: Thread_Sleep execution from source compiled test
FAIL: Thread_Sleep execution from bytecode->native test
FAIL: Thread_Sleep -O execution from source compiled test
FAIL: Thread_Sleep -O execution from bytecode->native test
FAIL: Thread_Wait execution from source compiled test
FAIL: Thread_Wait execution from bytecode->native test
FAIL: Thread_Wait -O execution from source compiled test
FAIL: Thread_Wait -O execution from bytecode->native test
FAIL: Thread_Wait_2 execution from source compiled test
FAIL: Thread_Wait_2 execution from bytecode->native test
FAIL: Thread_Wait_2 -O execution from source compiled test
FAIL: Thread_Wait_2 -O execution from bytecode->native test
FAIL: Thread_Wait_Interrupt execution from source compiled test
FAIL: Thread_Wait_Interrupt execution from bytecode->native test
FAIL: Thread_Wait_Interrupt -O execution from source compiled test
FAIL: Thread_Wait_Interrupt -O execution from bytecode->native test
FAIL: Throw_1 execution from source compiled test
FAIL: Throw_1 execution from bytecode->native test
FAIL: Throw_1 -O execution from source compiled test
FAIL: Throw_1 -O execution from bytecode->native test
FAIL: anfi execution from source compiled test
FAIL: anfi execution from bytecode->native test
FAIL: anfi -O execution from source compiled test
FAIL: anfi -O execution from bytecode->native test
FAIL: anon execution from source compiled test
FAIL: anon execution from bytecode->native test
FAIL: anon -O execution from source compiled test
FAIL: anon -O execution from bytecode->native test
FAIL: anon2 execution from source compiled test
FAIL: anon2 execution from bytecode->native test
FAIL: anon2 -O execution from source compiled test
FAIL: anon2 -O execution from bytecode->native test
FAIL: anon3 execution from source compiled test
FAIL: anon3 execution from bytecode->native test
FAIL: anon3 -O execution from source compiled test
FAIL: anon3 -O execution from bytecode->native test
FAIL: anon4 execution from source compiled test
FAIL: anon4 execution from bytecode->native test
FAIL: anon4 -O execution from source compiled test
FAIL: anon4 -O execution from bytecode->native test
FAIL: anon_ctor_itf_arg execution from source compiled test
FAIL: anon_ctor_itf_arg execution from bytecode->native test
FAIL: anon_ctor_itf_arg -O execution from source compiled test
FAIL: anon_ctor_itf_arg -O execution from bytecode->native test
FAIL: anonarray execution from source compiled test
FAIL: anonarray execution from bytecode->native test
FAIL: anonarray -O execution from source compiled test
FAIL: anonarray -O execution from bytecode->native test
FAIL: anonarray2 execution from source compiled test
FAIL: anonarray2 execution from bytecode->native test
FAIL: anonarray2 -O execution from source compiled test
FAIL: anonarray2 -O execution from bytecode->native test
FAIL: anonarray3 execution from source compiled test
FAIL: anonarray3 execution from bytecode->native test
FAIL: anonarray3 -O execution from source compiled test
FAIL: anonarray3 -O execution from bytecode->native test
FAIL: direct_read execution from source compiled test
FAIL: direct_read execution from bytecode->native test
FAIL: direct_read -O execution from source compiled test
FAIL: direct_read -O execution from bytecode->native test
FAIL: direct_write execution from source compiled test
FAIL: direct_write execution from bytecode->native test
FAIL: direct_write -O execution from source compiled test
FAIL: direct_write -O execution from bytecode->native test
FAIL: err1 execution from source compiled test
FAIL: err1 execution from bytecode->native test
FAIL: err1 -O execution from source compiled test
FAIL: err1 -O execution from bytecode->native test
FAIL: err10 execution from source compiled test
FAIL: err10 execution from bytecode->native test
FAIL: err10 -O execution from source compiled test
FAIL: err10 -O execution from bytecode->native test
FAIL: err11 execution from source compiled test
FAIL: err11 execution from bytecode->native test
FAIL: err11 -O execution from source compiled test
FAIL: err11 -O execution from bytecode->native test
FAIL: err12 execution from source compiled test
FAIL: err12 execution from bytecode->native test
FAIL: err12 -O execution from source compiled test
FAIL: err12 -O execution from bytecode->native test
FAIL: err13 execution from source compiled test
FAIL: err13 execution from bytecode->native test
FAIL: err13 -O execution from source compiled test
FAIL: err13 -O execution from bytecode->native test
FAIL: err2 execution from source compiled test
FAIL: err2 execution from bytecode->native test
FAIL: err2 -O execution from source compiled test
FAIL: err2 -O execution from bytecode->native test
FAIL: err3 execution from source compiled test
FAIL: err3 execution from bytecode->native test
FAIL: err3 -O execution from source compiled test
FAIL: err3 -O execution from bytecode->native test
FAIL: err4 execution from source compiled test
FAIL: err4 execution from bytecode->native test
FAIL: err4 -O execution from source compiled test
FAIL: err4 -O execution from bytecode->native test
FAIL: err5 execution from source compiled test
FAIL: err5 execution from bytecode->native test
FAIL: err5 -O execution from source compiled test
FAIL: err5 -O execution from bytecode->native test
FAIL: err6 execution from source compiled test
FAIL: err6 execution from bytecode->native test
FAIL: err6 -O execution from source compiled test
FAIL: err6 -O execution from bytecode->native test
FAIL: err7 execution from source compiled test
FAIL: err7 execution from bytecode->native test
FAIL: err7 -O execution from source compiled test
FAIL: err7 -O execution from bytecode->native test
FAIL: err8 execution from source compiled test
FAIL: err8 execution from bytecode->native test
FAIL: err8 -O execution from source compiled test
FAIL: err8 -O execution from bytecode->native test
FAIL: err9 execution from source compiled test
FAIL: err9 execution from bytecode->native test
FAIL: err9 -O execution from source compiled test
FAIL: err9 -O execution from bytecode->native test
FAIL: final_inner execution from source compiled test
FAIL: final_inner execution from bytecode->native test
FAIL: final_inner -O execution from source compiled test
FAIL: final_inner -O execution from bytecode->native test
FAIL: final_int execution from source compiled test
FAIL: final_int execution from bytecode->native test
FAIL: final_int -O execution from source compiled test
FAIL: final_int -O execution from bytecode->native test
FAIL: final_static_and_friend execution from source compiled test
FAIL: final_static_and_friend execution from bytecode->native test
FAIL: final_static_and_friend -O execution from source compiled test
FAIL: final_static_and_friend -O execution from bytecode->native test
FAIL: indirect execution from source compiled test
FAIL: indirect execution from bytecode->native test
FAIL: indirect -O execution from source compiled test
FAIL: indirect -O execution from bytecode->native test
FAIL: indirect_read execution from source compiled test
FAIL: indirect_read execution from bytecode->native test
FAIL: indirect_read -O execution from source compiled test
FAIL: indirect_read -O execution from bytecode->native test
FAIL: indirect_write execution from source compiled test
FAIL: indirect_write execution from bytecode->native test
FAIL: indirect_write -O execution from source compiled test
FAIL: indirect_write -O execution from bytecode->native test
FAIL: inner1 execution from source compiled test
FAIL: inner1 execution from bytecode->native test
FAIL: inner1 -O execution from source compiled test
FAIL: inner1 -O execution from bytecode->native test
FAIL: inner2 execution from source compiled test
FAIL: inner2 execution from bytecode->native test
FAIL: inner2 -O execution from source compiled test
FAIL: inner2 -O execution from bytecode->native test
FAIL: inner3 execution from source compiled test
FAIL: inner3 execution from bytecode->native test
FAIL: inner3 -O execution from source compiled test
FAIL: inner3 -O execution from bytecode->native test
FAIL: inner4 execution from source compiled test
FAIL: inner4 execution from bytecode->native test
FAIL: inner4 -O execution from source compiled test
FAIL: inner4 -O execution from bytecode->native test
FAIL: inner_array execution from source compiled test
FAIL: inner_array execution from bytecode->native test
FAIL: inner_array -O execution from source compiled test
FAIL: inner_array -O execution from bytecode->native test
FAIL: inner_interface execution from source compiled test
FAIL: inner_interface execution from bytecode->native test
FAIL: inner_interface -O execution from source compiled test
FAIL: inner_interface -O execution from bytecode->native test
FAIL: instance execution from source compiled test
FAIL: instance execution from bytecode->native test
FAIL: instance -O execution from source compiled test
FAIL: instance -O execution from bytecode->native test
FAIL: instinit execution from source compiled test
FAIL: instinit execution from bytecode->native test
FAIL: instinit -O execution from source compiled test
FAIL: instinit -O execution from bytecode->native test
FAIL: instinit2 execution from source compiled test
FAIL: instinit2 execution from bytecode->native test
FAIL: instinit2 -O execution from source compiled test
FAIL: instinit2 -O execution from bytecode->native test
FAIL: invoke_from_inner execution from source compiled test
FAIL: invoke_from_inner execution from bytecode->native test
FAIL: invoke_from_inner -O execution from source compiled test
FAIL: invoke_from_inner -O execution from bytecode->native test
FAIL: invokethrow execution from source compiled test
FAIL: invokethrow execution from bytecode->native test
FAIL: invokethrow -O execution from source compiled test
FAIL: invokethrow -O execution from bytecode->native test
FAIL: klass execution from source compiled test
FAIL: klass execution from bytecode->native test
FAIL: klass -O execution from source compiled test
FAIL: klass -O execution from bytecode->native test
FAIL: multiple_finit execution from source compiled test
FAIL: multiple_finit execution from bytecode->native test
FAIL: multiple_finit -O execution from source compiled test
FAIL: multiple_finit -O execution from bytecode->native test
FAIL: nested_with_ctor execution from source compiled test
FAIL: nested_with_ctor execution from bytecode->native test
FAIL: nested_with_ctor -O execution from source compiled test
FAIL: nested_with_ctor -O execution from bytecode->native test
FAIL: pr109 execution from source compiled test
FAIL: pr109 execution from bytecode->native test
FAIL: pr109 -O execution from source compiled test
FAIL: pr109 -O execution from bytecode->native test
FAIL: pr133 execution from source compiled test
FAIL: pr133 execution from bytecode->native test
FAIL: pr133 -O execution from source compiled test
FAIL: pr133 -O execution from bytecode->native test
FAIL: pr179 execution from source compiled test
FAIL: pr179 execution from bytecode->native test
FAIL: pr179 -O execution from source compiled test
FAIL: pr179 -O execution from bytecode->native test
FAIL: pr184 execution from source compiled test
FAIL: pr184 execution from bytecode->native test
FAIL: pr184 -O execution from source compiled test
FAIL: pr184 -O execution from bytecode->native test
FAIL: pr83 execution from source compiled test
FAIL: pr83 execution from bytecode->native test
FAIL: pr83 -O execution from source compiled test
FAIL: pr83 -O execution from bytecode->native test
FAIL: private_direct_read execution from source compiled test
FAIL: private_direct_read execution from bytecode->native test
FAIL: private_direct_read -O execution from source compiled test
FAIL: private_direct_read -O execution from bytecode->native test
FAIL: search_outer execution from source compiled test
FAIL: search_outer execution from bytecode->native test
FAIL: search_outer -O execution from source compiled test
FAIL: search_outer -O execution from bytecode->native test
FAIL: stringconst execution from source compiled test
FAIL: stringconst execution from bytecode->native test
FAIL: stringconst -O execution from source compiled test
FAIL: stringconst -O execution from bytecode->native test
FAIL: stringconst2 execution from source compiled test
FAIL: stringconst2 execution from bytecode->native test
FAIL: stringconst2 -O execution from source compiled test
FAIL: stringconst2 -O execution from bytecode->native test
FAIL: stub execution from source compiled test
FAIL: stub execution from bytecode->native test
FAIL: stub -O execution from source compiled test
FAIL: stub -O execution from bytecode->native test
FAIL: test_long execution from source compiled test
FAIL: test_long execution from bytecode->native test
FAIL: test_long -O execution from source compiled test
FAIL: test_long -O execution from bytecode->native test
FAIL: tmi execution from source compiled test
FAIL: tmi execution from bytecode->native test
FAIL: tmi -O execution from source compiled test
FAIL: tmi -O execution from bytecode->native test
FAIL: tp execution from source compiled test
FAIL: tp execution from bytecode->native test
FAIL: tp -O execution from source compiled test
FAIL: tp -O execution from bytecode->native test
FAIL: update_outer execution from source compiled test
FAIL: update_outer execution from bytecode->native test
FAIL: update_outer -O execution from source compiled test
FAIL: update_outer -O execution from bytecode->native test
=== libjava Summary for unix ===
# of expected passes 1125
# of unexpected failures 461
# of expected failures 9
# of untested testcases 468
=== libjava Summary ===
# of expected passes 3299
# of unexpected failures 1383
# of expected failures 25
# of untested testcases 1380
=== libstdc++-v3 tests ===
Running target unix/-fPIC
FAIL: 18_support/numeric_limits.cc execution test
XPASS: 22_locale/collate_members_wchar_t.cc execution test
FAIL: 26_numerics/c99_classification_macros_c.cc (test for excess errors)
FAIL: 27_io/filebuf_virtuals.cc execution test
FAIL: 27_io/streambuf.cc execution test
FAIL: 27_io/stringbuf.cc execution test
WARNING: program timed out.
FAIL: thread/pthread1.cc execution test
WARNING: program timed out.
FAIL: thread/pthread4.cc execution test
WARNING: program timed out.
FAIL: thread/pthread5.cc execution test
WARNING: program timed out.
FAIL: thread/pthread6.cc execution test
=== libstdc++-v3 Summary for unix/-fPIC ===
# of expected passes 350
# of unexpected failures 9
# of unexpected successes 1
# of expected failures 24
Running target unix/-fpic
FAIL: 18_support/numeric_limits.cc execution test
XPASS: 22_locale/collate_members_wchar_t.cc execution test
FAIL: 26_numerics/c99_classification_macros_c.cc (test for excess errors)
FAIL: 27_io/filebuf_virtuals.cc execution test
FAIL: 27_io/streambuf.cc execution test
FAIL: 27_io/stringbuf.cc execution test
WARNING: program timed out.
FAIL: thread/pthread1.cc execution test
WARNING: program timed out.
FAIL: thread/pthread4.cc execution test
WARNING: program timed out.
FAIL: thread/pthread5.cc execution test
WARNING: program timed out.
FAIL: thread/pthread6.cc execution test
=== libstdc++-v3 Summary for unix/-fpic ===
# of expected passes 350
# of unexpected failures 9
# of unexpected successes 1
# of expected failures 24
Running target unix
FAIL: 18_support/numeric_limits.cc execution test
XPASS: 22_locale/collate_members_wchar_t.cc execution test
FAIL: 26_numerics/c99_classification_macros_c.cc (test for excess errors)
FAIL: 27_io/filebuf_virtuals.cc execution test
FAIL: 27_io/streambuf.cc execution test
FAIL: 27_io/stringbuf.cc execution test
WARNING: program timed out.
FAIL: thread/pthread1.cc execution test
WARNING: program timed out.
FAIL: thread/pthread4.cc execution test
WARNING: program timed out.
FAIL: thread/pthread5.cc execution test
WARNING: program timed out.
FAIL: thread/pthread6.cc execution test
=== libstdc++-v3 Summary for unix ===
# of expected passes 350
# of unexpected failures 9
# of unexpected successes 1
# of expected failures 24
=== libstdc++-v3 Summary ===
# of expected passes 1050
# of unexpected failures 27
# of unexpected successes 3
# of expected failures 72
Compiler version: 3.1 20020311 (prerelease)
Platform: sparc-unknown-linux-gnu
configure flags: --host=sparc-linux --enable-shared --enable-threads=posix --enable-symvers
Counting all warnings,
there are 214 warnings in stage0 of this bootstrap.
Number of warnings per file:
96 libiberty/md5.c
74 libiberty/regex.c
5 make[3]
5 libjava/java/lang/natClassLoader.cc
4 libjava/java/lang/strtod.c
4 libjava/java/lang/dtoa.c
4 libiberty/splay-tree.c
3 libjava/java/lang/e_exp.c
2 make[4]
2 include/xregex2.h
2 include/sys/cdefs.h
2 include/gc.h
1 make[5]
1 libjava/posix-threads.cc
1 libjava/java/lang/e_rem_pio2.c
1 libjava/java/lang/e_log.c
1 libjava/java/lang/e_asin.c
1 libjava/gnu/gcj/runtime/natSharedLibLoader.cc
1 libjava/gnu/gcj/io/shs.cc
1 libjava/boehm.cc
1 libf2c/libI77/open.c
1 config.h
1 ../../../boehm-gc/mark_rts.c
Number of warning types:
64 traditional C rejects string concatenation
32 function-like macro \`FI' must be used with arguments in traditional C
32 function-like macro \`FH' must be used with arguments in traditional C
32 function-like macro \`FG' must be used with arguments in traditional C
13 \`???' might be used uninitialized in this function
8 signed and unsigned type in conditional expression
8 jobserver unavailable: using -j1. Add \`???' to parent make rule.
6 unused parameter \`???'
5 unused parameter \`
5 this is the location of the previous definition
2 \`__restrict_arr' redefined
2 \`GC_LINUX_THREADS' redefined
1 unused
1 function returns address of local variable
1 division: function singularity
1 \`_XOPEN_SOURCE' redefined
1 \`???' declared
Counting all warnings,
there are 57 warnings in stage3 of this bootstrap.
Number of warnings per file:
24 gcc/combine.c
10 gcc/regclass.c
4 gcc/optabs.c
3 gcc/gcc.c
2 gcc/java/javaop.def
2 gcc/fold-const.c
2 gcc/crtstuff.c
1 gcc/version.c
1 gcc/reload.c
1 gcc/profile.c
1 gcc/objc/lang-specs.h
1 gcc/java/jvspec.c
1 gcc/ifcvt.c
1 gcc/function.c
1 gcc/f/version.c
1 gcc/cp/lang-specs.h
1 gcc/config/sparc/sparc.c
Number of warning types:
38 comparison between signed and unsigned
6 string length \`???' is greater than the length \`???' ISO C89 compilers are required to support
5 signed and unsigned type in conditional expression
2 traditional C ignores #include with the # indented
2 operation on \`???' may be undefined
2 \`???' defined but not used
1 pointer targets in passing arg ??? of \`???' differ in signedness
1 \`???' might be used uninitialized in this function