This is the mail archive of the
gcc-testresults@gcc.gnu.org
mailing list for the GCC project.
Results for 3.2 20020311 (experimental) testsuite on i686-pc-linux-gnu
- From: Andreas Jaeger <aj at suse dot de>
- To: gcc-testresults at gcc dot gnu dot org
- Date: Mon, 11 Mar 2002 13:33:18 +0100
- Subject: Results for 3.2 20020311 (experimental) testsuite on i686-pc-linux-gnu
LAST_UPDATED: Mon Mar 11 08:59:19 UTC 2002
Native configuration is i686-pc-linux-gnu
=== g++ tests ===
Running target unix
FAIL: g++.brendan/label1.C (test for excess errors)
=== g++ Summary ===
# of expected passes 7074
# of unexpected failures 1
# of expected failures 92
# of untested testcases 9
/builds/gcc/gcc-3.2-devel/gcc/testsuite/../g++ version 3.2 20020311 (experimental)
=== g77 tests ===
Running target unix
WARNING: program timed out.
FAIL: g77.dg/bprob/bprob-1.f compilation, -Os -fprofile-arcs
UNRESOLVED: g77.dg/bprob/bprob-1.f execution, -Os -fprofile-arcs
UNRESOLVED: g77.dg/bprob/bprob-1.f compilation, -Os -fbranch-probabilities
UNRESOLVED: g77.dg/bprob/bprob-1.f execution, -Os -fbranch-probabilities
FAIL: g77.f-torture/compile/20010519-1.f, -O1
FAIL: g77.f-torture/compile/20010519-1.f, -O2
FAIL: g77.f-torture/compile/20010519-1.f, -O3 -fomit-frame-pointer
FAIL: g77.f-torture/compile/20010519-1.f, -O3 -fomit-frame-pointer -funroll-loops
FAIL: g77.f-torture/compile/20010519-1.f, -O3 -fomit-frame-pointer -funroll-all-loops -finline-functions
FAIL: g77.f-torture/compile/20010519-1.f, -O3 -g
FAIL: g77.f-torture/compile/20010519-1.f, -Os
=== g77 Summary ===
# of expected passes 1465
# of unexpected failures 8
# of unresolved testcases 3
/builds/gcc/gcc-3.2-devel/gcc/testsuite/../g77 version 3.2 20020311 (experimental)
=== gcc tests ===
Running target unix
FAIL: gcc.c-torture/execute/20011223-1.c execution, -O2
FAIL: gcc.c-torture/execute/20011223-1.c execution, -O3 -fomit-frame-pointer
FAIL: gcc.c-torture/execute/20011223-1.c execution, -O3 -g
FAIL: gcc.c-torture/execute/20011223-1.c execution, -Os
FAIL: gcc.dg/noncompile/930622-1.c (test for excess errors)
FAIL: gcc.dg/noncompile/930622-1.c (test for excess errors)
FAIL: gcc.dg/noncompile/930622-1.c (test for excess errors)
FAIL: gcc.dg/noncompile/930622-1.c (test for excess errors)
FAIL: gcc.dg/noncompile/930622-1.c (test for excess errors)
FAIL: gcc.dg/noncompile/930622-1.c (test for excess errors)
WARNING: program timed out.
FAIL: gcc.misc-tests/bprob-1.c compilation, -Os -fprofile-arcs
UNRESOLVED: gcc.misc-tests/bprob-1.c execution, -Os -fprofile-arcs
UNRESOLVED: gcc.misc-tests/bprob-1.c compilation, -Os -fbranch-probabilities
UNRESOLVED: gcc.misc-tests/bprob-1.c execution, -Os -fbranch-probabilities
=== gcc Summary ===
# of expected passes 18091
# of unexpected failures 11
# of expected failures 66
# of unresolved testcases 3
# of unsupported tests 37
/builds/gcc/gcc-3.2-devel/gcc/xgcc version 3.2 20020311 (experimental)
=== objc tests ===
Running target unix
FAIL: objc/execute/formal_protocol-6.m execution, -O0
FAIL: objc/execute/formal_protocol-6.m execution, -O1
FAIL: objc/execute/formal_protocol-6.m execution, -O2
FAIL: objc/execute/formal_protocol-6.m execution, -O3 -fomit-frame-pointer
FAIL: objc/execute/formal_protocol-6.m execution, -O3 -g
FAIL: objc/execute/formal_protocol-6.m execution, -Os
=== objc Summary ===
# of expected passes 1036
# of unexpected failures 6
/builds/gcc/gcc-3.2-devel/gcc/xgcc version 3.2 20020311 (experimental)
=== libjava tests ===
Running target unix
FAIL: linking cxxtest
=== libjava Summary ===
# of expected passes 2027
# of unexpected failures 1
# of expected failures 15
# of untested testcases 8
=== libstdc++-v3 tests ===
Running target unix
XPASS: 22_locale/collate_byname.cc execution test
XPASS: 22_locale/collate_members_char.cc execution test
XPASS: 22_locale/ctype_members_char.cc execution test
XPASS: 22_locale/members.cc execution test
XPASS: 22_locale/messages_byname.cc execution test
XPASS: 22_locale/messages_members_char.cc execution test
XPASS: 22_locale/money_get_members_char.cc execution test
XPASS: 22_locale/money_get_members_wchar_t.cc execution test
XPASS: 22_locale/money_put_members_char.cc execution test
XPASS: 22_locale/money_put_members_wchar_t.cc execution test
XPASS: 22_locale/moneypunct_byname.cc execution test
XPASS: 22_locale/moneypunct_members_char.cc execution test
XPASS: 22_locale/moneypunct_members_wchar_t.cc execution test
XPASS: 22_locale/num_get_members_char.cc execution test
XPASS: 22_locale/num_get_members_wchar_t.cc execution test
XPASS: 22_locale/num_put_members_char.cc execution test
XPASS: 22_locale/num_put_members_wchar_t.cc execution test
XPASS: 22_locale/numpunct_byname.cc execution test
XPASS: 22_locale/numpunct_members_char.cc execution test
XPASS: 22_locale/numpunct_members_wchar_t.cc execution test
XPASS: 22_locale/time_get_members_char.cc execution test
XPASS: 22_locale/time_get_members_wchar_t.cc execution test
XPASS: 22_locale/time_put_members_char.cc execution test
XPASS: 22_locale/time_put_members_wchar_t.cc execution test
FAIL: 26_numerics/c99_classification_macros_c.cc (test for excess errors)
=== libstdc++-v3 Summary ===
# of expected passes 358
# of unexpected failures 1
# of unexpected successes 24
# of expected failures 1
Compiler version: 3.2 20020311 (experimental)
Platform: i686-pc-linux-gnu
configure flags: --host=i686-pc-linux-gnu --prefix=/opt/gcc/3.2-devel --enable-shared --enable-threads --disable-nls --with-gnu-as --with-gnu-ld --enable-clocale=gnu --enable-symvers --enable-languages=c,c++,java,f77,objc