This is the mail archive of the
gcc-testresults@gcc.gnu.org
mailing list for the GCC project.
Results for 3.2 20020304 (experimental) testsuite on sparc-sun-solaris2.7
- From: "Kaveh R. Ghazi" <ghazi at caip dot rutgers dot edu>
- To: gcc-testresults at gcc dot gnu dot org
- Date: Tue, 5 Mar 2002 19:07:43 -0500 (EST)
- Subject: Results for 3.2 20020304 (experimental) testsuite on sparc-sun-solaris2.7
LAST_UPDATED:
Native configuration is sparc-sun-solaris2.7
=== g++ tests ===
Running target unix/-fPIC
FAIL: g++.dg/ext/instantiate1.C suppressing f<int> (test for errors, line )
FAIL: g++.dg/ext/instantiate1.C suppressing A<int> (test for errors, line )
FAIL: g++.dg/ext/instantiate1.C (test for excess errors)
WARNING: program timed out.
FAIL: g++.dg/special/conpr-2.C execution test
FAIL: g++.dg/special/conpr-3.C execution test
FAIL: g++.dg/special/initp1.C execution test
FAIL: g++.eh/ia64-1.C (test for excess errors)
FAIL: g++.ext/instantiate2.C not instantiated (test for errors, line 19)
FAIL: g++.ext/instantiate3.C not instantiated (test for errors, line 13)
FAIL: g++.law/profile1.C Execution test
FAIL: g++.robertl/eb83.C Execution test
=== g++ Summary for unix/-fPIC ===
# of expected passes 7043
# of unexpected failures 11
# of expected failures 92
# of untested testcases 21
Running target unix/-fpic
FAIL: g++.dg/ext/instantiate1.C suppressing f<int> (test for errors, line )
FAIL: g++.dg/ext/instantiate1.C suppressing A<int> (test for errors, line )
FAIL: g++.dg/ext/instantiate1.C (test for excess errors)
WARNING: program timed out.
FAIL: g++.dg/special/conpr-2.C execution test
FAIL: g++.dg/special/conpr-3.C execution test
FAIL: g++.dg/special/initp1.C execution test
FAIL: g++.eh/ia64-1.C (test for excess errors)
FAIL: g++.ext/instantiate2.C not instantiated (test for errors, line 19)
FAIL: g++.ext/instantiate3.C not instantiated (test for errors, line 13)
FAIL: g++.law/profile1.C Execution test
FAIL: g++.robertl/eb83.C Execution test
=== g++ Summary for unix/-fpic ===
# of expected passes 7043
# of unexpected failures 11
# of expected failures 92
# of untested testcases 21
Running target unix
FAIL: g++.dg/ext/instantiate1.C suppressing f<int> (test for errors, line )
FAIL: g++.dg/ext/instantiate1.C suppressing A<int> (test for errors, line )
FAIL: g++.dg/ext/instantiate1.C (test for excess errors)
WARNING: program timed out.
FAIL: g++.dg/special/conpr-2.C execution test
FAIL: g++.dg/special/conpr-3.C execution test
FAIL: g++.dg/special/initp1.C execution test
FAIL: g++.eh/ia64-1.C (test for excess errors)
FAIL: g++.ext/instantiate2.C not instantiated (test for errors, line 19)
FAIL: g++.ext/instantiate3.C not instantiated (test for errors, line 13)
=== g++ Summary for unix ===
# of expected passes 7045
# of unexpected failures 9
# of expected failures 92
# of untested testcases 21
=== g++ Summary ===
# of expected passes 21131
# of unexpected failures 31
# of expected failures 276
# of untested testcases 63
/teal/caip5/ghazi/gcc-testing/build/gcc/testsuite/../g++ version 3.2 20020304 (experimental)
=== g77 tests ===
Running target unix/-fPIC
FAIL: g77.dg/bprob/bprob-1.f execution, -g -fprofile-arcs
UNRESOLVED: g77.dg/bprob/bprob-1.f compilation, -g -fbranch-probabilities
UNRESOLVED: g77.dg/bprob/bprob-1.f execution, -g -fbranch-probabilities
FAIL: g77.dg/bprob/bprob-1.f execution, -O0 -fprofile-arcs
UNRESOLVED: g77.dg/bprob/bprob-1.f compilation, -O0 -fbranch-probabilities
UNRESOLVED: g77.dg/bprob/bprob-1.f execution, -O0 -fbranch-probabilities
FAIL: g77.dg/bprob/bprob-1.f execution, -O1 -fprofile-arcs
UNRESOLVED: g77.dg/bprob/bprob-1.f compilation, -O1 -fbranch-probabilities
UNRESOLVED: g77.dg/bprob/bprob-1.f execution, -O1 -fbranch-probabilities
FAIL: g77.dg/bprob/bprob-1.f execution, -O2 -fprofile-arcs
UNRESOLVED: g77.dg/bprob/bprob-1.f compilation, -O2 -fbranch-probabilities
UNRESOLVED: g77.dg/bprob/bprob-1.f execution, -O2 -fbranch-probabilities
FAIL: g77.dg/bprob/bprob-1.f execution, -O3 -fprofile-arcs
UNRESOLVED: g77.dg/bprob/bprob-1.f compilation, -O3 -fbranch-probabilities
UNRESOLVED: g77.dg/bprob/bprob-1.f execution, -O3 -fbranch-probabilities
FAIL: g77.dg/bprob/bprob-1.f execution, -O3 -g -fprofile-arcs
UNRESOLVED: g77.dg/bprob/bprob-1.f compilation, -O3 -g -fbranch-probabilities
UNRESOLVED: g77.dg/bprob/bprob-1.f execution, -O3 -g -fbranch-probabilities
FAIL: g77.dg/bprob/bprob-1.f execution, -Os -fprofile-arcs
UNRESOLVED: g77.dg/bprob/bprob-1.f compilation, -Os -fbranch-probabilities
UNRESOLVED: g77.dg/bprob/bprob-1.f execution, -Os -fbranch-probabilities
FAIL: g77.dg/gcov/gcov-1.f execution test
FAIL: g77.dg/gcov/gcov-1.f gcov: 118 failures in line counts, 32 in branch percentages, 24 in return percentages
=== g77 Summary for unix/-fPIC ===
# of expected passes 1429
# of unexpected failures 9
# of unresolved testcases 14
# of unsupported tests 8
Running target unix/-fpic
FAIL: g77.dg/bprob/bprob-1.f execution, -g -fprofile-arcs
UNRESOLVED: g77.dg/bprob/bprob-1.f compilation, -g -fbranch-probabilities
UNRESOLVED: g77.dg/bprob/bprob-1.f execution, -g -fbranch-probabilities
FAIL: g77.dg/bprob/bprob-1.f execution, -O0 -fprofile-arcs
UNRESOLVED: g77.dg/bprob/bprob-1.f compilation, -O0 -fbranch-probabilities
UNRESOLVED: g77.dg/bprob/bprob-1.f execution, -O0 -fbranch-probabilities
FAIL: g77.dg/bprob/bprob-1.f execution, -O1 -fprofile-arcs
UNRESOLVED: g77.dg/bprob/bprob-1.f compilation, -O1 -fbranch-probabilities
UNRESOLVED: g77.dg/bprob/bprob-1.f execution, -O1 -fbranch-probabilities
FAIL: g77.dg/bprob/bprob-1.f execution, -O2 -fprofile-arcs
UNRESOLVED: g77.dg/bprob/bprob-1.f compilation, -O2 -fbranch-probabilities
UNRESOLVED: g77.dg/bprob/bprob-1.f execution, -O2 -fbranch-probabilities
FAIL: g77.dg/bprob/bprob-1.f execution, -O3 -fprofile-arcs
UNRESOLVED: g77.dg/bprob/bprob-1.f compilation, -O3 -fbranch-probabilities
UNRESOLVED: g77.dg/bprob/bprob-1.f execution, -O3 -fbranch-probabilities
FAIL: g77.dg/bprob/bprob-1.f execution, -O3 -g -fprofile-arcs
UNRESOLVED: g77.dg/bprob/bprob-1.f compilation, -O3 -g -fbranch-probabilities
UNRESOLVED: g77.dg/bprob/bprob-1.f execution, -O3 -g -fbranch-probabilities
FAIL: g77.dg/bprob/bprob-1.f execution, -Os -fprofile-arcs
UNRESOLVED: g77.dg/bprob/bprob-1.f compilation, -Os -fbranch-probabilities
UNRESOLVED: g77.dg/bprob/bprob-1.f execution, -Os -fbranch-probabilities
FAIL: g77.dg/gcov/gcov-1.f execution test
FAIL: g77.dg/gcov/gcov-1.f gcov: 118 failures in line counts, 32 in branch percentages, 24 in return percentages
=== g77 Summary for unix/-fpic ===
# of expected passes 1429
# of unexpected failures 9
# of unresolved testcases 14
# of unsupported tests 8
Running target unix
=== g77 Summary for unix ===
# of expected passes 1452
# of unsupported tests 8
=== g77 Summary ===
# of expected passes 4310
# of unexpected failures 18
# of unresolved testcases 28
# of unsupported tests 24
/teal/caip5/ghazi/gcc-testing/build/gcc/testsuite/../g77 version 3.2 20020304 (experimental)
=== gcc tests ===
Running target unix/-fPIC
FAIL: gcc.c-torture/compile/20011119-1.c, -O0
FAIL: gcc.c-torture/compile/20011119-1.c, -O1
FAIL: gcc.c-torture/compile/20011119-1.c, -O2
FAIL: gcc.c-torture/compile/20011119-1.c, -O3 -fomit-frame-pointer
FAIL: gcc.c-torture/compile/20011119-1.c, -O3 -g
FAIL: gcc.c-torture/compile/20011119-1.c, -Os
FAIL: gcc.c-torture/compile/20011119-2.c, -O0
FAIL: gcc.c-torture/compile/20011119-2.c, -O1
FAIL: gcc.c-torture/compile/20011119-2.c, -O2
FAIL: gcc.c-torture/compile/20011119-2.c, -O3 -fomit-frame-pointer
FAIL: gcc.c-torture/compile/20011119-2.c, -O3 -g
FAIL: gcc.c-torture/compile/20011119-2.c, -Os
FAIL: gcc.c-torture/execute/20020227-1.c execution, -O2
FAIL: gcc.c-torture/execute/20020227-1.c execution, -Os
FAIL: gcc.c-torture/execute/strct-pack-1.c execution, -O2
FAIL: gcc.c-torture/execute/strct-pack-1.c execution, -Os
FAIL: gcc.dg/cpp/charconst.c (test for excess errors)
FAIL: gcc.dg/cpp/ucs.c bad U1234abcd evaluation (test for bogus messages, line 14)
FAIL: gcc.dg/cpp/ucs.c (test for excess errors)
FAIL: gcc.dg/20001013-1.c (test for excess errors)
WARNING: gcc.dg/20001013-1.c compilation failed to produce executable
FAIL: gcc.dg/20001101-1.c (test for excess errors)
WARNING: gcc.dg/20001101-1.c compilation failed to produce executable
FAIL: gcc.dg/20001102-1.c (test for excess errors)
WARNING: gcc.dg/20001102-1.c compilation failed to produce executable
FAIL: gcc.dg/20020201-1.c execution test
FAIL: gcc.dg/c99-float-1.c (test for excess errors)
FAIL: gcc.dg/noncompile/930622-1.c (test for excess errors)
UNRESOLVED: weak-1.c
UNRESOLVED: weak-2.c
UNRESOLVED: wkali-1.c
UNRESOLVED: wkali-2.c
FAIL: gcc.misc-tests/bprob-1.c execution, -g -fprofile-arcs
UNRESOLVED: gcc.misc-tests/bprob-1.c compilation, -g -fbranch-probabilities
UNRESOLVED: gcc.misc-tests/bprob-1.c execution, -g -fbranch-probabilities
FAIL: gcc.misc-tests/bprob-1.c execution, -O0 -fprofile-arcs
UNRESOLVED: gcc.misc-tests/bprob-1.c compilation, -O0 -fbranch-probabilities
UNRESOLVED: gcc.misc-tests/bprob-1.c execution, -O0 -fbranch-probabilities
FAIL: gcc.misc-tests/bprob-1.c execution, -O1 -fprofile-arcs
UNRESOLVED: gcc.misc-tests/bprob-1.c compilation, -O1 -fbranch-probabilities
UNRESOLVED: gcc.misc-tests/bprob-1.c execution, -O1 -fbranch-probabilities
FAIL: gcc.misc-tests/bprob-1.c execution, -O2 -DPERFTIME -fprofile-arcs
UNRESOLVED: gcc.misc-tests/bprob-1.c compilation, -O2 -DPERFTIME -fbranch-probabilities
UNRESOLVED: gcc.misc-tests/bprob-1.c execution, -O2 -DPERFTIME -fbranch-probabilities
FAIL: gcc.misc-tests/bprob-1.c execution, -O3 -DPERFTIME -fprofile-arcs
UNRESOLVED: gcc.misc-tests/bprob-1.c compilation, -O3 -DPERFTIME -fbranch-probabilities
UNRESOLVED: gcc.misc-tests/bprob-1.c execution, -O3 -DPERFTIME -fbranch-probabilities
FAIL: gcc.misc-tests/bprob-1.c execution, -O3 -g -DPERFTIME -fprofile-arcs
UNRESOLVED: gcc.misc-tests/bprob-1.c compilation, -O3 -g -DPERFTIME -fbranch-probabilities
UNRESOLVED: gcc.misc-tests/bprob-1.c execution, -O3 -g -DPERFTIME -fbranch-probabilities
FAIL: gcc.misc-tests/bprob-1.c execution, -Os -fprofile-arcs
UNRESOLVED: gcc.misc-tests/bprob-1.c compilation, -Os -fbranch-probabilities
UNRESOLVED: gcc.misc-tests/bprob-1.c execution, -Os -fbranch-probabilities
FAIL: gcc.misc-tests/bprob-2.c execution, -g -fprofile-arcs
UNRESOLVED: gcc.misc-tests/bprob-2.c compilation, -g -fbranch-probabilities
UNRESOLVED: gcc.misc-tests/bprob-2.c execution, -g -fbranch-probabilities
FAIL: gcc.misc-tests/bprob-2.c execution, -O0 -fprofile-arcs
UNRESOLVED: gcc.misc-tests/bprob-2.c compilation, -O0 -fbranch-probabilities
UNRESOLVED: gcc.misc-tests/bprob-2.c execution, -O0 -fbranch-probabilities
FAIL: gcc.misc-tests/bprob-2.c execution, -O1 -fprofile-arcs
UNRESOLVED: gcc.misc-tests/bprob-2.c compilation, -O1 -fbranch-probabilities
UNRESOLVED: gcc.misc-tests/bprob-2.c execution, -O1 -fbranch-probabilities
FAIL: gcc.misc-tests/bprob-2.c execution, -O2 -DPERFTIME -fprofile-arcs
UNRESOLVED: gcc.misc-tests/bprob-2.c compilation, -O2 -DPERFTIME -fbranch-probabilities
UNRESOLVED: gcc.misc-tests/bprob-2.c execution, -O2 -DPERFTIME -fbranch-probabilities
FAIL: gcc.misc-tests/bprob-2.c execution, -O3 -DPERFTIME -fprofile-arcs
UNRESOLVED: gcc.misc-tests/bprob-2.c compilation, -O3 -DPERFTIME -fbranch-probabilities
UNRESOLVED: gcc.misc-tests/bprob-2.c execution, -O3 -DPERFTIME -fbranch-probabilities
FAIL: gcc.misc-tests/bprob-2.c execution, -O3 -g -DPERFTIME -fprofile-arcs
UNRESOLVED: gcc.misc-tests/bprob-2.c compilation, -O3 -g -DPERFTIME -fbranch-probabilities
UNRESOLVED: gcc.misc-tests/bprob-2.c execution, -O3 -g -DPERFTIME -fbranch-probabilities
FAIL: gcc.misc-tests/bprob-2.c execution, -Os -fprofile-arcs
UNRESOLVED: gcc.misc-tests/bprob-2.c compilation, -Os -fbranch-probabilities
UNRESOLVED: gcc.misc-tests/bprob-2.c execution, -Os -fbranch-probabilities
FAIL: gcc.misc-tests/gcov-1.c execution test
FAIL: gcc.misc-tests/gcov-1.c gcov: 3 failures in line counts
FAIL: gcc.misc-tests/gcov-2.c execution test
FAIL: gcc.misc-tests/gcov-2.c gcov: 3 failures in line counts
FAIL: gcc.misc-tests/gcov-3.c execution test
FAIL: gcc.misc-tests/gcov-3.c gcov: 2 failures in line counts
FAIL: gcc.misc-tests/gcov-4.c execution test
FAIL: gcc.misc-tests/gcov-4.c gcov: 50 failures in line counts
FAIL: gcc.misc-tests/gcov-4b.c execution test
FAIL: gcc.misc-tests/gcov-4b.c gcov: 24 failures in branch percentages
FAIL: gcc.misc-tests/gcov-5b.c execution test
FAIL: gcc.misc-tests/gcov-6.c execution test
FAIL: gcc.misc-tests/gcov-6.c gcov: 3 failures in line counts, 1 in branch percentages, 3 in return percentages
FAIL: gcc.misc-tests/gcov-7.c execution test
FAIL: gcc.misc-tests/gcov-7.c gcov: 9 failures in line counts, 3 in branch percentages, 4 in return percentages
=== gcc Summary for unix/-fPIC ===
# of expected passes 17728
# of unexpected failures 54
# of expected failures 62
# of unresolved testcases 32
# of unsupported tests 98
Running target unix/-fpic
FAIL: gcc.c-torture/compile/20011119-1.c, -O0
FAIL: gcc.c-torture/compile/20011119-1.c, -O1
FAIL: gcc.c-torture/compile/20011119-1.c, -O2
FAIL: gcc.c-torture/compile/20011119-1.c, -O3 -fomit-frame-pointer
FAIL: gcc.c-torture/compile/20011119-1.c, -O3 -g
FAIL: gcc.c-torture/compile/20011119-1.c, -Os
FAIL: gcc.c-torture/compile/20011119-2.c, -O0
FAIL: gcc.c-torture/compile/20011119-2.c, -O1
FAIL: gcc.c-torture/compile/20011119-2.c, -O2
FAIL: gcc.c-torture/compile/20011119-2.c, -O3 -fomit-frame-pointer
FAIL: gcc.c-torture/compile/20011119-2.c, -O3 -g
FAIL: gcc.c-torture/compile/20011119-2.c, -Os
FAIL: gcc.c-torture/execute/20020227-1.c execution, -O2
FAIL: gcc.c-torture/execute/20020227-1.c execution, -Os
FAIL: gcc.c-torture/execute/strct-pack-1.c execution, -O2
FAIL: gcc.c-torture/execute/strct-pack-1.c execution, -Os
FAIL: gcc.dg/cpp/charconst.c (test for excess errors)
FAIL: gcc.dg/cpp/ucs.c bad U1234abcd evaluation (test for bogus messages, line 14)
FAIL: gcc.dg/cpp/ucs.c (test for excess errors)
FAIL: gcc.dg/20001013-1.c (test for excess errors)
WARNING: gcc.dg/20001013-1.c compilation failed to produce executable
FAIL: gcc.dg/20001101-1.c (test for excess errors)
WARNING: gcc.dg/20001101-1.c compilation failed to produce executable
FAIL: gcc.dg/20001102-1.c (test for excess errors)
WARNING: gcc.dg/20001102-1.c compilation failed to produce executable
FAIL: gcc.dg/20020201-1.c execution test
FAIL: gcc.dg/c99-float-1.c (test for excess errors)
FAIL: gcc.dg/noncompile/930622-1.c (test for excess errors)
UNRESOLVED: weak-1.c
UNRESOLVED: weak-2.c
UNRESOLVED: wkali-1.c
UNRESOLVED: wkali-2.c
FAIL: gcc.misc-tests/bprob-1.c execution, -g -fprofile-arcs
UNRESOLVED: gcc.misc-tests/bprob-1.c compilation, -g -fbranch-probabilities
UNRESOLVED: gcc.misc-tests/bprob-1.c execution, -g -fbranch-probabilities
FAIL: gcc.misc-tests/bprob-1.c execution, -O0 -fprofile-arcs
UNRESOLVED: gcc.misc-tests/bprob-1.c compilation, -O0 -fbranch-probabilities
UNRESOLVED: gcc.misc-tests/bprob-1.c execution, -O0 -fbranch-probabilities
FAIL: gcc.misc-tests/bprob-1.c execution, -O1 -fprofile-arcs
UNRESOLVED: gcc.misc-tests/bprob-1.c compilation, -O1 -fbranch-probabilities
UNRESOLVED: gcc.misc-tests/bprob-1.c execution, -O1 -fbranch-probabilities
FAIL: gcc.misc-tests/bprob-1.c execution, -O2 -DPERFTIME -fprofile-arcs
UNRESOLVED: gcc.misc-tests/bprob-1.c compilation, -O2 -DPERFTIME -fbranch-probabilities
UNRESOLVED: gcc.misc-tests/bprob-1.c execution, -O2 -DPERFTIME -fbranch-probabilities
FAIL: gcc.misc-tests/bprob-1.c execution, -O3 -DPERFTIME -fprofile-arcs
UNRESOLVED: gcc.misc-tests/bprob-1.c compilation, -O3 -DPERFTIME -fbranch-probabilities
UNRESOLVED: gcc.misc-tests/bprob-1.c execution, -O3 -DPERFTIME -fbranch-probabilities
FAIL: gcc.misc-tests/bprob-1.c execution, -O3 -g -DPERFTIME -fprofile-arcs
UNRESOLVED: gcc.misc-tests/bprob-1.c compilation, -O3 -g -DPERFTIME -fbranch-probabilities
UNRESOLVED: gcc.misc-tests/bprob-1.c execution, -O3 -g -DPERFTIME -fbranch-probabilities
FAIL: gcc.misc-tests/bprob-1.c execution, -Os -fprofile-arcs
UNRESOLVED: gcc.misc-tests/bprob-1.c compilation, -Os -fbranch-probabilities
UNRESOLVED: gcc.misc-tests/bprob-1.c execution, -Os -fbranch-probabilities
FAIL: gcc.misc-tests/bprob-2.c execution, -g -fprofile-arcs
UNRESOLVED: gcc.misc-tests/bprob-2.c compilation, -g -fbranch-probabilities
UNRESOLVED: gcc.misc-tests/bprob-2.c execution, -g -fbranch-probabilities
FAIL: gcc.misc-tests/bprob-2.c execution, -O0 -fprofile-arcs
UNRESOLVED: gcc.misc-tests/bprob-2.c compilation, -O0 -fbranch-probabilities
UNRESOLVED: gcc.misc-tests/bprob-2.c execution, -O0 -fbranch-probabilities
FAIL: gcc.misc-tests/bprob-2.c execution, -O1 -fprofile-arcs
UNRESOLVED: gcc.misc-tests/bprob-2.c compilation, -O1 -fbranch-probabilities
UNRESOLVED: gcc.misc-tests/bprob-2.c execution, -O1 -fbranch-probabilities
FAIL: gcc.misc-tests/bprob-2.c execution, -O2 -DPERFTIME -fprofile-arcs
UNRESOLVED: gcc.misc-tests/bprob-2.c compilation, -O2 -DPERFTIME -fbranch-probabilities
UNRESOLVED: gcc.misc-tests/bprob-2.c execution, -O2 -DPERFTIME -fbranch-probabilities
FAIL: gcc.misc-tests/bprob-2.c execution, -O3 -DPERFTIME -fprofile-arcs
UNRESOLVED: gcc.misc-tests/bprob-2.c compilation, -O3 -DPERFTIME -fbranch-probabilities
UNRESOLVED: gcc.misc-tests/bprob-2.c execution, -O3 -DPERFTIME -fbranch-probabilities
FAIL: gcc.misc-tests/bprob-2.c execution, -O3 -g -DPERFTIME -fprofile-arcs
UNRESOLVED: gcc.misc-tests/bprob-2.c compilation, -O3 -g -DPERFTIME -fbranch-probabilities
UNRESOLVED: gcc.misc-tests/bprob-2.c execution, -O3 -g -DPERFTIME -fbranch-probabilities
FAIL: gcc.misc-tests/bprob-2.c execution, -Os -fprofile-arcs
UNRESOLVED: gcc.misc-tests/bprob-2.c compilation, -Os -fbranch-probabilities
UNRESOLVED: gcc.misc-tests/bprob-2.c execution, -Os -fbranch-probabilities
FAIL: gcc.misc-tests/gcov-1.c execution test
FAIL: gcc.misc-tests/gcov-1.c gcov: 3 failures in line counts
FAIL: gcc.misc-tests/gcov-2.c execution test
FAIL: gcc.misc-tests/gcov-2.c gcov: 3 failures in line counts
FAIL: gcc.misc-tests/gcov-3.c execution test
FAIL: gcc.misc-tests/gcov-3.c gcov: 2 failures in line counts
FAIL: gcc.misc-tests/gcov-4.c execution test
FAIL: gcc.misc-tests/gcov-4.c gcov: 50 failures in line counts
FAIL: gcc.misc-tests/gcov-4b.c execution test
FAIL: gcc.misc-tests/gcov-4b.c gcov: 24 failures in branch percentages
FAIL: gcc.misc-tests/gcov-5b.c execution test
FAIL: gcc.misc-tests/gcov-6.c execution test
FAIL: gcc.misc-tests/gcov-6.c gcov: 3 failures in line counts, 1 in branch percentages, 3 in return percentages
FAIL: gcc.misc-tests/gcov-7.c execution test
FAIL: gcc.misc-tests/gcov-7.c gcov: 9 failures in line counts, 3 in branch percentages, 4 in return percentages
=== gcc Summary for unix/-fpic ===
# of expected passes 17728
# of unexpected failures 54
# of expected failures 62
# of unresolved testcases 32
# of unsupported tests 98
Running target unix
FAIL: gcc.c-torture/compile/20011119-1.c, -O0
FAIL: gcc.c-torture/compile/20011119-1.c, -O1
FAIL: gcc.c-torture/compile/20011119-1.c, -O2
FAIL: gcc.c-torture/compile/20011119-1.c, -O3 -fomit-frame-pointer
FAIL: gcc.c-torture/compile/20011119-1.c, -O3 -g
FAIL: gcc.c-torture/compile/20011119-1.c, -Os
FAIL: gcc.c-torture/compile/20011119-2.c, -O0
FAIL: gcc.c-torture/compile/20011119-2.c, -O1
FAIL: gcc.c-torture/compile/20011119-2.c, -O2
FAIL: gcc.c-torture/compile/20011119-2.c, -O3 -fomit-frame-pointer
FAIL: gcc.c-torture/compile/20011119-2.c, -O3 -g
FAIL: gcc.c-torture/compile/20011119-2.c, -Os
FAIL: gcc.c-torture/execute/20020227-1.c execution, -O2
FAIL: gcc.c-torture/execute/20020227-1.c execution, -Os
FAIL: gcc.c-torture/execute/strct-pack-1.c execution, -O2
FAIL: gcc.c-torture/execute/strct-pack-1.c execution, -Os
FAIL: gcc.dg/cpp/charconst.c (test for excess errors)
FAIL: gcc.dg/cpp/ucs.c bad U1234abcd evaluation (test for bogus messages, line 14)
FAIL: gcc.dg/cpp/ucs.c (test for excess errors)
FAIL: gcc.dg/20001013-1.c (test for excess errors)
WARNING: gcc.dg/20001013-1.c compilation failed to produce executable
FAIL: gcc.dg/20001101-1.c (test for excess errors)
WARNING: gcc.dg/20001101-1.c compilation failed to produce executable
FAIL: gcc.dg/20001102-1.c (test for excess errors)
WARNING: gcc.dg/20001102-1.c compilation failed to produce executable
FAIL: gcc.dg/c99-float-1.c (test for excess errors)
FAIL: gcc.dg/noncompile/930622-1.c (test for excess errors)
UNRESOLVED: weak-1.c
UNRESOLVED: weak-2.c
UNRESOLVED: wkali-1.c
UNRESOLVED: wkali-2.c
=== gcc Summary for unix ===
# of expected passes 17786
# of unexpected failures 24
# of expected failures 62
# of unresolved testcases 4
# of unsupported tests 98
=== gcc Summary ===
# of expected passes 53242
# of unexpected failures 132
# of expected failures 186
# of unresolved testcases 68
# of unsupported tests 294
/teal/caip5/ghazi/gcc-testing/build/gcc/xgcc version 3.2 20020304 (experimental)
=== objc tests ===
Running target unix/-fPIC
FAIL: objc/execute/formal_protocol-6.m execution, -O0
FAIL: objc/execute/formal_protocol-6.m execution, -O1
FAIL: objc/execute/formal_protocol-6.m execution, -O2
FAIL: objc/execute/formal_protocol-6.m execution, -O3 -fomit-frame-pointer
FAIL: objc/execute/formal_protocol-6.m execution, -O3 -g
FAIL: objc/execute/formal_protocol-6.m execution, -Os
=== objc Summary for unix/-fPIC ===
# of expected passes 1036
# of unexpected failures 6
Running target unix/-fpic
FAIL: objc/execute/formal_protocol-6.m execution, -O0
FAIL: objc/execute/formal_protocol-6.m execution, -O1
FAIL: objc/execute/formal_protocol-6.m execution, -O2
FAIL: objc/execute/formal_protocol-6.m execution, -O3 -fomit-frame-pointer
FAIL: objc/execute/formal_protocol-6.m execution, -O3 -g
FAIL: objc/execute/formal_protocol-6.m execution, -Os
=== objc Summary for unix/-fpic ===
# of expected passes 1036
# of unexpected failures 6
Running target unix
FAIL: objc/execute/formal_protocol-6.m execution, -O0
FAIL: objc/execute/formal_protocol-6.m execution, -O1
FAIL: objc/execute/formal_protocol-6.m execution, -O2
FAIL: objc/execute/formal_protocol-6.m execution, -O3 -fomit-frame-pointer
FAIL: objc/execute/formal_protocol-6.m execution, -O3 -g
FAIL: objc/execute/formal_protocol-6.m execution, -Os
=== objc Summary for unix ===
# of expected passes 1036
# of unexpected failures 6
=== objc Summary ===
# of expected passes 3108
# of unexpected failures 18
/teal/caip5/ghazi/gcc-testing/build/gcc/xgcc version 3.2 20020304 (experimental)
=== libjava tests ===
Running target unix/-fPIC
FAIL: calls header generation
FAIL: field header generation
FAIL: final_method header generation
FAIL: findclass header generation
FAIL: invoke header generation
FAIL: martin header generation
FAIL: noclass header generation
FAIL: overload header generation
FAIL: register header generation
FAIL: simple_int header generation
FAIL: throwit header generation
FAIL: virtual header generation
FAIL: cxxtest header generation
FAIL: Invoke_1 execution from source compiled test
FAIL: Invoke_1 execution from bytecode->native test
FAIL: Invoke_1 -O execution from source compiled test
FAIL: Invoke_1 -O execution from bytecode->native test
FAIL: test_long output from bytecode->native test
FAIL: test_long -O output from bytecode->native test
FAIL: invokethrow execution from source compiled test
FAIL: invokethrow execution from bytecode->native test
FAIL: invokethrow -O execution from source compiled test
FAIL: invokethrow -O execution from bytecode->native test
FAIL: FileHandleGcTest execution from source compiled test
FAIL: FileHandleGcTest execution from bytecode->native test
FAIL: FileHandleGcTest -O execution from source compiled test
FAIL: FileHandleGcTest -O execution from bytecode->native test
=== libjava Summary for unix/-fPIC ===
# of expected passes 1951
# of unexpected failures 27
# of expected failures 14
# of untested testcases 20
Running target unix/-fpic
FAIL: calls header generation
FAIL: field header generation
FAIL: final_method header generation
FAIL: findclass header generation
FAIL: invoke header generation
FAIL: martin header generation
FAIL: noclass header generation
FAIL: overload header generation
FAIL: register header generation
FAIL: simple_int header generation
FAIL: throwit header generation
FAIL: virtual header generation
FAIL: cxxtest header generation
FAIL: Invoke_1 execution from source compiled test
FAIL: Invoke_1 execution from bytecode->native test
FAIL: Invoke_1 -O execution from source compiled test
FAIL: Invoke_1 -O execution from bytecode->native test
FAIL: test_long output from bytecode->native test
FAIL: test_long -O output from bytecode->native test
FAIL: invokethrow execution from source compiled test
FAIL: invokethrow execution from bytecode->native test
FAIL: invokethrow -O execution from source compiled test
FAIL: invokethrow -O execution from bytecode->native test
FAIL: FileHandleGcTest execution from source compiled test
FAIL: FileHandleGcTest execution from bytecode->native test
FAIL: FileHandleGcTest -O execution from source compiled test
FAIL: FileHandleGcTest -O execution from bytecode->native test
=== libjava Summary for unix/-fpic ===
# of expected passes 1951
# of unexpected failures 27
# of expected failures 14
# of untested testcases 20
Running target unix
FAIL: InterfaceDispatch execution from bytecode->native test
FAIL: Invoke_1 execution from source compiled test
FAIL: Invoke_1 execution from bytecode->native test
FAIL: Invoke_1 -O execution from source compiled test
FAIL: Invoke_1 -O execution from bytecode->native test
FAIL: test_long output from bytecode->native test
FAIL: test_long -O output from bytecode->native test
FAIL: invokethrow execution from source compiled test
FAIL: invokethrow execution from bytecode->native test
FAIL: invokethrow -O execution from source compiled test
FAIL: invokethrow -O execution from bytecode->native test
WARNING: program timed out.
FAIL: SyncTest -O execution from bytecode->native test
FAIL: FileHandleGcTest execution from source compiled test
FAIL: FileHandleGcTest execution from bytecode->native test
FAIL: FileHandleGcTest -O execution from source compiled test
FAIL: FileHandleGcTest -O execution from bytecode->native test
=== libjava Summary for unix ===
# of expected passes 1999
# of unexpected failures 16
# of expected failures 14
# of untested testcases 22
=== libjava Summary ===
# of expected passes 5901
# of unexpected failures 70
# of expected failures 42
# of untested testcases 62
=== libstdc++-v3 tests ===
Running target unix/-fPIC
XPASS: 22_locale/collate_members_wchar_t.cc execution test
XPASS: 22_locale/money_get_members_wchar_t.cc execution test
XPASS: 22_locale/money_put_members_wchar_t.cc execution test
XPASS: 22_locale/moneypunct_members_wchar_t.cc execution test
XPASS: 22_locale/num_get_members_wchar_t.cc execution test
XPASS: 22_locale/num_put_members_wchar_t.cc execution test
XPASS: 22_locale/numpunct_members_wchar_t.cc execution test
XPASS: 22_locale/time_get_members_wchar_t.cc execution test
XPASS: 22_locale/time_put_members_wchar_t.cc execution test
FAIL: 27_io/filebuf_virtuals.cc execution test
FAIL: 27_io/istream_extractor_arith.cc execution test
FAIL: 27_io/streambuf.cc execution test
FAIL: 27_io/stringbuf.cc execution test
=== libstdc++-v3 Summary for unix/-fPIC ===
# of expected passes 353
# of unexpected failures 4
# of unexpected successes 9
# of expected failures 16
Running target unix/-fpic
XPASS: 22_locale/collate_members_wchar_t.cc execution test
XPASS: 22_locale/money_get_members_wchar_t.cc execution test
XPASS: 22_locale/money_put_members_wchar_t.cc execution test
XPASS: 22_locale/moneypunct_members_wchar_t.cc execution test
XPASS: 22_locale/num_get_members_wchar_t.cc execution test
XPASS: 22_locale/num_put_members_wchar_t.cc execution test
XPASS: 22_locale/numpunct_members_wchar_t.cc execution test
XPASS: 22_locale/time_get_members_wchar_t.cc execution test
XPASS: 22_locale/time_put_members_wchar_t.cc execution test
FAIL: 27_io/filebuf_virtuals.cc execution test
FAIL: 27_io/istream_extractor_arith.cc execution test
FAIL: 27_io/streambuf.cc execution test
FAIL: 27_io/stringbuf.cc execution test
=== libstdc++-v3 Summary for unix/-fpic ===
# of expected passes 353
# of unexpected failures 4
# of unexpected successes 9
# of expected failures 16
Running target unix
XPASS: 22_locale/collate_members_wchar_t.cc execution test
XPASS: 22_locale/money_get_members_wchar_t.cc execution test
XPASS: 22_locale/money_put_members_wchar_t.cc execution test
XPASS: 22_locale/moneypunct_members_wchar_t.cc execution test
XPASS: 22_locale/num_get_members_wchar_t.cc execution test
XPASS: 22_locale/num_put_members_wchar_t.cc execution test
XPASS: 22_locale/numpunct_members_wchar_t.cc execution test
XPASS: 22_locale/time_get_members_wchar_t.cc execution test
XPASS: 22_locale/time_put_members_wchar_t.cc execution test
FAIL: 27_io/filebuf_virtuals.cc execution test
FAIL: 27_io/istream_extractor_arith.cc execution test
FAIL: 27_io/streambuf.cc execution test
FAIL: 27_io/stringbuf.cc execution test
=== libstdc++-v3 Summary for unix ===
# of expected passes 353
# of unexpected failures 4
# of unexpected successes 9
# of expected failures 16
=== libstdc++-v3 Summary ===
# of expected passes 1059
# of unexpected failures 12
# of unexpected successes 27
# of expected failures 48
Compiler version: 3.2 20020304 (experimental)
Platform: sparc-sun-solaris2.7
configure flags: --host=sparc-sun-solaris2.7 --verbose