This is the mail archive of the
gcc-testresults@gcc.gnu.org
mailing list for the GCC project.
Results for 3.1 20020301 (prerelease) testsuite on i386-unknown-freebsd4.5
- From: <ljrittle at FreeBSD dot org>
- To: gcc-testresults at gcc dot gnu dot org, ljrittle at acm dot org, obrien at freebsd dot org
- Date: Sat, 2 Mar 2002 03:02:56 -0800 (PST)
- Subject: Results for 3.1 20020301 (prerelease) testsuite on i386-unknown-freebsd4.5
LAST_UPDATED: Sat Mar 2 06:54:53 GMT 2002
Native configuration is i386-unknown-freebsd4.5
=== g++ tests ===
Running target unix
FAIL: g++.dg/eh/ctor1.C execution test
FAIL: g++.dg/eh/dtor1.C execution test
FAIL: g++.dg/eh/filter1.C execution test
FAIL: g++.dg/eh/filter2.C execution test
FAIL: g++.dg/eh/loop1.C execution test
FAIL: g++.dg/eh/omit-frame-pointer.C execution test
FAIL: g++.dg/eh/registers1.C execution test
FAIL: g++.dg/eh/template1.C execution test
FAIL: g++.abi/cxa_vec.C Execution test
FAIL: g++.abi/vbase1.C Execution test
FAIL: g++.abi/vbase2.C Execution test
FAIL: g++.abi/vbase4.C Execution test
FAIL: g++.abi/vbase7.C Execution test
FAIL: g++.abi/vtable3a.C Execution test
FAIL: g++.abi/vtable3b.C Execution test
FAIL: g++.abi/vtable3c.C Execution test
FAIL: g++.abi/vtable3d.C Execution test
FAIL: g++.abi/vtable3e.C Execution test
FAIL: g++.abi/vtable3f.C Execution test
FAIL: g++.abi/vtable3g.C Execution test
FAIL: g++.abi/vtable3h.C Execution test
FAIL: g++.abi/vtable3i.C Execution test
FAIL: g++.abi/vtable3j.C Execution test
FAIL: g++.benjamin/15822.C Execution test
FAIL: g++.benjamin/typeid01.C Execution test
FAIL: g++.brendan/copy2.C Execution test
FAIL: g++.brendan/copy3.C Execution test
FAIL: g++.brendan/copy4.C Execution test
FAIL: g++.brendan/copy8.C Execution test
FAIL: g++.brendan/dtors2.C Execution test
FAIL: g++.brendan/dtors3.C Execution test
FAIL: g++.brendan/eh1.C Execution test
FAIL: g++.brendan/new2.C Execution test
FAIL: g++.brendan/new3.C Execution test
FAIL: g++.eh/badalloc1.C Execution test
FAIL: g++.eh/catch11.C Execution test
FAIL: g++.eh/catch12.C Execution test
FAIL: g++.eh/catch3.C Execution test
FAIL: g++.eh/catch3p.C Execution test
FAIL: g++.eh/catch4.C Execution test
FAIL: g++.eh/catch4p.C Execution test
FAIL: g++.eh/catch5.C Execution test
FAIL: g++.eh/catch5p.C Execution test
FAIL: g++.eh/catch6.C Execution test
FAIL: g++.eh/catch6p.C Execution test
FAIL: g++.eh/catch7.C Execution test
FAIL: g++.eh/catch7p.C Execution test
FAIL: g++.eh/catch8.C Execution test
FAIL: g++.eh/catch8p.C Execution test
FAIL: g++.eh/catch9.C Execution test
FAIL: g++.eh/catch9p.C Execution test
FAIL: g++.eh/catchptr1.C Execution test
FAIL: g++.eh/cleanup1.C Execution test
FAIL: g++.eh/cleanup2.C Execution test
FAIL: g++.eh/flow1.C Execution test
FAIL: g++.eh/fntry1.C Execution test
FAIL: g++.eh/ia64-1.C Execution test
FAIL: g++.eh/inline2.C Execution test
FAIL: g++.eh/new1.C Execution test
FAIL: g++.eh/new2.C Execution test
FAIL: g++.eh/pdel1.C Execution test
FAIL: g++.eh/pdel2.C Execution test
FAIL: g++.eh/ptr1.C Execution test
FAIL: g++.eh/ptrmem1.C Execution test
FAIL: g++.eh/rethrow1.C Execution test
FAIL: g++.eh/rethrow2.C Execution test
FAIL: g++.eh/rethrow3.C Execution test
FAIL: g++.eh/rethrow4.C Execution test
FAIL: g++.eh/rethrow5.C Execution test
FAIL: g++.eh/rethrow6.C Execution test
FAIL: g++.eh/spec1.C Execution test
FAIL: g++.eh/spec2.C Execution test
FAIL: g++.eh/spec3.C Execution test
FAIL: g++.eh/spec4.C Execution test
FAIL: g++.eh/terminate1.C Execution test
FAIL: g++.eh/tmpl1.C Execution test
FAIL: g++.eh/unwind1.C Execution test
FAIL: g++.eh/vbase1.C Execution test
FAIL: g++.eh/vbase2.C Execution test
FAIL: g++.eh/vbase4.C Execution test
FAIL: g++.ext/instantiate2.C not instantiated (test for errors, line 19)
FAIL: g++.jason/2371.C Execution test
FAIL: g++.jason/cond2.C Execution test
FAIL: g++.jason/init3.C Execution test
FAIL: g++.jason/inline3.C Execution test
FAIL: g++.jason/new3.C Execution test
FAIL: g++.jason/new4.C Execution test
FAIL: g++.jason/overload13.C Execution test
FAIL: g++.jason/ref7.C Execution test
FAIL: g++.jason/return2.C Execution test
FAIL: g++.jason/rvalue1.C Execution test
FAIL: g++.jason/static1.C Execution test
FAIL: g++.jason/synth7.C Execution test
FAIL: g++.jason/template31.C Execution test
FAIL: g++.jason/temporary3.C Execution test
FAIL: g++.jason/temporary4.C Execution test
FAIL: g++.jason/temporary8.C Execution test
FAIL: g++.law/arm7.C Execution test
FAIL: g++.law/array1.C Execution test
FAIL: g++.law/code-gen2.C Execution test
FAIL: g++.law/code-gen5.C Execution test
FAIL: g++.law/copy1.C Execution test
FAIL: g++.law/ctors12.C Execution test
FAIL: g++.law/ctors15.C Execution test
FAIL: g++.law/ctors8.C Execution test
FAIL: g++.law/cvt2.C Execution test
FAIL: g++.law/cvt4.C Execution test
FAIL: g++.law/dtors2.C Execution test
FAIL: g++.law/dtors3.C Execution test
FAIL: g++.law/dtors4.C Execution test
FAIL: g++.law/operators23.C Execution test
FAIL: g++.law/operators27.C Execution test
FAIL: g++.law/operators8.C Execution test
FAIL: g++.law/profile1.C (test for excess errors)
FAIL: g++.law/scope2.C Execution test
FAIL: g++.law/temps5.C Execution test
FAIL: g++.law/virtual3.C Execution test
FAIL: g++.martin/bitset1.C Execution test
FAIL: g++.martin/new1.C Execution test
FAIL: g++.mike/align1.C Execution test
FAIL: g++.mike/dyncast1.C Execution test
FAIL: g++.mike/dyncast2.C Execution test
FAIL: g++.mike/dyncast5.C Execution test
FAIL: g++.mike/dyncast7.C Execution test
FAIL: g++.mike/eh10.C Execution test
FAIL: g++.mike/eh12.C Execution test
FAIL: g++.mike/eh14.C Execution test
FAIL: g++.mike/eh16.C Execution test
FAIL: g++.mike/eh17.C Execution test
FAIL: g++.mike/eh18.C Execution test
FAIL: g++.mike/eh2.C Execution test
FAIL: g++.mike/eh21.C Execution test
FAIL: g++.mike/eh23.C Execution test
FAIL: g++.mike/eh24.C Execution test
FAIL: g++.mike/eh25.C Execution test
FAIL: g++.mike/eh26.C Execution test
FAIL: g++.mike/eh27.C Execution test
FAIL: g++.mike/eh28.C Execution test
FAIL: g++.mike/eh29.C Execution test
FAIL: g++.mike/eh3.C Execution test
FAIL: g++.mike/eh31.C Execution test
FAIL: g++.mike/eh33.C Execution test
FAIL: g++.mike/eh34.C Execution test
FAIL: g++.mike/eh35.C Execution test
FAIL: g++.mike/eh36.C Execution test
FAIL: g++.mike/eh37.C Execution test
FAIL: g++.mike/eh38.C Execution test
FAIL: g++.mike/eh39.C Execution test
FAIL: g++.mike/eh40.C Execution test
FAIL: g++.mike/eh41.C Execution test
FAIL: g++.mike/eh42.C Execution test
FAIL: g++.mike/eh44.C Execution test
FAIL: g++.mike/eh45.C Execution test
FAIL: g++.mike/eh47.C Execution test
FAIL: g++.mike/eh48.C Execution test
FAIL: g++.mike/eh49.C Execution test
FAIL: g++.mike/eh5.C Execution test
FAIL: g++.mike/eh50.C Execution test
FAIL: g++.mike/eh51.C Execution test
FAIL: g++.mike/eh55.C Execution test
FAIL: g++.mike/eh56.C Execution test
FAIL: g++.mike/eh59.C Execution test
FAIL: g++.mike/eh6.C Execution test
FAIL: g++.mike/eh8.C Execution test
FAIL: g++.mike/leak1.C Execution test
FAIL: g++.mike/mi1.C Execution test
FAIL: g++.mike/mi2.C Execution test
FAIL: g++.mike/misc1.C Execution test
FAIL: g++.mike/misc13.C Execution test
FAIL: g++.mike/misc14.C Execution test
FAIL: g++.mike/net15.C Execution test
FAIL: g++.mike/net16.C Execution test
FAIL: g++.mike/p16146.C Execution test
FAIL: g++.mike/p1862.C Execution test
FAIL: g++.mike/p2846.C Execution test
FAIL: g++.mike/p3068.C Execution test
FAIL: g++.mike/p3139.C Execution test
FAIL: g++.mike/p3579.C Execution test
FAIL: g++.mike/p3708.C Execution test
FAIL: g++.mike/p3708a.C Execution test
FAIL: g++.mike/p3708b.C Execution test
FAIL: g++.mike/p4246.C Execution test
FAIL: g++.mike/p4736c.C Execution test
FAIL: g++.mike/p5469.C Execution test
FAIL: g++.mike/p5469a.C Execution test
FAIL: g++.mike/p5571.C Execution test
FAIL: g++.mike/p5673.C Execution test
FAIL: g++.mike/p658.C Execution test
FAIL: g++.mike/p6610a.C Execution test
FAIL: g++.mike/p6610b.C Execution test
FAIL: g++.mike/p755.C Execution test
FAIL: g++.mike/p755a.C Execution test
FAIL: g++.mike/p783.C Execution test
FAIL: g++.mike/p783a.C Execution test
FAIL: g++.mike/p783b.C Execution test
FAIL: g++.mike/p7865.C Execution test
FAIL: g++.mike/p789a.C Execution test
FAIL: g++.mike/p7912.C Execution test
FAIL: g++.mike/p8018.C Execution test
FAIL: g++.mike/p9706.C Execution test
FAIL: g++.mike/p9732a.C Execution test
FAIL: g++.mike/pmf2.C Execution test
FAIL: g++.mike/pmf7.C Execution test
FAIL: g++.mike/rtti3.C Execution test
FAIL: g++.mike/temp.C Execution test
FAIL: g++.mike/thunk2.C Execution test
FAIL: g++.mike/thunk3.C Execution test
FAIL: g++.mike/virt5.C Execution test
FAIL: g++.ns/new1.C Execution test
FAIL: g++.oliva/delete2.C Execution test
FAIL: g++.oliva/delete3.C Execution test
FAIL: g++.oliva/new1.C Execution test
FAIL: g++.other/array1.C Execution test
FAIL: g++.other/dtor10.C Execution test
FAIL: g++.other/dtor11.C Execution test
FAIL: g++.other/dtor9.C Execution test
FAIL: g++.other/dyncast1.C Execution test
FAIL: g++.other/dyncast2.C Execution test
FAIL: g++.other/dyncast3.C Execution test
FAIL: g++.other/dyncast4.C Execution test
FAIL: g++.other/dyncast5.C Execution test
FAIL: g++.other/eh3.C Execution test
FAIL: g++.other/init7.C Execution test
FAIL: g++.other/inline7.C Execution test
FAIL: g++.other/inline8.C Execution test
FAIL: g++.other/loop1.C Execution test
FAIL: g++.other/new3.C Execution test
FAIL: g++.other/new5.C Execution test
FAIL: g++.other/new7.C Execution test
FAIL: g++.other/optimize2.C Execution test
FAIL: g++.other/overload9.C Execution test
FAIL: g++.other/pmf4.C Execution test
FAIL: g++.other/pmf5.C Execution test
FAIL: g++.other/singleton.C Execution test
FAIL: g++.other/temporary1.C Execution test
FAIL: g++.other/thunk1.C Execution test
FAIL: g++.other/unchanging1.C Execution test
FAIL: g++.other/vbase2.C Execution test
FAIL: g++.other/vtbl2.C Execution test
FAIL: g++.pt/expr1.C Execution test
FAIL: g++.pt/fntry1.C Execution test
FAIL: g++.pt/mi1.C Execution test
FAIL: g++.pt/ttp19.C Execution test
FAIL: g++.pt/ttp40.C Execution test
FAIL: g++.pt/virtual4.C Execution test
FAIL: g++.robertl/eb104.C Execution test
FAIL: g++.robertl/eb114.C Execution test
FAIL: g++.robertl/eb126.C Execution test
FAIL: g++.robertl/eb21.C Execution test
FAIL: g++.robertl/eb31.C Execution test
FAIL: g++.robertl/eb41.C Execution test
FAIL: g++.robertl/eb50.C Execution test
FAIL: g++.robertl/eb58.C Execution test
FAIL: g++.robertl/eb59.C Execution test
FAIL: g++.robertl/eb63.C Execution test
FAIL: g++.robertl/eb66.C Execution test
FAIL: g++.robertl/eb73.C Execution test
FAIL: g++.robertl/eb77.C Execution test
FAIL: g++.robertl/eb83.C Execution test
FAIL: g++.robertl/eb88.C Execution test
FAIL: g++.robertl/eh990323-1.C Execution test
FAIL: g++.robertl/eh990323-2.C Execution test
FAIL: g++.robertl/eh990323-3.C Execution test
FAIL: g++.robertl/eh990323-4.C Execution test
FAIL: g++.robertl/eh990323-5.C Execution test
FAIL: g++.robertl/ice990323-2.C Execution test
=== g++ Summary for unix ===
# of expected passes 6811
# of unexpected failures 266
# of expected failures 93
# of untested testcases 12
Running target unix/-pthread -fpic
FAIL: g++.dg/eh/ctor1.C execution test
FAIL: g++.dg/eh/dtor1.C execution test
FAIL: g++.dg/eh/filter1.C execution test
FAIL: g++.dg/eh/filter2.C execution test
FAIL: g++.dg/eh/loop1.C execution test
FAIL: g++.dg/eh/omit-frame-pointer.C execution test
FAIL: g++.dg/eh/registers1.C execution test
FAIL: g++.dg/eh/template1.C execution test
FAIL: g++.abi/cxa_vec.C Execution test
FAIL: g++.abi/vbase1.C Execution test
FAIL: g++.abi/vbase2.C Execution test
FAIL: g++.abi/vbase4.C Execution test
FAIL: g++.abi/vbase7.C Execution test
FAIL: g++.abi/vtable3a.C Execution test
FAIL: g++.abi/vtable3b.C Execution test
FAIL: g++.abi/vtable3c.C Execution test
FAIL: g++.abi/vtable3d.C Execution test
FAIL: g++.abi/vtable3e.C Execution test
FAIL: g++.abi/vtable3f.C Execution test
FAIL: g++.abi/vtable3g.C Execution test
FAIL: g++.abi/vtable3h.C Execution test
FAIL: g++.abi/vtable3i.C Execution test
FAIL: g++.abi/vtable3j.C Execution test
FAIL: g++.benjamin/15822.C Execution test
FAIL: g++.benjamin/typeid01.C Execution test
FAIL: g++.brendan/copy2.C Execution test
FAIL: g++.brendan/copy3.C Execution test
FAIL: g++.brendan/copy4.C Execution test
FAIL: g++.brendan/copy8.C Execution test
FAIL: g++.brendan/dtors2.C Execution test
FAIL: g++.brendan/dtors3.C Execution test
FAIL: g++.brendan/eh1.C Execution test
FAIL: g++.brendan/new2.C Execution test
FAIL: g++.brendan/new3.C Execution test
FAIL: g++.eh/badalloc1.C Execution test
FAIL: g++.eh/catch11.C Execution test
FAIL: g++.eh/catch12.C Execution test
FAIL: g++.eh/catch3.C Execution test
FAIL: g++.eh/catch3p.C Execution test
FAIL: g++.eh/catch4.C Execution test
FAIL: g++.eh/catch4p.C Execution test
FAIL: g++.eh/catch5.C Execution test
FAIL: g++.eh/catch5p.C Execution test
FAIL: g++.eh/catch6.C Execution test
FAIL: g++.eh/catch6p.C Execution test
FAIL: g++.eh/catch7.C Execution test
FAIL: g++.eh/catch7p.C Execution test
FAIL: g++.eh/catch8.C Execution test
FAIL: g++.eh/catch8p.C Execution test
FAIL: g++.eh/catch9.C Execution test
FAIL: g++.eh/catch9p.C Execution test
FAIL: g++.eh/catchptr1.C Execution test
FAIL: g++.eh/cleanup1.C Execution test
FAIL: g++.eh/cleanup2.C Execution test
FAIL: g++.eh/flow1.C Execution test
FAIL: g++.eh/fntry1.C Execution test
FAIL: g++.eh/ia64-1.C Execution test
FAIL: g++.eh/inline2.C Execution test
FAIL: g++.eh/new1.C Execution test
FAIL: g++.eh/new2.C Execution test
FAIL: g++.eh/pdel1.C Execution test
FAIL: g++.eh/pdel2.C Execution test
FAIL: g++.eh/ptr1.C Execution test
FAIL: g++.eh/ptrmem1.C Execution test
FAIL: g++.eh/rethrow1.C Execution test
FAIL: g++.eh/rethrow2.C Execution test
FAIL: g++.eh/rethrow3.C Execution test
FAIL: g++.eh/rethrow4.C Execution test
FAIL: g++.eh/rethrow5.C Execution test
FAIL: g++.eh/rethrow6.C Execution test
FAIL: g++.eh/spec1.C Execution test
FAIL: g++.eh/spec2.C Execution test
FAIL: g++.eh/spec3.C Execution test
FAIL: g++.eh/spec4.C Execution test
FAIL: g++.eh/terminate1.C Execution test
FAIL: g++.eh/tmpl1.C Execution test
FAIL: g++.eh/unwind1.C Execution test
FAIL: g++.eh/vbase1.C Execution test
FAIL: g++.eh/vbase2.C Execution test
FAIL: g++.eh/vbase4.C Execution test
FAIL: g++.ext/instantiate2.C not instantiated (test for errors, line 19)
FAIL: g++.jason/2371.C Execution test
FAIL: g++.jason/cond2.C Execution test
FAIL: g++.jason/init3.C Execution test
FAIL: g++.jason/inline3.C Execution test
FAIL: g++.jason/new3.C Execution test
FAIL: g++.jason/new4.C Execution test
FAIL: g++.jason/overload13.C Execution test
FAIL: g++.jason/ref7.C Execution test
FAIL: g++.jason/return2.C Execution test
FAIL: g++.jason/rvalue1.C Execution test
FAIL: g++.jason/static1.C Execution test
FAIL: g++.jason/synth7.C Execution test
FAIL: g++.jason/template31.C Execution test
FAIL: g++.jason/temporary3.C Execution test
FAIL: g++.jason/temporary4.C Execution test
FAIL: g++.jason/temporary8.C Execution test
FAIL: g++.law/arm7.C Execution test
FAIL: g++.law/array1.C Execution test
FAIL: g++.law/code-gen2.C Execution test
FAIL: g++.law/code-gen5.C Execution test
FAIL: g++.law/copy1.C Execution test
FAIL: g++.law/ctors12.C Execution test
FAIL: g++.law/ctors15.C Execution test
FAIL: g++.law/ctors8.C Execution test
FAIL: g++.law/cvt2.C Execution test
FAIL: g++.law/cvt4.C Execution test
FAIL: g++.law/dtors2.C Execution test
FAIL: g++.law/dtors3.C Execution test
FAIL: g++.law/dtors4.C Execution test
FAIL: g++.law/operators23.C Execution test
FAIL: g++.law/operators27.C Execution test
FAIL: g++.law/operators8.C Execution test
FAIL: g++.law/profile1.C (test for excess errors)
FAIL: g++.law/scope2.C Execution test
FAIL: g++.law/temps5.C Execution test
FAIL: g++.law/virtual3.C Execution test
FAIL: g++.martin/bitset1.C Execution test
FAIL: g++.martin/new1.C Execution test
FAIL: g++.mike/align1.C Execution test
FAIL: g++.mike/dyncast1.C Execution test
FAIL: g++.mike/dyncast2.C Execution test
FAIL: g++.mike/dyncast5.C Execution test
FAIL: g++.mike/dyncast7.C Execution test
FAIL: g++.mike/eh10.C Execution test
FAIL: g++.mike/eh12.C Execution test
FAIL: g++.mike/eh14.C Execution test
FAIL: g++.mike/eh16.C Execution test
FAIL: g++.mike/eh17.C Execution test
FAIL: g++.mike/eh18.C Execution test
FAIL: g++.mike/eh2.C Execution test
FAIL: g++.mike/eh21.C Execution test
FAIL: g++.mike/eh23.C Execution test
FAIL: g++.mike/eh24.C Execution test
FAIL: g++.mike/eh25.C Execution test
FAIL: g++.mike/eh26.C Execution test
FAIL: g++.mike/eh27.C Execution test
FAIL: g++.mike/eh28.C Execution test
FAIL: g++.mike/eh29.C Execution test
FAIL: g++.mike/eh3.C Execution test
FAIL: g++.mike/eh31.C Execution test
FAIL: g++.mike/eh33.C Execution test
FAIL: g++.mike/eh34.C Execution test
FAIL: g++.mike/eh35.C Execution test
FAIL: g++.mike/eh36.C Execution test
FAIL: g++.mike/eh37.C Execution test
FAIL: g++.mike/eh38.C Execution test
FAIL: g++.mike/eh39.C Execution test
FAIL: g++.mike/eh40.C Execution test
FAIL: g++.mike/eh41.C Execution test
FAIL: g++.mike/eh42.C Execution test
FAIL: g++.mike/eh44.C Execution test
FAIL: g++.mike/eh45.C Execution test
FAIL: g++.mike/eh47.C Execution test
FAIL: g++.mike/eh48.C Execution test
FAIL: g++.mike/eh49.C Execution test
FAIL: g++.mike/eh5.C Execution test
FAIL: g++.mike/eh50.C Execution test
FAIL: g++.mike/eh51.C Execution test
FAIL: g++.mike/eh55.C Execution test
FAIL: g++.mike/eh56.C Execution test
FAIL: g++.mike/eh59.C Execution test
FAIL: g++.mike/eh6.C Execution test
FAIL: g++.mike/eh8.C Execution test
FAIL: g++.mike/leak1.C Execution test
FAIL: g++.mike/mi1.C Execution test
FAIL: g++.mike/mi2.C Execution test
FAIL: g++.mike/misc1.C Execution test
FAIL: g++.mike/misc13.C Execution test
FAIL: g++.mike/misc14.C Execution test
FAIL: g++.mike/net15.C Execution test
FAIL: g++.mike/net16.C Execution test
FAIL: g++.mike/p16146.C Execution test
FAIL: g++.mike/p1862.C Execution test
FAIL: g++.mike/p2846.C Execution test
FAIL: g++.mike/p3068.C Execution test
FAIL: g++.mike/p3139.C Execution test
FAIL: g++.mike/p3579.C Execution test
FAIL: g++.mike/p3708.C Execution test
FAIL: g++.mike/p3708a.C Execution test
FAIL: g++.mike/p3708b.C Execution test
FAIL: g++.mike/p4246.C Execution test
FAIL: g++.mike/p4736c.C Execution test
FAIL: g++.mike/p5469.C Execution test
FAIL: g++.mike/p5469a.C Execution test
FAIL: g++.mike/p5571.C Execution test
FAIL: g++.mike/p5673.C Execution test
FAIL: g++.mike/p658.C Execution test
FAIL: g++.mike/p6610a.C Execution test
FAIL: g++.mike/p6610b.C Execution test
FAIL: g++.mike/p755.C Execution test
FAIL: g++.mike/p755a.C Execution test
FAIL: g++.mike/p783.C Execution test
FAIL: g++.mike/p783a.C Execution test
FAIL: g++.mike/p783b.C Execution test
FAIL: g++.mike/p7865.C Execution test
FAIL: g++.mike/p789a.C Execution test
FAIL: g++.mike/p7912.C Execution test
FAIL: g++.mike/p8018.C Execution test
FAIL: g++.mike/p9706.C Execution test
FAIL: g++.mike/p9732a.C Execution test
FAIL: g++.mike/pmf2.C Execution test
FAIL: g++.mike/pmf7.C Execution test
FAIL: g++.mike/rtti3.C Execution test
FAIL: g++.mike/temp.C Execution test
FAIL: g++.mike/thunk2.C Execution test
FAIL: g++.mike/thunk3.C Execution test
FAIL: g++.mike/virt5.C Execution test
FAIL: g++.ns/new1.C Execution test
FAIL: g++.oliva/delete2.C Execution test
FAIL: g++.oliva/delete3.C Execution test
FAIL: g++.oliva/new1.C Execution test
FAIL: g++.other/array1.C Execution test
FAIL: g++.other/dtor10.C Execution test
FAIL: g++.other/dtor11.C Execution test
FAIL: g++.other/dtor9.C Execution test
FAIL: g++.other/dyncast1.C Execution test
FAIL: g++.other/dyncast2.C Execution test
FAIL: g++.other/dyncast3.C Execution test
FAIL: g++.other/dyncast4.C Execution test
FAIL: g++.other/dyncast5.C Execution test
FAIL: g++.other/eh3.C Execution test
FAIL: g++.other/init7.C Execution test
FAIL: g++.other/inline7.C Execution test
FAIL: g++.other/inline8.C Execution test
FAIL: g++.other/loop1.C Execution test
FAIL: g++.other/new3.C Execution test
FAIL: g++.other/new5.C Execution test
FAIL: g++.other/new7.C Execution test
FAIL: g++.other/optimize2.C Execution test
FAIL: g++.other/overload9.C Execution test
FAIL: g++.other/pmf4.C Execution test
FAIL: g++.other/pmf5.C Execution test
FAIL: g++.other/singleton.C Execution test
FAIL: g++.other/temporary1.C Execution test
FAIL: g++.other/thunk1.C Execution test
FAIL: g++.other/unchanging1.C Execution test
FAIL: g++.other/vbase2.C Execution test
FAIL: g++.other/vtbl2.C Execution test
FAIL: g++.pt/expr1.C Execution test
FAIL: g++.pt/fntry1.C Execution test
FAIL: g++.pt/mi1.C Execution test
FAIL: g++.pt/ttp19.C Execution test
FAIL: g++.pt/ttp40.C Execution test
FAIL: g++.pt/virtual4.C Execution test
FAIL: g++.robertl/eb104.C Execution test
FAIL: g++.robertl/eb114.C Execution test
FAIL: g++.robertl/eb126.C Execution test
FAIL: g++.robertl/eb21.C Execution test
FAIL: g++.robertl/eb31.C Execution test
FAIL: g++.robertl/eb41.C Execution test
FAIL: g++.robertl/eb50.C Execution test
FAIL: g++.robertl/eb58.C Execution test
FAIL: g++.robertl/eb59.C Execution test
FAIL: g++.robertl/eb63.C Execution test
FAIL: g++.robertl/eb66.C Execution test
FAIL: g++.robertl/eb73.C Execution test
FAIL: g++.robertl/eb77.C Execution test
FAIL: g++.robertl/eb83.C Execution test
FAIL: g++.robertl/eb88.C Execution test
FAIL: g++.robertl/eh990323-1.C Execution test
FAIL: g++.robertl/eh990323-2.C Execution test
FAIL: g++.robertl/eh990323-3.C Execution test
FAIL: g++.robertl/eh990323-4.C Execution test
FAIL: g++.robertl/eh990323-5.C Execution test
FAIL: g++.robertl/ice990323-2.C Execution test
=== g++ Summary for unix/-pthread -fpic ===
# of expected passes 6811
# of unexpected failures 266
# of expected failures 93
# of untested testcases 12
=== g++ Summary ===
# of expected passes 13622
# of unexpected failures 532
# of expected failures 186
# of untested testcases 24
/local0/scratch/ljrittle/gcc-build-ref4-0301/gcc/testsuite/../g++ version 3.1 20020301 (prerelease)
=== g77 tests ===
Running target unix
FAIL: g77.dg/bprob/bprob-1.f execution, -g -fprofile-arcs
UNRESOLVED: g77.dg/bprob/bprob-1.f compilation, -g -fbranch-probabilities
UNRESOLVED: g77.dg/bprob/bprob-1.f execution, -g -fbranch-probabilities
FAIL: g77.dg/bprob/bprob-1.f execution, -O0 -fprofile-arcs
UNRESOLVED: g77.dg/bprob/bprob-1.f compilation, -O0 -fbranch-probabilities
UNRESOLVED: g77.dg/bprob/bprob-1.f execution, -O0 -fbranch-probabilities
FAIL: g77.dg/bprob/bprob-1.f execution, -O1 -fprofile-arcs
UNRESOLVED: g77.dg/bprob/bprob-1.f compilation, -O1 -fbranch-probabilities
UNRESOLVED: g77.dg/bprob/bprob-1.f execution, -O1 -fbranch-probabilities
FAIL: g77.dg/bprob/bprob-1.f execution, -O2 -fprofile-arcs
UNRESOLVED: g77.dg/bprob/bprob-1.f compilation, -O2 -fbranch-probabilities
UNRESOLVED: g77.dg/bprob/bprob-1.f execution, -O2 -fbranch-probabilities
FAIL: g77.dg/bprob/bprob-1.f execution, -O3 -fprofile-arcs
UNRESOLVED: g77.dg/bprob/bprob-1.f compilation, -O3 -fbranch-probabilities
UNRESOLVED: g77.dg/bprob/bprob-1.f execution, -O3 -fbranch-probabilities
FAIL: g77.dg/bprob/bprob-1.f execution, -O3 -g -fprofile-arcs
UNRESOLVED: g77.dg/bprob/bprob-1.f compilation, -O3 -g -fbranch-probabilities
UNRESOLVED: g77.dg/bprob/bprob-1.f execution, -O3 -g -fbranch-probabilities
FAIL: g77.dg/bprob/bprob-1.f execution, -Os -fprofile-arcs
UNRESOLVED: g77.dg/bprob/bprob-1.f compilation, -Os -fbranch-probabilities
UNRESOLVED: g77.dg/bprob/bprob-1.f execution, -Os -fbranch-probabilities
FAIL: g77.dg/gcov/gcov-1.f execution test
FAIL: g77.dg/gcov/gcov-1.f gcov: 118 failures in line counts, 32 in branch percentages, 24 in return percentages
=== g77 Summary for unix ===
# of expected passes 1429
# of unexpected failures 9
# of unresolved testcases 14
# of unsupported tests 8
Running target unix/-pthread -fpic
FAIL: g77.dg/bprob/bprob-1.f execution, -g -fprofile-arcs
UNRESOLVED: g77.dg/bprob/bprob-1.f compilation, -g -fbranch-probabilities
UNRESOLVED: g77.dg/bprob/bprob-1.f execution, -g -fbranch-probabilities
FAIL: g77.dg/bprob/bprob-1.f execution, -O0 -fprofile-arcs
UNRESOLVED: g77.dg/bprob/bprob-1.f compilation, -O0 -fbranch-probabilities
UNRESOLVED: g77.dg/bprob/bprob-1.f execution, -O0 -fbranch-probabilities
FAIL: g77.dg/bprob/bprob-1.f execution, -O1 -fprofile-arcs
UNRESOLVED: g77.dg/bprob/bprob-1.f compilation, -O1 -fbranch-probabilities
UNRESOLVED: g77.dg/bprob/bprob-1.f execution, -O1 -fbranch-probabilities
FAIL: g77.dg/bprob/bprob-1.f execution, -O2 -fprofile-arcs
UNRESOLVED: g77.dg/bprob/bprob-1.f compilation, -O2 -fbranch-probabilities
UNRESOLVED: g77.dg/bprob/bprob-1.f execution, -O2 -fbranch-probabilities
FAIL: g77.dg/bprob/bprob-1.f execution, -O3 -fprofile-arcs
UNRESOLVED: g77.dg/bprob/bprob-1.f compilation, -O3 -fbranch-probabilities
UNRESOLVED: g77.dg/bprob/bprob-1.f execution, -O3 -fbranch-probabilities
FAIL: g77.dg/bprob/bprob-1.f execution, -O3 -g -fprofile-arcs
UNRESOLVED: g77.dg/bprob/bprob-1.f compilation, -O3 -g -fbranch-probabilities
UNRESOLVED: g77.dg/bprob/bprob-1.f execution, -O3 -g -fbranch-probabilities
FAIL: g77.dg/bprob/bprob-1.f execution, -Os -fprofile-arcs
UNRESOLVED: g77.dg/bprob/bprob-1.f compilation, -Os -fbranch-probabilities
UNRESOLVED: g77.dg/bprob/bprob-1.f execution, -Os -fbranch-probabilities
FAIL: g77.dg/gcov/gcov-1.f execution test
FAIL: g77.dg/gcov/gcov-1.f gcov: 118 failures in line counts, 32 in branch percentages, 24 in return percentages
=== g77 Summary for unix/-pthread -fpic ===
# of expected passes 1429
# of unexpected failures 9
# of unresolved testcases 14
# of unsupported tests 8
=== g77 Summary ===
# of expected passes 2858
# of unexpected failures 18
# of unresolved testcases 28
# of unsupported tests 16
/local0/scratch/ljrittle/gcc-build-ref4-0301/gcc/testsuite/../g77 version 3.1 20020301 (prerelease)
=== gcc tests ===
Running target unix
FAIL: gcc.c-torture/execute/20011223-1.c execution, -O2
FAIL: gcc.c-torture/execute/20011223-1.c execution, -O3 -fomit-frame-pointer
FAIL: gcc.c-torture/execute/20011223-1.c execution, -O3 -g
FAIL: gcc.c-torture/execute/20011223-1.c execution, -Os
FAIL: gcc.c-torture/execute/loop-2c.c execution, -Os
FAIL: gcc.c-torture/execute/loop-2d.c execution, -Os
FAIL: gcc.c-torture/execute/loop-3c.c execution, -Os
FAIL: gcc.dg/20020201-1.c execution test
FAIL: gcc.dg/format/c99-scanf-3.c vfscanf (test for warnings, line 21)
FAIL: gcc.dg/format/c99-scanf-3.c vfscanf (test for warnings, line 21)
FAIL: gcc.dg/format/ext-6.c vfscanf (test for warnings, line 42)
FAIL: gcc.dg/format/ext-6.c vfscanf (test for warnings, line 42)
FAIL: gcc.misc-tests/bprob-1.c execution, -g -fprofile-arcs
UNRESOLVED: gcc.misc-tests/bprob-1.c compilation, -g -fbranch-probabilities
UNRESOLVED: gcc.misc-tests/bprob-1.c execution, -g -fbranch-probabilities
FAIL: gcc.misc-tests/bprob-1.c execution, -O0 -fprofile-arcs
UNRESOLVED: gcc.misc-tests/bprob-1.c compilation, -O0 -fbranch-probabilities
UNRESOLVED: gcc.misc-tests/bprob-1.c execution, -O0 -fbranch-probabilities
FAIL: gcc.misc-tests/bprob-1.c execution, -O1 -fprofile-arcs
UNRESOLVED: gcc.misc-tests/bprob-1.c compilation, -O1 -fbranch-probabilities
UNRESOLVED: gcc.misc-tests/bprob-1.c execution, -O1 -fbranch-probabilities
FAIL: gcc.misc-tests/bprob-1.c execution, -O2 -DPERFTIME -fprofile-arcs
UNRESOLVED: gcc.misc-tests/bprob-1.c compilation, -O2 -DPERFTIME -fbranch-probabilities
UNRESOLVED: gcc.misc-tests/bprob-1.c execution, -O2 -DPERFTIME -fbranch-probabilities
FAIL: gcc.misc-tests/bprob-1.c execution, -O3 -DPERFTIME -fprofile-arcs
UNRESOLVED: gcc.misc-tests/bprob-1.c compilation, -O3 -DPERFTIME -fbranch-probabilities
UNRESOLVED: gcc.misc-tests/bprob-1.c execution, -O3 -DPERFTIME -fbranch-probabilities
FAIL: gcc.misc-tests/bprob-1.c execution, -O3 -g -DPERFTIME -fprofile-arcs
UNRESOLVED: gcc.misc-tests/bprob-1.c compilation, -O3 -g -DPERFTIME -fbranch-probabilities
UNRESOLVED: gcc.misc-tests/bprob-1.c execution, -O3 -g -DPERFTIME -fbranch-probabilities
FAIL: gcc.misc-tests/bprob-1.c execution, -Os -fprofile-arcs
UNRESOLVED: gcc.misc-tests/bprob-1.c compilation, -Os -fbranch-probabilities
UNRESOLVED: gcc.misc-tests/bprob-1.c execution, -Os -fbranch-probabilities
FAIL: gcc.misc-tests/bprob-2.c execution, -g -fprofile-arcs
UNRESOLVED: gcc.misc-tests/bprob-2.c compilation, -g -fbranch-probabilities
UNRESOLVED: gcc.misc-tests/bprob-2.c execution, -g -fbranch-probabilities
FAIL: gcc.misc-tests/bprob-2.c execution, -O0 -fprofile-arcs
UNRESOLVED: gcc.misc-tests/bprob-2.c compilation, -O0 -fbranch-probabilities
UNRESOLVED: gcc.misc-tests/bprob-2.c execution, -O0 -fbranch-probabilities
FAIL: gcc.misc-tests/bprob-2.c execution, -O1 -fprofile-arcs
UNRESOLVED: gcc.misc-tests/bprob-2.c compilation, -O1 -fbranch-probabilities
UNRESOLVED: gcc.misc-tests/bprob-2.c execution, -O1 -fbranch-probabilities
FAIL: gcc.misc-tests/bprob-2.c execution, -O2 -DPERFTIME -fprofile-arcs
UNRESOLVED: gcc.misc-tests/bprob-2.c compilation, -O2 -DPERFTIME -fbranch-probabilities
UNRESOLVED: gcc.misc-tests/bprob-2.c execution, -O2 -DPERFTIME -fbranch-probabilities
FAIL: gcc.misc-tests/bprob-2.c execution, -O3 -DPERFTIME -fprofile-arcs
UNRESOLVED: gcc.misc-tests/bprob-2.c compilation, -O3 -DPERFTIME -fbranch-probabilities
UNRESOLVED: gcc.misc-tests/bprob-2.c execution, -O3 -DPERFTIME -fbranch-probabilities
FAIL: gcc.misc-tests/bprob-2.c execution, -O3 -g -DPERFTIME -fprofile-arcs
UNRESOLVED: gcc.misc-tests/bprob-2.c compilation, -O3 -g -DPERFTIME -fbranch-probabilities
UNRESOLVED: gcc.misc-tests/bprob-2.c execution, -O3 -g -DPERFTIME -fbranch-probabilities
FAIL: gcc.misc-tests/bprob-2.c execution, -Os -fprofile-arcs
UNRESOLVED: gcc.misc-tests/bprob-2.c compilation, -Os -fbranch-probabilities
UNRESOLVED: gcc.misc-tests/bprob-2.c execution, -Os -fbranch-probabilities
FAIL: gcc.misc-tests/gcov-1.c execution test
FAIL: gcc.misc-tests/gcov-1.c gcov: 3 failures in line counts
FAIL: gcc.misc-tests/gcov-2.c execution test
FAIL: gcc.misc-tests/gcov-2.c gcov: 3 failures in line counts
FAIL: gcc.misc-tests/gcov-3.c execution test
FAIL: gcc.misc-tests/gcov-3.c gcov: 2 failures in line counts
FAIL: gcc.misc-tests/gcov-4.c execution test
FAIL: gcc.misc-tests/gcov-4.c gcov: 50 failures in line counts
FAIL: gcc.misc-tests/gcov-4b.c execution test
FAIL: gcc.misc-tests/gcov-4b.c gcov: 24 failures in branch percentages
FAIL: gcc.misc-tests/gcov-5b.c execution test
FAIL: gcc.misc-tests/gcov-6.c execution test
FAIL: gcc.misc-tests/gcov-6.c gcov: 3 failures in line counts, 1 in branch percentages, 3 in return percentages
FAIL: gcc.misc-tests/gcov-7.c execution test
FAIL: gcc.misc-tests/gcov-7.c gcov: 9 failures in line counts, 3 in branch percentages, 4 in return percentages
=== gcc Summary for unix ===
# of expected passes 17856
# of unexpected failures 41
# of expected failures 62
# of unresolved testcases 28
# of unsupported tests 38
Running target unix/-pthread -fpic
FAIL: gcc.c-torture/compile/20000804-1.c, -O0
FAIL: gcc.c-torture/execute/20000402-1.c execution, -O0
FAIL: gcc.c-torture/execute/20011223-1.c execution, -O2
FAIL: gcc.c-torture/execute/20011223-1.c execution, -O3 -fomit-frame-pointer
FAIL: gcc.c-torture/execute/20011223-1.c execution, -O3 -g
FAIL: gcc.c-torture/execute/20011223-1.c execution, -Os
FAIL: gcc.c-torture/execute/20020201-1.c execution, -O0
FAIL: gcc.c-torture/execute/20020201-1.c execution, -O1
FAIL: gcc.c-torture/execute/20020201-1.c execution, -O2
FAIL: gcc.c-torture/execute/20020201-1.c execution, -O3 -fomit-frame-pointer
FAIL: gcc.c-torture/execute/20020201-1.c execution, -O3 -g
FAIL: gcc.c-torture/execute/20020201-1.c execution, -Os
FAIL: gcc.c-torture/execute/920501-2.c execution, -O0
FAIL: gcc.c-torture/execute/920501-2.c execution, -O1
FAIL: gcc.c-torture/execute/920501-2.c execution, -O2
FAIL: gcc.c-torture/execute/920501-2.c execution, -O3 -fomit-frame-pointer
FAIL: gcc.c-torture/execute/920501-2.c execution, -O3 -fomit-frame-pointer -funroll-loops
FAIL: gcc.c-torture/execute/920501-2.c execution, -O3 -fomit-frame-pointer -funroll-all-loops -finline-functions
FAIL: gcc.c-torture/execute/920501-2.c execution, -O3 -g
FAIL: gcc.c-torture/execute/920501-2.c execution, -Os
FAIL: gcc.c-torture/execute/920501-6.c execution, -O0
FAIL: gcc.c-torture/execute/920501-6.c execution, -O1
FAIL: gcc.c-torture/execute/920501-6.c execution, -O2
FAIL: gcc.c-torture/execute/920501-6.c execution, -O3 -fomit-frame-pointer
FAIL: gcc.c-torture/execute/920501-6.c execution, -O3 -fomit-frame-pointer -funroll-loops
FAIL: gcc.c-torture/execute/920501-6.c execution, -O3 -fomit-frame-pointer -funroll-all-loops -finline-functions
FAIL: gcc.c-torture/execute/920501-6.c execution, -O3 -g
FAIL: gcc.c-torture/execute/920501-6.c execution, -Os
FAIL: gcc.c-torture/execute/920604-1.c execution, -O0
FAIL: gcc.c-torture/execute/920604-1.c execution, -O1
FAIL: gcc.c-torture/execute/920604-1.c execution, -O2
FAIL: gcc.c-torture/execute/920604-1.c execution, -O3 -fomit-frame-pointer
FAIL: gcc.c-torture/execute/920604-1.c execution, -O3 -g
FAIL: gcc.c-torture/execute/920604-1.c execution, -Os
FAIL: gcc.c-torture/execute/divconst-3.c execution, -O0
FAIL: gcc.c-torture/execute/divconst-3.c execution, -O1
FAIL: gcc.c-torture/execute/divconst-3.c execution, -O2
FAIL: gcc.c-torture/execute/divconst-3.c execution, -O3 -fomit-frame-pointer
FAIL: gcc.c-torture/execute/divconst-3.c execution, -O3 -g
FAIL: gcc.c-torture/execute/divconst-3.c execution, -Os
FAIL: gcc.dg/20011119-1.c (test for excess errors)
WARNING: gcc.dg/20011119-1.c compilation failed to produce executable
FAIL: gcc.dg/20020201-1.c execution test
FAIL: gcc.dg/asm-names.c (test for excess errors)
FAIL: gcc.dg/format/c99-scanf-3.c vfscanf (test for warnings, line 21)
FAIL: gcc.dg/format/c99-scanf-3.c vfscanf (test for warnings, line 21)
FAIL: gcc.dg/format/ext-6.c vfscanf (test for warnings, line 42)
FAIL: gcc.dg/format/ext-6.c vfscanf (test for warnings, line 42)
FAIL: gcc.misc-tests/bprob-1.c execution, -g -fprofile-arcs
UNRESOLVED: gcc.misc-tests/bprob-1.c compilation, -g -fbranch-probabilities
UNRESOLVED: gcc.misc-tests/bprob-1.c execution, -g -fbranch-probabilities
FAIL: gcc.misc-tests/bprob-1.c execution, -O0 -fprofile-arcs
UNRESOLVED: gcc.misc-tests/bprob-1.c compilation, -O0 -fbranch-probabilities
UNRESOLVED: gcc.misc-tests/bprob-1.c execution, -O0 -fbranch-probabilities
FAIL: gcc.misc-tests/bprob-1.c execution, -O1 -fprofile-arcs
UNRESOLVED: gcc.misc-tests/bprob-1.c compilation, -O1 -fbranch-probabilities
UNRESOLVED: gcc.misc-tests/bprob-1.c execution, -O1 -fbranch-probabilities
FAIL: gcc.misc-tests/bprob-1.c execution, -O2 -DPERFTIME -fprofile-arcs
UNRESOLVED: gcc.misc-tests/bprob-1.c compilation, -O2 -DPERFTIME -fbranch-probabilities
UNRESOLVED: gcc.misc-tests/bprob-1.c execution, -O2 -DPERFTIME -fbranch-probabilities
FAIL: gcc.misc-tests/bprob-1.c execution, -O3 -DPERFTIME -fprofile-arcs
UNRESOLVED: gcc.misc-tests/bprob-1.c compilation, -O3 -DPERFTIME -fbranch-probabilities
UNRESOLVED: gcc.misc-tests/bprob-1.c execution, -O3 -DPERFTIME -fbranch-probabilities
FAIL: gcc.misc-tests/bprob-1.c execution, -O3 -g -DPERFTIME -fprofile-arcs
UNRESOLVED: gcc.misc-tests/bprob-1.c compilation, -O3 -g -DPERFTIME -fbranch-probabilities
UNRESOLVED: gcc.misc-tests/bprob-1.c execution, -O3 -g -DPERFTIME -fbranch-probabilities
FAIL: gcc.misc-tests/bprob-1.c execution, -Os -fprofile-arcs
UNRESOLVED: gcc.misc-tests/bprob-1.c compilation, -Os -fbranch-probabilities
UNRESOLVED: gcc.misc-tests/bprob-1.c execution, -Os -fbranch-probabilities
FAIL: gcc.misc-tests/bprob-2.c execution, -g -fprofile-arcs
UNRESOLVED: gcc.misc-tests/bprob-2.c compilation, -g -fbranch-probabilities
UNRESOLVED: gcc.misc-tests/bprob-2.c execution, -g -fbranch-probabilities
FAIL: gcc.misc-tests/bprob-2.c execution, -O0 -fprofile-arcs
UNRESOLVED: gcc.misc-tests/bprob-2.c compilation, -O0 -fbranch-probabilities
UNRESOLVED: gcc.misc-tests/bprob-2.c execution, -O0 -fbranch-probabilities
FAIL: gcc.misc-tests/bprob-2.c execution, -O1 -fprofile-arcs
UNRESOLVED: gcc.misc-tests/bprob-2.c compilation, -O1 -fbranch-probabilities
UNRESOLVED: gcc.misc-tests/bprob-2.c execution, -O1 -fbranch-probabilities
FAIL: gcc.misc-tests/bprob-2.c execution, -O2 -DPERFTIME -fprofile-arcs
UNRESOLVED: gcc.misc-tests/bprob-2.c compilation, -O2 -DPERFTIME -fbranch-probabilities
UNRESOLVED: gcc.misc-tests/bprob-2.c execution, -O2 -DPERFTIME -fbranch-probabilities
FAIL: gcc.misc-tests/bprob-2.c execution, -O3 -DPERFTIME -fprofile-arcs
UNRESOLVED: gcc.misc-tests/bprob-2.c compilation, -O3 -DPERFTIME -fbranch-probabilities
UNRESOLVED: gcc.misc-tests/bprob-2.c execution, -O3 -DPERFTIME -fbranch-probabilities
FAIL: gcc.misc-tests/bprob-2.c execution, -O3 -g -DPERFTIME -fprofile-arcs
UNRESOLVED: gcc.misc-tests/bprob-2.c compilation, -O3 -g -DPERFTIME -fbranch-probabilities
UNRESOLVED: gcc.misc-tests/bprob-2.c execution, -O3 -g -DPERFTIME -fbranch-probabilities
FAIL: gcc.misc-tests/bprob-2.c execution, -Os -fprofile-arcs
UNRESOLVED: gcc.misc-tests/bprob-2.c compilation, -Os -fbranch-probabilities
UNRESOLVED: gcc.misc-tests/bprob-2.c execution, -Os -fbranch-probabilities
FAIL: gcc.misc-tests/gcov-1.c execution test
FAIL: gcc.misc-tests/gcov-1.c gcov: 3 failures in line counts
FAIL: gcc.misc-tests/gcov-2.c execution test
FAIL: gcc.misc-tests/gcov-2.c gcov: 3 failures in line counts
FAIL: gcc.misc-tests/gcov-3.c execution test
FAIL: gcc.misc-tests/gcov-3.c gcov: 2 failures in line counts
FAIL: gcc.misc-tests/gcov-4.c execution test
FAIL: gcc.misc-tests/gcov-4.c gcov: 50 failures in line counts
FAIL: gcc.misc-tests/gcov-4b.c execution test
FAIL: gcc.misc-tests/gcov-4b.c gcov: 24 failures in branch percentages
FAIL: gcc.misc-tests/gcov-5b.c execution test
FAIL: gcc.misc-tests/gcov-6.c execution test
FAIL: gcc.misc-tests/gcov-6.c gcov: 3 failures in line counts, 1 in branch percentages, 3 in return percentages
FAIL: gcc.misc-tests/gcov-7.c execution test
FAIL: gcc.misc-tests/gcov-7.c gcov: 9 failures in line counts, 3 in branch percentages, 4 in return percentages
=== gcc Summary for unix/-pthread -fpic ===
# of expected passes 17820
# of unexpected failures 76
# of expected failures 62
# of unresolved testcases 28
# of unsupported tests 38
=== gcc Summary ===
# of expected passes 35676
# of unexpected failures 117
# of expected failures 124
# of unresolved testcases 56
# of unsupported tests 76
/local0/scratch/ljrittle/gcc-build-ref4-0301/gcc/xgcc version 3.1 20020301 (prerelease)
=== objc tests ===
Running target unix
FAIL: objc/execute/formal_protocol-6.m execution, -O0
FAIL: objc/execute/formal_protocol-6.m execution, -O1
FAIL: objc/execute/formal_protocol-6.m execution, -O2
FAIL: objc/execute/formal_protocol-6.m execution, -O3 -fomit-frame-pointer
FAIL: objc/execute/formal_protocol-6.m execution, -O3 -g
FAIL: objc/execute/formal_protocol-6.m execution, -Os
=== objc Summary for unix ===
# of expected passes 1036
# of unexpected failures 6
Running target unix/-pthread -fpic
FAIL: objc/execute/formal_protocol-6.m execution, -O0
FAIL: objc/execute/formal_protocol-6.m execution, -O1
FAIL: objc/execute/formal_protocol-6.m execution, -O2
FAIL: objc/execute/formal_protocol-6.m execution, -O3 -fomit-frame-pointer
FAIL: objc/execute/formal_protocol-6.m execution, -O3 -g
FAIL: objc/execute/formal_protocol-6.m execution, -Os
=== objc Summary for unix/-pthread -fpic ===
# of expected passes 1036
# of unexpected failures 6
=== objc Summary ===
# of expected passes 2072
# of unexpected failures 12
/local0/scratch/ljrittle/gcc-build-ref4-0301/gcc/xgcc version 3.1 20020301 (prerelease)
=== libstdc++-v3 tests ===
Running target unix
FAIL: 18_support/numeric_limits.cc execution test
FAIL: 19_diagnostics/stdexceptions.cc execution test
FAIL: 20_util/allocator_members.cc execution test
FAIL: 20_util/auto_ptr.cc execution test
FAIL: 20_util/binders.cc execution test
FAIL: 21_strings/append.cc execution test
FAIL: 21_strings/assign.cc execution test
FAIL: 21_strings/capacity.cc execution test
FAIL: 21_strings/char_traits_requirements.cc execution test
FAIL: 21_strings/compare.cc execution test
FAIL: 21_strings/ctor_copy_dtor.cc execution test
FAIL: 21_strings/element_access.cc execution test
FAIL: 21_strings/find.cc execution test
FAIL: 21_strings/insert.cc execution test
FAIL: 21_strings/inserters_extractors.cc execution test
FAIL: 21_strings/invariants.cc execution test
FAIL: 21_strings/nonmember.cc execution test
FAIL: 21_strings/operations.cc execution test
FAIL: 21_strings/replace.cc execution test
FAIL: 21_strings/rfind.cc execution test
FAIL: 21_strings/substr.cc execution test
FAIL: 22_locale/codecvt_members_char_char.cc execution test
XPASS: 22_locale/collate_members_wchar_t.cc execution test
FAIL: 22_locale/facet.cc execution test
FAIL: 22_locale/global_templates.cc execution test
XPASS: 22_locale/money_get_members_wchar_t.cc execution test
XPASS: 22_locale/money_put_members_wchar_t.cc execution test
XPASS: 22_locale/moneypunct_members_wchar_t.cc execution test
XPASS: 22_locale/num_get_members_wchar_t.cc execution test
XPASS: 22_locale/num_put_members_wchar_t.cc execution test
XPASS: 22_locale/numpunct_members_wchar_t.cc execution test
FAIL: 22_locale/operators.cc execution test
FAIL: 22_locale/static_members.cc execution test
XPASS: 22_locale/time_get_members_wchar_t.cc execution test
XPASS: 22_locale/time_put_members_wchar_t.cc execution test
FAIL: 23_containers/bitset_ctor.cc execution test
FAIL: 23_containers/bitset_members.cc execution test
FAIL: 23_containers/bitset_shift.cc execution test
FAIL: 23_containers/deque_ctor.cc execution test
FAIL: 23_containers/list_capacity.cc execution test
FAIL: 23_containers/list_ctor.cc execution test
FAIL: 23_containers/list_modifiers.cc execution test
FAIL: 23_containers/list_operators.cc execution test
FAIL: 23_containers/map_insert.cc execution test
FAIL: 23_containers/multiset.cc execution test
FAIL: 23_containers/vector_capacity.cc execution test
FAIL: 23_containers/vector_ctor.cc execution test
FAIL: 23_containers/vector_element_access.cc execution test
FAIL: 23_containers/vector_modifiers.cc execution test
FAIL: 24_iterators/back_insert_iterator.cc execution test
FAIL: 24_iterators/front_insert_iterator.cc execution test
FAIL: 24_iterators/insert_iterator.cc execution test
FAIL: 24_iterators/istreambuf_iterator.cc execution test
FAIL: 24_iterators/iterator.cc execution test
FAIL: 24_iterators/ostream_iterator.cc execution test
FAIL: 24_iterators/ostreambuf_iterator.cc execution test
FAIL: 25_algorithms/partition.cc execution test
FAIL: 25_algorithms/rotate.cc execution test
FAIL: 25_algorithms/sort.cc execution test
FAIL: 25_algorithms/unique.cc execution test
FAIL: 26_numerics/binary_closure.cc execution test
FAIL: 26_numerics/complex_inserters_extractors.cc execution test
FAIL: 26_numerics/slice_array_assignment.cc execution test
FAIL: 26_numerics/valarray.cc execution test
FAIL: 26_numerics/valarray_const_bracket.cc execution test
FAIL: 27_io/filebuf_members.cc execution test
FAIL: 27_io/filebuf_virtuals.cc execution test
FAIL: 27_io/fstream_members.cc execution test
FAIL: 27_io/ifstream_members.cc execution test
FAIL: 27_io/instantiations.cc execution test
FAIL: 27_io/ios_base_callbacks.cc execution test
FAIL: 27_io/ios_base_members_static.cc execution test
FAIL: 27_io/ios_base_storage.cc execution test
FAIL: 27_io/ios_ctor.cc execution test
FAIL: 27_io/ios_init.cc execution test
FAIL: 27_io/ios_manip_basefield.cc execution test
FAIL: 27_io/ios_manip_fmtflags.cc execution test
FAIL: 27_io/ios_members.cc execution test
FAIL: 27_io/istream_extractor_arith.cc execution test
FAIL: 27_io/istream_extractor_char.cc execution test
FAIL: 27_io/istream_extractor_other.cc execution test
FAIL: 27_io/istream_manip.cc execution test
FAIL: 27_io/istream_seeks.cc execution test
FAIL: 27_io/istream_sentry.cc execution test
FAIL: 27_io/istream_unformatted.cc execution test
FAIL: 27_io/istringstream_members.cc execution test
FAIL: 27_io/ofstream_members.cc execution test
FAIL: 27_io/ostream_inserter_arith.cc execution test
FAIL: 27_io/ostream_inserter_char.cc execution test
FAIL: 27_io/ostream_inserter_other.cc execution test
FAIL: 27_io/ostream_manip.cc execution test
FAIL: 27_io/ostream_seeks.cc execution test
FAIL: 27_io/ostream_unformatted.cc execution test
FAIL: 27_io/ostringstream_members.cc execution test
FAIL: 27_io/standard_manipulators.cc execution test
FAIL: 27_io/streambuf.cc execution test
FAIL: 27_io/stringbuf.cc execution test
FAIL: 27_io/stringbuf_virtuals.cc execution test
FAIL: 27_io/stringstream.cc execution test
FAIL: 27_io/stringstream_members.cc execution test
FAIL: ext/allocators.cc execution test
FAIL: ext/concept_checks.cc execution test
FAIL: ext/rope.cc execution test
FAIL: thread/pthread1.cc execution test
FAIL: thread/pthread2.cc execution test
FAIL: thread/pthread4.cc execution test
FAIL: thread/pthread5.cc execution test
FAIL: thread/pthread6.cc execution test
=== libstdc++-v3 Summary ===
# of expected passes 258
# of unexpected failures 99
# of unexpected successes 9
# of expected failures 16
Compiler version: 3.1 20020301 (prerelease)
Platform: i386-unknown-freebsd4.5
configure flags: --host=i386-unknown-freebsd4.5 --prefix=/home/ljrittle/tmp-ref4/install-ref4 --disable-libgcj --with-gnu-as --with-as=/usr/bin/as --with-gnu-ld --with-ld=/usr/bin/ld
BOOT_CFLAGS=-g -O2
Using make with objdir configuration
Key: gmake is GNU make
make is BSD make as shipped on i386-unknown-freebsd4.5
srcdir means in-source configuration was done within the gcc source tree
objdir means out-source configuration was done within a fresh directory
ref4 (3.0.X) and ref5 (mainline) attempt to build gcc twice daily;
once for srcdir configuration and once for objdir configuration;
odd number days use GNU make; missing reports infer breakage