This is the mail archive of the
gcc-testresults@gcc.gnu.org
mailing list for the GCC project.
Results for 3.1 20020225 (experimental) testsuite on hppa1.1-hp-hpux11.11
- From: rbrown64 at csc dot com dot au
- To: gcc-testresults at gcc dot gnu dot org
- Date: Fri, 1 Mar 2002 10:16:00 +1100
- Subject: Results for 3.1 20020225 (experimental) testsuite on hppa1.1-hp-hpux11.11
LAST_UPDATED:
Native configuration is hppa1.1-hp-hpux11.11
=== g++ tests ===
Running target unix
FAIL: g++.dg/ext/instantiate1.C (test for excess errors)
FAIL: g++.dg/warn/weak1.C (test for excess errors)
FAIL: g++.bob/inherit2.C (test for excess errors)
FAIL: g++.ext/attrib5.C (test for excess errors)
FAIL: g++.law/profile1.C (test for excess errors)
XPASS: g++.mike/eh33.C (test for excess errors)
XPASS: g++.mike/eh33.C Execution test
XPASS: g++.mike/eh50.C (test for excess errors)
XPASS: g++.mike/eh50.C Execution test
FAIL: g++.mike/net40.C (test for excess errors)
FAIL: g++.other/dwarf2-1.C (test for excess errors)
FAIL: g++.other/mangle11.C (test for excess errors)
FAIL: g++.other/mangle3.C (test for excess errors)
FAIL: g++.robertl/eb44.C (test for excess errors)
=== g++ Summary for unix ===
# of expected passes 6959
# of unexpected failures 10
# of unexpected successes 4
# of expected failures 103
# of untested testcases 23
Running target unix/-march=1.0
FAIL: g++.dg/ext/instantiate1.C (test for excess errors)
FAIL: g++.dg/warn/weak1.C (test for excess errors)
FAIL: g++.bob/inherit2.C (test for excess errors)
FAIL: g++.ext/attrib5.C (test for excess errors)
FAIL: g++.law/profile1.C (test for excess errors)
XPASS: g++.mike/eh33.C (test for excess errors)
XPASS: g++.mike/eh33.C Execution test
XPASS: g++.mike/eh50.C (test for excess errors)
XPASS: g++.mike/eh50.C Execution test
FAIL: g++.mike/net40.C (test for excess errors)
FAIL: g++.other/dwarf2-1.C (test for excess errors)
FAIL: g++.other/mangle11.C (test for excess errors)
FAIL: g++.other/mangle3.C (test for excess errors)
FAIL: g++.robertl/eb44.C (test for excess errors)
=== g++ Summary for unix/-march=1.0 ===
# of expected passes 6959
# of unexpected failures 10
# of unexpected successes 4
# of expected failures 103
# of untested testcases 23
=== g++ Summary ===
# of expected passes 13918
# of unexpected failures 20
# of unexpected successes 8
# of expected failures 206
# of untested testcases 46
/devel/src/gcc-20020225.chk/gcc/testsuite/../g++ version 3.1 20020225 (experimental)
=== g77 tests ===
Running target unix
FAIL: g77.f-torture/execute/f90-intrinsic-numeric.f execution, -O1
FAIL: g77.f-torture/execute/f90-intrinsic-numeric.f execution, -O2
FAIL: g77.f-torture/execute/f90-intrinsic-numeric.f execution, -O3 -fomit-frame-pointer
FAIL: g77.f-torture/execute/f90-intrinsic-numeric.f execution, -O3 -g
FAIL: g77.f-torture/execute/f90-intrinsic-numeric.f execution, -Os
=== g77 Summary for unix ===
# of expected passes 1447
# of unexpected failures 5
# of unsupported tests 8
Running target unix/-march=1.0
FAIL: g77.f-torture/execute/19990826-2.f execution, -O0
FAIL: g77.f-torture/execute/f90-intrinsic-numeric.f execution, -O1
FAIL: g77.f-torture/execute/f90-intrinsic-numeric.f execution, -O2
FAIL: g77.f-torture/execute/f90-intrinsic-numeric.f execution, -O3 -fomit-frame-pointer
FAIL: g77.f-torture/execute/f90-intrinsic-numeric.f execution, -O3 -g
FAIL: g77.f-torture/execute/f90-intrinsic-numeric.f execution, -Os
=== g77 Summary for unix/-march=1.0 ===
# of expected passes 1446
# of unexpected failures 6
# of unsupported tests 8
=== g77 Summary ===
# of expected passes 2893
# of unexpected failures 11
# of unsupported tests 16
/devel/src/gcc-20020225.chk/gcc/testsuite/../g77 version 3.1 20020225 (experimental)
=== gcc tests ===
Running target unix
WARNING: program timed out.
FAIL: gcc.c-torture/compile/20001226-1.c, -O2
WARNING: program timed out.
FAIL: gcc.c-torture/compile/20001226-1.c, -O3 -fomit-frame-pointer
WARNING: program timed out.
FAIL: gcc.c-torture/compile/20001226-1.c, -O3 -g
WARNING: program timed out.
FAIL: gcc.c-torture/compile/20001226-1.c, -Os
FAIL: gcc.c-torture/compile/20020210-1.c, -O0
FAIL: gcc.c-torture/compile/20020210-1.c, -O1
FAIL: gcc.c-torture/compile/20020210-1.c, -O2
FAIL: gcc.c-torture/compile/20020210-1.c, -O3 -fomit-frame-pointer
FAIL: gcc.c-torture/compile/20020210-1.c, -O3 -g
FAIL: gcc.c-torture/compile/20020210-1.c, -Os
FAIL: gcc.c-torture/execute/strct-pack-1.c execution, -O2
FAIL: gcc.c-torture/execute/strct-pack-1.c execution, -Os
FAIL: gcc.dg/cpp/wchar-1.c execution test
FAIL: gcc.dg/20020219-1.c execution test
FAIL: gcc.dg/asm-names.c (test for excess errors)
WARNING: program timed out.
FAIL: gcc.dg/inline-1.c scan-assembler-not xyzzy
UNRESOLVED: weak-1.c
UNRESOLVED: weak-2.c
UNRESOLVED: wkali-1.c
UNRESOLVED: wkali-2.c
=== gcc Summary for unix ===
# of expected passes 17554
# of unexpected failures 16
# of expected failures 70
# of unresolved testcases 4
# of unsupported tests 108
Running target unix/-march=1.0
WARNING: program timed out.
FAIL: gcc.c-torture/compile/20001226-1.c, -O2
WARNING: program timed out.
FAIL: gcc.c-torture/compile/20001226-1.c, -O3 -fomit-frame-pointer
WARNING: program timed out.
FAIL: gcc.c-torture/compile/20001226-1.c, -O3 -g
WARNING: program timed out.
FAIL: gcc.c-torture/compile/20001226-1.c, -Os
FAIL: gcc.c-torture/compile/20020210-1.c, -O0
FAIL: gcc.c-torture/compile/20020210-1.c, -O1
FAIL: gcc.c-torture/compile/20020210-1.c, -O2
FAIL: gcc.c-torture/compile/20020210-1.c, -O3 -fomit-frame-pointer
FAIL: gcc.c-torture/compile/20020210-1.c, -O3 -g
FAIL: gcc.c-torture/compile/20020210-1.c, -Os
FAIL: gcc.c-torture/execute/20010605-2.c execution, -O0
FAIL: gcc.c-torture/execute/20010605-2.c execution, -O1
FAIL: gcc.c-torture/execute/20010605-2.c execution, -O2
FAIL: gcc.c-torture/execute/20010605-2.c execution, -O3 -fomit-frame-pointer
FAIL: gcc.c-torture/execute/20010605-2.c execution, -O3 -g
FAIL: gcc.c-torture/execute/20010605-2.c execution, -Os
FAIL: gcc.c-torture/execute/complex-5.c execution, -O0
FAIL: gcc.c-torture/execute/complex-5.c execution, -O1
FAIL: gcc.c-torture/execute/complex-5.c execution, -O2
FAIL: gcc.c-torture/execute/complex-5.c execution, -Os
FAIL: gcc.c-torture/execute/strct-pack-1.c execution, -O2
FAIL: gcc.c-torture/execute/strct-pack-1.c execution, -Os
FAIL: gcc.dg/cpp/wchar-1.c execution test
FAIL: gcc.dg/20020219-1.c execution test
FAIL: gcc.dg/asm-names.c (test for excess errors)
WARNING: program timed out.
FAIL: gcc.dg/inline-1.c scan-assembler-not xyzzy
UNRESOLVED: weak-1.c
UNRESOLVED: weak-2.c
UNRESOLVED: wkali-1.c
UNRESOLVED: wkali-2.c
=== gcc Summary for unix/-march=1.0 ===
# of expected passes 17544
# of unexpected failures 26
# of expected failures 70
# of unresolved testcases 4
# of unsupported tests 108
=== gcc Summary ===
# of expected passes 35098
# of unexpected failures 42
# of expected failures 140
# of unresolved testcases 8
# of unsupported tests 216
/devel/src/gcc-20020225.chk/gcc/xgcc version 3.1 20020225 (experimental)
=== objc tests ===
Running target unix
FAIL: objc/execute/formal_protocol-6.m execution, -O0
FAIL: objc/execute/formal_protocol-6.m execution, -O1
FAIL: objc/execute/formal_protocol-6.m execution, -O2
FAIL: objc/execute/formal_protocol-6.m execution, -O3 -fomit-frame-pointer
FAIL: objc/execute/formal_protocol-6.m execution, -O3 -g
FAIL: objc/execute/formal_protocol-6.m execution, -Os
=== objc Summary for unix ===
# of expected passes 1036
# of unexpected failures 6
Running target unix/-march=1.0
FAIL: objc/execute/formal_protocol-6.m execution, -O0
FAIL: objc/execute/formal_protocol-6.m execution, -O1
FAIL: objc/execute/formal_protocol-6.m execution, -O2
FAIL: objc/execute/formal_protocol-6.m execution, -O3 -fomit-frame-pointer
FAIL: objc/execute/formal_protocol-6.m execution, -O3 -g
FAIL: objc/execute/formal_protocol-6.m execution, -Os
=== objc Summary for unix/-march=1.0 ===
# of expected passes 1036
# of unexpected failures 6
=== objc Summary ===
# of expected passes 2072
# of unexpected failures 12
/devel/src/gcc-20020225.chk/gcc/xgcc version 3.1 20020225 (experimental)
=== libstdc++-v3 tests ===
Running target unix
XPASS: 22_locale/collate_members_wchar_t.cc execution test
XPASS: 22_locale/money_get_members_wchar_t.cc execution test
XPASS: 22_locale/money_put_members_wchar_t.cc execution test
XPASS: 22_locale/moneypunct_members_wchar_t.cc execution test
XPASS: 22_locale/num_get_members_wchar_t.cc execution test
XPASS: 22_locale/num_put_members_wchar_t.cc execution test
XPASS: 22_locale/numpunct_members_wchar_t.cc execution test
XPASS: 22_locale/time_get_members_wchar_t.cc execution test
XPASS: 22_locale/time_put_members_wchar_t.cc execution test
FAIL: 26_numerics/c99_classification_macros_c.cc (test for excess errors)
FAIL: 27_io/ios_manip_basefield.cc execution test
=== libstdc++-v3 Summary for unix ===
# of expected passes 343
# of unexpected failures 2
# of unexpected successes 9
# of expected failures 16
# of unsupported tests 6
Running target unix/-march=1.0
XPASS: 22_locale/collate_members_wchar_t.cc execution test
XPASS: 22_locale/money_get_members_wchar_t.cc execution test
XPASS: 22_locale/money_put_members_wchar_t.cc execution test
XPASS: 22_locale/moneypunct_members_wchar_t.cc execution test
XPASS: 22_locale/num_get_members_wchar_t.cc execution test
XPASS: 22_locale/num_put_members_wchar_t.cc execution test
XPASS: 22_locale/numpunct_members_wchar_t.cc execution test
XPASS: 22_locale/time_get_members_wchar_t.cc execution test
XPASS: 22_locale/time_put_members_wchar_t.cc execution test
FAIL: 26_numerics/c99_classification_macros_c.cc (test for excess errors)
FAIL: 27_io/ios_manip_basefield.cc execution test
=== libstdc++-v3 Summary for unix/-march=1.0 ===
# of expected passes 343
# of unexpected failures 2
# of unexpected successes 9
# of expected failures 16
# of unsupported tests 6
=== libstdc++-v3 Summary ===
# of expected passes 686
# of unexpected failures 4
# of unexpected successes 18
# of expected failures 32
# of unsupported tests 12
Compiler version: 3.1 20020225 (experimental)
Platform: hppa1.1-hp-hpux11.11
configure flags: --host=hppa1.1-hp-hpux11.11 --enable-checking --with-gnu-as --with-as=/usr/local/bin/as
Counting all warnings,
there are 78 warnings in stage3 of this bootstrap.
Number of warnings per file:
24 gcc/combine.c
10 gcc/regclass.c
4 gcc/optabs.c
4 gcc/intl/localealias.c
4 gcc/intl/l10nflist.c
4 gcc/gcc.c
3 gcc/reload1.c
3 gcc/libgcc2.c
3 gcc/java/builtins.c
3 gcc/function.c
2 gcc/reload.c
2 gcc/fold-const.c
1 gcc/unwind-pe.h
1 gcc/regmove.c
1 gcc/recog.c
1 gcc/objc/lang-specs.h
1 gcc/java/jvspec.c
1 gcc/intl/loadmsgcat.c
1 gcc/ifcvt.c
1 gcc/ggc-page.c
1 gcc/final.c
1 gcc/emit-rtl.c
1 gcc/cppexp.c
1 gcc/cp/lang-specs.h
Number of warning types:
43 comparison between signed and unsigned
15 signed and unsigned type in conditional expression
5 string length \`???' is greater than the length \`???' ISO C89 compilers are required to support
4 unused parameter \`???'
3 function declaration isn't a prototype
3 \`???' might be used uninitialized in this function
1 pointer targets in passing arg ??? of \`???' differ in signedness
1 assignment discards qualifiers from pointer target type
1 \`long' switch expression not converted to \`int' in ISO C
1 \`???' defined but not used
1 ??? format, ??? arg (arg ???)