This is the mail archive of the
gcc-testresults@gcc.gnu.org
mailing list for the GCC project.
Results for 3.2 20020228 (experimental) testsuite on i686-pc-linux-gnu
- From: Andreas Jaeger <aj at suse dot de>
- To: gcc-testresults at gcc dot gnu dot org
- Date: Thu, 28 Feb 2002 17:17:16 +0100
- Subject: Results for 3.2 20020228 (experimental) testsuite on i686-pc-linux-gnu
LAST_UPDATED: Thu Feb 28 08:33:57 UTC 2002
Native configuration is i686-pc-linux-gnu
=== g++ tests ===
Running target unix
=== g++ Summary ===
# of expected passes 7068
# of expected failures 92
# of untested testcases 9
/builds/gcc/gcc-3.1-devel/gcc/testsuite/../g++ version 3.2 20020228 (experimental)
=== g77 tests ===
Running target unix
=== g77 Summary ===
# of expected passes 1468
/builds/gcc/gcc-3.1-devel/gcc/testsuite/../g77 version 3.2 20020228 (experimental)
=== gcc tests ===
Running target unix
FAIL: gcc.c-torture/execute/20011223-1.c execution, -O2
FAIL: gcc.c-torture/execute/20011223-1.c execution, -O3 -fomit-frame-pointer
FAIL: gcc.c-torture/execute/20011223-1.c execution, -O3 -g
FAIL: gcc.c-torture/execute/20011223-1.c execution, -Os
=== gcc Summary ===
# of expected passes 17946
# of unexpected failures 4
# of expected failures 66
# of unsupported tests 36
/builds/gcc/gcc-3.1-devel/gcc/xgcc version 3.2 20020228 (experimental)
=== objc tests ===
Running target unix
FAIL: objc/execute/formal_protocol-6.m execution, -O0
FAIL: objc/execute/formal_protocol-6.m execution, -O1
FAIL: objc/execute/formal_protocol-6.m execution, -O2
FAIL: objc/execute/formal_protocol-6.m execution, -O3 -fomit-frame-pointer
FAIL: objc/execute/formal_protocol-6.m execution, -O3 -g
FAIL: objc/execute/formal_protocol-6.m execution, -Os
=== objc Summary ===
# of expected passes 1036
# of unexpected failures 6
/builds/gcc/gcc-3.1-devel/gcc/xgcc version 3.2 20020228 (experimental)
=== libjava tests ===
Running target unix
FAIL: linking cxxtest
=== libjava Summary ===
# of expected passes 2027
# of unexpected failures 1
# of expected failures 15
# of untested testcases 8
=== libstdc++-v3 tests ===
Running target unix
XPASS: 22_locale/collate_byname.cc execution test
XPASS: 22_locale/ctype_members_char.cc execution test
XPASS: 22_locale/members.cc execution test
XPASS: 22_locale/messages_byname.cc execution test
XPASS: 22_locale/messages_members_char.cc execution test
XPASS: 22_locale/money_get_members_char.cc execution test
XPASS: 22_locale/money_get_members_wchar_t.cc execution test
XPASS: 22_locale/money_put_members_char.cc execution test
XPASS: 22_locale/money_put_members_wchar_t.cc execution test
XPASS: 22_locale/moneypunct_byname.cc execution test
XPASS: 22_locale/moneypunct_members_char.cc execution test
XPASS: 22_locale/moneypunct_members_wchar_t.cc execution test
XPASS: 22_locale/num_get_members_char.cc execution test
XPASS: 22_locale/num_get_members_wchar_t.cc execution test
XPASS: 22_locale/num_put_members_char.cc execution test
XPASS: 22_locale/num_put_members_wchar_t.cc execution test
XPASS: 22_locale/numpunct_byname.cc execution test
XPASS: 22_locale/numpunct_members_char.cc execution test
XPASS: 22_locale/numpunct_members_wchar_t.cc execution test
XPASS: 22_locale/time_get_members_char.cc execution test
XPASS: 22_locale/time_get_members_wchar_t.cc execution test
XPASS: 22_locale/time_put_members_char.cc execution test
FAIL: 26_numerics/c99_classification_macros_c.cc (test for excess errors)
=== libstdc++-v3 Summary ===
# of expected passes 356
# of unexpected failures 1
# of unexpected successes 22
# of expected failures 3
Compiler version: 3.2 20020228 (experimental)
Platform: i686-pc-linux-gnu
configure flags: --host=i686-pc-linux-gnu --prefix=/opt/gcc-3.1-devel --enable-shared --enable-threads=posix --enable-clocale=gnu --with-gnu-as --with-gnu-ld --disable-nls --with-system-zlib --enable-symvers --enable-languages=c,objc,c++,f77,java,ada