This is the mail archive of the
gcc-testresults@gcc.gnu.org
mailing list for the GCC project.
Results for 3.1 20020225 (experimental) testsuite on mips-sgi-irix6.5
- From: "Billinghurst, David (CRTS)" <David dot Billinghurst at riotinto dot com>
- To: <gcc-testresults at gcc dot gnu dot org>
- Date: Thu, 28 Feb 2002 06:44:36 +0800
- Subject: Results for 3.1 20020225 (experimental) testsuite on mips-sgi-irix6.5
configured with --enable-libgcj --disable-multilibs
(Cannot build libgcj with -mabi=64. Not analysed yet)
Local patch to build boehm-gc, as compilation of
mips_sgi_mach_dep.S fails (rename to mips_sgi_mach_dep.s)
With http://gcc.gnu.org/ml/gcc-patches/2002-02/msg00208.html
to set LD_LIBRARY_PATH and friends for g++, g77 and obj
testsuites.
LAST_UPDATED: Mon Feb 25 22:47:37 2002
Native configuration is mips-sgi-irix6.5
=== gcc tests ===
Running target unix
FAIL: gcc.c-torture/compile/labels-3.c, -O0
FAIL: gcc.c-torture/compile/labels-3.c, -O1
FAIL: gcc.c-torture/compile/labels-3.c, -O2
FAIL: gcc.c-torture/compile/labels-3.c, -O3 -fomit-frame-pointer
FAIL: gcc.c-torture/compile/labels-3.c, -O3 -g
FAIL: gcc.c-torture/compile/labels-3.c, -Os
WARNING: program timed out.
FAIL: gcc.c-torture/compile/20001226-1.c, -O2
WARNING: program timed out.
FAIL: gcc.c-torture/compile/20001226-1.c, -O3 -fomit-frame-pointer
WARNING: program timed out.
FAIL: gcc.c-torture/compile/20001226-1.c, -O3 -g
WARNING: program timed out.
FAIL: gcc.c-torture/compile/20001226-1.c, -Os
FAIL: gcc.c-torture/compile/20011119-2.c, -O0
FAIL: gcc.c-torture/compile/20011119-2.c, -O1
FAIL: gcc.c-torture/compile/20011119-2.c, -O2
FAIL: gcc.c-torture/compile/20011119-2.c, -O3 -fomit-frame-pointer
FAIL: gcc.c-torture/compile/20011119-2.c, -O3 -g
FAIL: gcc.c-torture/compile/20011119-2.c, -Os
FAIL: gcc.c-torture/compile/20011119-1.c, -O0
FAIL: gcc.c-torture/compile/20011119-1.c, -O1
FAIL: gcc.c-torture/compile/20011119-1.c, -O2
FAIL: gcc.c-torture/compile/20011119-1.c, -O3 -fomit-frame-pointer
FAIL: gcc.c-torture/compile/20011119-1.c, -O3 -g
FAIL: gcc.c-torture/compile/20011119-1.c, -Os
FAIL: gcc.c-torture/execute/20010122-1.c execution, -O0
FAIL: gcc.c-torture/execute/20010122-1.c execution, -O1
FAIL: gcc.c-torture/execute/20010122-1.c execution, -O2
FAIL: gcc.c-torture/execute/20010122-1.c execution, -O3 -fomit-frame-pointer
FAIL: gcc.c-torture/execute/20010122-1.c execution, -O3 -fomit-frame-pointer -funroll-loops
FAIL: gcc.c-torture/execute/20010122-1.c execution, -O3 -fomit-frame-pointer -funroll-all-loops -finline-functions
FAIL: gcc.c-torture/execute/20010122-1.c execution, -O3 -g
FAIL: gcc.c-torture/execute/20010122-1.c execution, -Os
FAIL: gcc.c-torture/execute/950607-2.c execution, -O2
FAIL: gcc.c-torture/execute/950607-2.c execution, -Os
FAIL: gcc.dg/noncompile/930622-1.c (test for excess errors)
=== gcc Summary ===
# of expected passes 17389
# of unexpected failures 33
# of expected failures 83
# of unsupported tests 108
/exd6/billingd/obj/gcc-java/gcc/xgcc version 3.1 20020225 (experimental)
=== g++ tests ===
Running target unix
FAIL: g++.dg/ext/instantiate1.C (test for excess errors)
WARNING: program timed out.
FAIL: g++.bob/inherit2.C (test for excess errors)
FAIL: g++.mike/net40.C (test for excess errors)
FAIL: g++.robertl/eb44.C (test for excess errors)
=== g++ Summary ===
# of expected passes 6925
# of unexpected failures 4
# of expected failures 102
# of untested testcases 23
/exd6/billingd/obj/gcc-java/gcc/testsuite/../g++ version 3.1 20020225 (experimental)
=== objc tests ===
Running target unix
FAIL: objc/execute/formal_protocol-6.m execution, -O0
FAIL: objc/execute/formal_protocol-6.m execution, -O1
FAIL: objc/execute/formal_protocol-6.m execution, -O2
FAIL: objc/execute/formal_protocol-6.m execution, -O3 -fomit-frame-pointer
FAIL: objc/execute/formal_protocol-6.m execution, -O3 -g
FAIL: objc/execute/formal_protocol-6.m execution, -Os
=== objc Summary ===
# of expected passes 1036
# of unexpected failures 6
/exd6/billingd/obj/gcc-java/gcc/xgcc version 3.1 20020225 (experimental)
=== libjava tests ===
Running target unix
FAIL: linking cxxtest
FAIL: TLtest compilation from bytecode
FAIL: TLtest -O compilation from bytecode
FAIL: test_long output from bytecode->native test
FAIL: test_long -O output from bytecode->native test
FAIL: Array_3 execution from source compiled test
FAIL: Array_3 execution from bytecode->native test
FAIL: Array_3 -O execution from source compiled test
FAIL: Array_3 -O execution from bytecode->native test
FAIL: Invoke_1 execution from source compiled test
FAIL: Invoke_1 execution from bytecode->native test
FAIL: Invoke_1 -O execution from source compiled test
FAIL: Invoke_1 -O execution from bytecode->native test
FAIL: ArrayStore -O execution from source compiled test
FAIL: ArrayStore -O execution from bytecode->native test
FAIL: FileHandleGcTest execution from source compiled test
FAIL: FileHandleGcTest execution from bytecode->native test
FAIL: FileHandleGcTest -O execution from source compiled test
FAIL: FileHandleGcTest -O execution from bytecode->native test
FAIL: PR218 execution from source compiled test
FAIL: PR218 execution from bytecode->native test
FAIL: PR218 -O execution from source compiled test
FAIL: PR218 -O execution from bytecode->native test
FAIL: invokethrow execution from source compiled test
FAIL: invokethrow execution from bytecode->native test
FAIL: invokethrow -O execution from source compiled test
FAIL: invokethrow -O execution from bytecode->native test
=== libjava Summary ===
# of expected passes 1900
# of unexpected failures 27
# of expected failures 14
# of untested testcases 110
=== libstdc++-v3 tests ===
Running target unix
XPASS: 22_locale/collate_members_wchar_t.cc execution test
XPASS: 22_locale/money_get_members_wchar_t.cc execution test
XPASS: 22_locale/money_put_members_wchar_t.cc execution test
XPASS: 22_locale/moneypunct_members_wchar_t.cc execution test
XPASS: 22_locale/num_get_members_wchar_t.cc execution test
XPASS: 22_locale/num_put_members_wchar_t.cc execution test
XPASS: 22_locale/numpunct_members_wchar_t.cc execution test
XPASS: 22_locale/time_get_members_wchar_t.cc execution test
XPASS: 22_locale/time_put_members_wchar_t.cc execution test
FAIL: 27_io/ios_manip_basefield.cc execution test
FAIL: 27_io/ostream_inserter_arith.cc execution test
=== libstdc++-v3 Summary ===
# of expected passes 343
# of unexpected failures 2
# of unexpected successes 9
# of expected failures 16
# of unsupported tests 6
Compiler version: 3.1 20020225 (experimental)
Platform: mips-sgi-irix6.5
configure flags: --host=mips-sgi-irix6.5 --enable-shared --enable-haifa --enable-libgcj --enable-languages=c,c++,g77,objc,java --enable-threads=single --disable-nls --disable-multilibs --prefix=/exd6/billingd/tmp/gcc
Counting all warnings,
there are 63 warnings in stage3 of this bootstrap.
Number of warnings per file:
18 gcc/combine.c
11 gcc/config/mips/mips.md
6 gcc/loop.c
6 gcc/gcc.c
4 gcc/reload.c
4 gcc/optabs.c
3 gcc/regclass.c
3 gcc/java/builtins.c
2 gcc/fold-const.c
1 gcc/objc/lang-specs.h
1 gcc/java/jvspec.c
1 gcc/ifcvt.c
1 gcc/final.c
1 gcc/emit-rtl.c
1 gcc/cp/lang-specs.h
Number of warning types:
33 comparison between signed and unsigned
9 string length \`???' is greater than the length \`???' ISO C89 compilers are required to support
6 operand 1 missing mode?
5 operand 0 missing mode?
4 unused parameter \`???'
3 signed and unsigned type in conditional expression
1 \`???' might be used uninitialized in this function
1 pointer targets in passing arg ??? of \`???' differ in signedness
1 assignment discards qualifiers from pointer target type