This is the mail archive of the gcc-testresults@gcc.gnu.org mailing list for the GCC project.


Index Nav: [Date Index] [Subject Index] [Author Index] [Thread Index]
Message Nav: [Date Prev] [Date Next] [Thread Prev] [Thread Next]
Other format: [Raw text]

Results for 3.2 20020226 (experimental) testsuite on hppa64-hp-hpux11.11


LAST_UPDATED: Tue Feb 26 17:19:56 UTC 2002

Native configuration is hppa64-hp-hpux11.11

		=== g++ tests ===


Running target unix
FAIL: g++.dg/ext/instantiate1.C suppressing A<int> (test for errors, line )
FAIL: g++.dg/init/init-ref2.C execution test
FAIL: g++.dg/special/conpr-1.C execution test
FAIL: g++.dg/special/conpr-2.C execution test
FAIL: g++.dg/special/conpr-3.C execution test
FAIL: g++.dg/special/conpr-3.C execution test
FAIL: g++.dg/special/initp1.C execution test
FAIL: g++.abi/cxa_vec.C  Execution test
FAIL: g++.bob/inherit2.C (test for excess errors)
FAIL: g++.brendan/new3.C  Execution test
FAIL: g++.ext/attrib5.C (test for excess errors)
FAIL: g++.ext/attrib5.C  Execution test
XPASS: g++.ext/instantiate2.C not instantiated (test for errors, line 19)
XPASS: g++.ext/instantiate3.C not instantiated (test for errors, line 13)
FAIL: g++.law/profile1.C (test for excess errors)
XPASS: g++.mike/eh33.C (test for excess errors)
XPASS: g++.mike/eh33.C  Execution test
XPASS: g++.mike/eh50.C (test for excess errors)
XPASS: g++.mike/eh50.C  Execution test
FAIL: g++.mike/net40.C (test for excess errors)
XPASS: g++.pt/static3.C (test for excess errors)
XPASS: g++.pt/static3.C  Execution test
XPASS: g++.pt/static6.C (test for excess errors)
FAIL: g++.robertl/eb44.C (test for excess errors)

		=== g++ Summary ===

# of expected passes		6918
# of unexpected failures	15
# of unexpected successes	9
# of expected failures		93
# of untested testcases		23
/xxx/gnu/gcc-3.1/objdir/gcc/testsuite/../g++ version 3.2 20020226 (experimental)

		=== g77 tests ===


Running target unix
FAIL: g77.dg/f77-edit-i-out.f output pattern test, is /usr/lib/pa20_64/dld.sl: '/xxx/gnu/gcc-3.1/objdir/hppa64-hp-hpux11.11//libf2c/.libs/libg2c.sl.0' is not a valid load module.
FAIL: g77.dg/f77-edit-i-out.f output pattern test, is /usr/lib/pa20_64/dld.sl: '/xxx/gnu/gcc-3.1/objdir/hppa64-hp-hpux11.11//libf2c/.libs/libg2c.sl.0' is not a valid load module.
FAIL: g77.dg/f77-edit-i-out.f output pattern test, is /usr/lib/pa20_64/dld.sl: '/xxx/gnu/gcc-3.1/objdir/hppa64-hp-hpux11.11//libf2c/.libs/libg2c.sl.0' is not a valid load module.
FAIL: g77.dg/f77-edit-i-out.f output pattern test, is /usr/lib/pa20_64/dld.sl: '/xxx/gnu/gcc-3.1/objdir/hppa64-hp-hpux11.11//libf2c/.libs/libg2c.sl.0' is not a valid load module.
FAIL: g77.dg/f77-edit-i-out.f output pattern test, is /usr/lib/pa20_64/dld.sl: '/xxx/gnu/gcc-3.1/objdir/hppa64-hp-hpux11.11//libf2c/.libs/libg2c.sl.0' is not a valid load module.
FAIL: g77.dg/f77-edit-i-out.f output pattern test, is /usr/lib/pa20_64/dld.sl: '/xxx/gnu/gcc-3.1/objdir/hppa64-hp-hpux11.11//libf2c/.libs/libg2c.sl.0' is not a valid load module.
FAIL: g77.f-torture/execute/20001201.f execution,  -O0 
FAIL: g77.f-torture/execute/20001201.f execution,  -O1 
FAIL: g77.f-torture/execute/20001201.f execution,  -O2 
FAIL: g77.f-torture/execute/20001201.f execution,  -O3 -fomit-frame-pointer 
FAIL: g77.f-torture/execute/20001201.f execution,  -O3 -g 
FAIL: g77.f-torture/execute/20001201.f execution,  -Os 
FAIL: g77.f-torture/execute/f90-intrinsic-numeric.f execution,  -O1 
FAIL: g77.f-torture/execute/f90-intrinsic-numeric.f execution,  -O2 
FAIL: g77.f-torture/execute/f90-intrinsic-numeric.f execution,  -O3 -fomit-frame-pointer 
FAIL: g77.f-torture/execute/f90-intrinsic-numeric.f execution,  -O3 -g 
FAIL: g77.f-torture/execute/f90-intrinsic-numeric.f execution,  -Os 
FAIL: g77.f-torture/execute/io1.f execution,  -O0 
FAIL: g77.f-torture/execute/io1.f execution,  -O1 
FAIL: g77.f-torture/execute/io1.f execution,  -O2 
FAIL: g77.f-torture/execute/io1.f execution,  -O3 -fomit-frame-pointer 
FAIL: g77.f-torture/execute/io1.f execution,  -O3 -g 
FAIL: g77.f-torture/execute/io1.f execution,  -Os 
FAIL: g77.f-torture/execute/labug1.f compilation,  -O2 
FAIL: g77.f-torture/execute/labug1.f compilation,  -O3 -fomit-frame-pointer 
FAIL: g77.f-torture/execute/labug1.f compilation,  -O3 -fomit-frame-pointer -funroll-loops 
FAIL: g77.f-torture/execute/labug1.f compilation,  -O3 -fomit-frame-pointer -funroll-all-loops -finline-functions 
FAIL: g77.f-torture/execute/labug1.f compilation,  -O3 -g 
FAIL: g77.f-torture/execute/labug1.f compilation,  -Os 

		=== g77 Summary ===

# of expected passes		1417
# of unexpected failures	29
# of untested testcases		6
# of unsupported tests		8
/xxx/gnu/gcc-3.1/objdir/gcc/testsuite/../g77 version 3.2 20020226 (experimental)

		=== gcc tests ===


Running target unix
FAIL: gcc.c-torture/execute/strct-pack-1.c execution,  -O2 
FAIL: gcc.c-torture/execute/strct-pack-1.c execution,  -Os 
XPASS: gcc.c-torture/execute/strct-stdarg-1.c execution,  -O0 
XPASS: gcc.c-torture/execute/strct-stdarg-1.c execution,  -O1 
XPASS: gcc.c-torture/execute/strct-stdarg-1.c execution,  -O2 
XPASS: gcc.c-torture/execute/strct-stdarg-1.c execution,  -O3 -fomit-frame-pointer 
XPASS: gcc.c-torture/execute/strct-stdarg-1.c execution,  -O3 -fomit-frame-pointer -funroll-loops 
XPASS: gcc.c-torture/execute/strct-stdarg-1.c execution,  -O3 -fomit-frame-pointer -funroll-all-loops -finline-functions 
XPASS: gcc.c-torture/execute/strct-stdarg-1.c execution,  -O3 -g 
XPASS: gcc.c-torture/execute/strct-stdarg-1.c execution,  -Os 
FAIL: gcc.c-torture/execute/ieee/rbug.c execution,  -O3 -fomit-frame-pointer 
FAIL: gcc.c-torture/execute/ieee/rbug.c execution,  -O3 -g 
FAIL: gcc.c-torture/execute/ieee/rbug.c execution,  -O3 -fomit-frame-pointer 
FAIL: gcc.c-torture/execute/ieee/rbug.c execution,  -O3 -g 
FAIL: gcc.dg/cpp/wchar-1.c execution test
FAIL: gcc.dg/20020219-1.c execution test
FAIL: gcc.dg/asm-fs-1.c scan-assembler-not \\*_bar
FAIL: gcc.dg/asm-fs-1.c scan-assembler-not \\*_baz
FAIL: gcc.dg/asm-names.c (test for excess errors)
XPASS: gcc.dg/c99-intconst-1.c (test for excess errors)
FAIL: gcc.dg/inline-1.c scan-assembler-not xyzzy
FAIL: alias-1.c
FAIL: wkali-1.c
FAIL: wkali-2a.o
FAIL: gcc.dg/special/gcsec-1.c (test for excess errors)
WARNING: gcc.dg/special/gcsec-1.c compilation failed to produce executable
FAIL: 20000419-2.c

		=== gcc Summary ===

# of expected passes		17657
# of unexpected failures	17
# of unexpected successes	9
# of expected failures		61
# of unsupported tests		105
/xxx/gnu/gcc-3.1/objdir/gcc/xgcc version 3.2 20020226 (experimental)

		=== objc tests ===


Running target unix
FAIL: objc/execute/bycopy-3.m execution,  -O0 
FAIL: objc/execute/bycopy-3.m execution,  -O1 
FAIL: objc/execute/bycopy-3.m execution,  -O2 
FAIL: objc/execute/bycopy-3.m execution,  -O3 -fomit-frame-pointer 
FAIL: objc/execute/bycopy-3.m execution,  -O3 -g 
FAIL: objc/execute/bycopy-3.m execution,  -Os 
FAIL: objc/execute/formal_protocol-5.m execution,  -O0 
FAIL: objc/execute/formal_protocol-5.m execution,  -O1 
FAIL: objc/execute/formal_protocol-5.m execution,  -O2 
FAIL: objc/execute/formal_protocol-5.m execution,  -O3 -fomit-frame-pointer 
FAIL: objc/execute/formal_protocol-5.m execution,  -O3 -g 
FAIL: objc/execute/formal_protocol-5.m execution,  -Os 
FAIL: objc/execute/formal_protocol-6.m execution,  -O0 
FAIL: objc/execute/formal_protocol-6.m execution,  -O1 
FAIL: objc/execute/formal_protocol-6.m execution,  -O2 
FAIL: objc/execute/formal_protocol-6.m execution,  -O3 -fomit-frame-pointer 
FAIL: objc/execute/formal_protocol-6.m execution,  -O3 -g 
FAIL: objc/execute/formal_protocol-6.m execution,  -Os 

		=== objc Summary ===

# of expected passes		1024
# of unexpected failures	18
/xxx/gnu/gcc-3.1/objdir/gcc/xgcc version 3.2 20020226 (experimental)

		=== libstdc++-v3 tests ===


Running target unix
XPASS: 22_locale/collate_members_wchar_t.cc execution test
XPASS: 22_locale/money_get_members_wchar_t.cc execution test
XPASS: 22_locale/money_put_members_wchar_t.cc execution test
XPASS: 22_locale/moneypunct_members_wchar_t.cc execution test
XPASS: 22_locale/num_get_members_wchar_t.cc execution test
XPASS: 22_locale/num_put_members_wchar_t.cc execution test
XPASS: 22_locale/numpunct_members_wchar_t.cc execution test
XPASS: 22_locale/time_get_members_wchar_t.cc execution test
XPASS: 22_locale/time_put_members_wchar_t.cc execution test
FAIL: 26_numerics/c99_classification_macros_c.cc (test for excess errors)
FAIL: 26_numerics/complex_inserters_extractors.cc execution test
FAIL: 27_io/ios_manip_basefield.cc execution test
FAIL: 27_io/istream_extractor_arith.cc execution test
FAIL: 27_io/istream_extractor_char.cc execution test
FAIL: 27_io/ostream_inserter_arith.cc execution test

		=== libstdc++-v3 Summary ===

# of expected passes		339
# of unexpected failures	6
# of unexpected successes	9
# of expected failures		16
# of unsupported tests		6

Compiler version: 3.2 20020226 (experimental) 
Platform: hppa64-hp-hpux11.11
configure flags: --host=hppa64-hp-hpux11.11 --with-gnu-as --with-as=/opt/gnu64/bin/as --with-gnu-ld --with-ld=/opt/gnu64/bin/ld --disable-nls --prefix=/opt/gnu64


Index Nav: [Date Index] [Subject Index] [Author Index] [Thread Index]
Message Nav: [Date Prev] [Date Next] [Thread Prev] [Thread Next]