This is the mail archive of the gcc-testresults@gcc.gnu.org mailing list for the GCC project.


Index Nav: [Date Index] [Subject Index] [Author Index] [Thread Index]
Message Nav: [Date Prev] [Date Next] [Thread Prev] [Thread Next]
Other format: [Raw text]

Results for 3.0.4 testsuite on mips-sgi-irix6.5


LAST_UPDATED: 
Native configuration is mips-sgi-irix6.5

		=== g77 tests ===


Running target unix
FAIL: g77.f-torture/compile/20010321-1.f,  -O0  
FAIL: g77.f-torture/compile/20010321-1.f,  -O1  
FAIL: g77.f-torture/compile/20010321-1.f,  -O2  
FAIL: g77.f-torture/compile/20010321-1.f,  -O3 -fomit-frame-pointer  
FAIL: g77.f-torture/compile/20010321-1.f,  -O3 -g  
FAIL: g77.f-torture/compile/20010321-1.f,  -Os  
FAIL: g77.f-torture/compile/20000630-2.f,  -O0  
FAIL: g77.f-torture/compile/20000630-2.f,  -O1  
FAIL: g77.f-torture/compile/20000630-2.f,  -O2  
FAIL: g77.f-torture/compile/20000630-2.f,  -O3 -fomit-frame-pointer  
FAIL: g77.f-torture/compile/20000630-2.f,  -O3 -g  
FAIL: g77.f-torture/compile/20000630-2.f,  -Os  
FAIL: g77.f-torture/execute/19990826-2.f compilation,  -O0 
FAIL: g77.f-torture/execute/19990826-2.f compilation,  -O1 
FAIL: g77.f-torture/execute/19990826-2.f compilation,  -O2 
FAIL: g77.f-torture/execute/19990826-2.f compilation,  -O3 -fomit-frame-pointer 
FAIL: g77.f-torture/execute/19990826-2.f compilation,  -O3 -g 
FAIL: g77.f-torture/execute/19990826-2.f compilation,  -Os 
FAIL: g77.f-torture/execute/20001201.f execution,  -O0 
FAIL: g77.f-torture/execute/20001201.f execution,  -O1 
FAIL: g77.f-torture/execute/20001201.f execution,  -O2 
FAIL: g77.f-torture/execute/20001201.f execution,  -O3 -fomit-frame-pointer 
FAIL: g77.f-torture/execute/20001201.f execution,  -O3 -g 
FAIL: g77.f-torture/execute/20001201.f execution,  -Os 
FAIL: g77.f-torture/execute/20010116.f compilation,  -O0 
FAIL: g77.f-torture/execute/20010116.f compilation,  -O1 
FAIL: g77.f-torture/execute/20010116.f compilation,  -O2 
FAIL: g77.f-torture/execute/20010116.f compilation,  -O3 -fomit-frame-pointer 
FAIL: g77.f-torture/execute/20010116.f compilation,  -O3 -fomit-frame-pointer -funroll-loops 
FAIL: g77.f-torture/execute/20010116.f compilation,  -O3 -fomit-frame-pointer -funroll-all-loops -finline-functions 
FAIL: g77.f-torture/execute/20010116.f compilation,  -O3 -g 
FAIL: g77.f-torture/execute/20010116.f compilation,  -Os 

		=== g77 Summary ===

# of expected passes		893
# of unexpected failures	32
# of untested testcases		14
# of unsupported tests		8
		=== gcc tests ===


Running target unix
FAIL: gcc.c-torture/compile/20001226-1.c,  -O3 -g  
FAIL: gcc.c-torture/compile/20001226-1.c,  -Os  

		=== gcc Summary ===

# of expected passes		15263
# of unexpected failures	2
# of expected failures		105
# of unsupported tests		57
/exd6/billingd/obj/gcc-3.0.4-java/gcc/xgcc version 3.0.4

		=== g++ tests ===


Running target unix
FAIL: g++.ext/instantiate1.C not instantiated (test for errors, line 20)
FAIL: g++.ext/instantiate1.C not instantiated (test for errors, line 22)
XPASS: g++.jason/thunk3.C (test for excess errors)
XPASS: g++.jason/thunk3.C  Execution test

		=== g++ Summary ===

# of expected passes		6482
# of unexpected failures	2
# of unexpected successes	2
# of expected failures		111
# of untested testcases		21
/exd6/billingd/obj/gcc-3.0.4-java/gcc/testsuite/../g++ version 3.0.4

		=== objc tests ===


Running target unix
FAIL: objc/execute/IMP.m compilation,  -O 
FAIL: objc/execute/_cmd.m compilation,  -O 
FAIL: objc/execute/accessing_ivars.m compilation,  -O 
FAIL: objc/execute/bf-1.m compilation,  -O 
FAIL: objc/execute/bf-10.m compilation,  -O 
FAIL: objc/execute/bf-11.m compilation,  -O 
FAIL: objc/execute/bf-12.m compilation,  -O 
FAIL: objc/execute/bf-13.m compilation,  -O 
FAIL: objc/execute/bf-14.m compilation,  -O 
FAIL: objc/execute/bf-15.m compilation,  -O 
FAIL: objc/execute/bf-16.m compilation,  -O 
FAIL: objc/execute/bf-17.m compilation,  -O 
FAIL: objc/execute/bf-18.m compilation,  -O 
FAIL: objc/execute/bf-19.m compilation,  -O 
FAIL: objc/execute/bf-2.m compilation,  -O 
FAIL: objc/execute/bf-20.m compilation,  -O 
FAIL: objc/execute/bf-3.m compilation,  -O 
FAIL: objc/execute/bf-4.m compilation,  -O 
FAIL: objc/execute/bf-5.m compilation,  -O 
FAIL: objc/execute/bf-6.m compilation,  -O 
FAIL: objc/execute/bf-7.m compilation,  -O 
FAIL: objc/execute/bf-8.m compilation,  -O 
FAIL: objc/execute/bf-9.m compilation,  -O 
FAIL: objc/execute/bycopy-1.m compilation,  -O 
FAIL: objc/execute/bycopy-2.m compilation,  -O 
FAIL: objc/execute/bycopy-3.m compilation,  -O 
FAIL: objc/execute/class-1.m compilation,  -O 
FAIL: objc/execute/class-10.m compilation,  -O 
FAIL: objc/execute/class-11.m compilation,  -O 
FAIL: objc/execute/class-12.m compilation,  -O 
FAIL: objc/execute/class-13.m compilation,  -O 
FAIL: objc/execute/class-14.m compilation,  -O 
FAIL: objc/execute/class-2.m compilation,  -O 
FAIL: objc/execute/class-3.m compilation,  -O 
FAIL: objc/execute/class-4.m compilation,  -O 
FAIL: objc/execute/class-5.m compilation,  -O 
FAIL: objc/execute/class-6.m compilation,  -O 
FAIL: objc/execute/class-7.m compilation,  -O 
FAIL: objc/execute/class-8.m compilation,  -O 
FAIL: objc/execute/class-9.m compilation,  -O 
FAIL: objc/execute/compatibility_alias.m compilation,  -O 
FAIL: objc/execute/encode-1.m compilation,  -O 
FAIL: objc/execute/fdecl.m compilation,  -O 
FAIL: objc/execute/formal_protocol-1.m compilation,  -O 
FAIL: objc/execute/formal_protocol-2.m compilation,  -O 
FAIL: objc/execute/formal_protocol-3.m compilation,  -O 
FAIL: objc/execute/formal_protocol-4.m compilation,  -O 
FAIL: objc/execute/formal_protocol-5.m compilation,  -O 
FAIL: objc/execute/formal_protocol-6.m compilation,  -O 
FAIL: objc/execute/formal_protocol-7.m compilation,  -O 
FAIL: objc/execute/informal_protocol.m compilation,  -O 
FAIL: objc/execute/initialize.m compilation,  -O 
FAIL: objc/execute/load-2.m compilation,  -O 
FAIL: objc/execute/load-3.m compilation,  -O 
FAIL: objc/execute/load.m compilation,  -O 
FAIL: objc/execute/many_args_method.m compilation,  -O 
FAIL: objc/execute/nested-1.m compilation,  -O 
FAIL: objc/execute/nested-2.m compilation,  -O 
FAIL: objc/execute/nested-3.m compilation,  -O 
FAIL: objc/execute/no_clash.m compilation,  -O 
FAIL: objc/execute/np-1.m compilation,  -O 
FAIL: objc/execute/np-2.m compilation,  -O 
FAIL: objc/execute/object_is_class.m compilation,  -O 
FAIL: objc/execute/object_is_meta_class.m compilation,  -O 
FAIL: objc/execute/paste.m compilation,  -O 
FAIL: objc/execute/private.m compilation,  -O 
FAIL: objc/execute/protocol.m compilation,  -O 
FAIL: objc/execute/redefining_self.m compilation,  -O 
FAIL: objc/execute/root_methods.m compilation,  -O 
FAIL: objc/execute/selector-1.m compilation,  -O 
FAIL: objc/execute/static-1.m compilation,  -O 
FAIL: objc/execute/static-2.m compilation,  -O 
FAIL: objc/execute/string1.m compilation,  -O 
FAIL: objc/execute/string2.m compilation,  -O 
FAIL: objc/execute/string3.m compilation,  -O 
FAIL: objc/execute/string4.m compilation,  -O 
FAIL: objc/execute/va_method.m compilation,  -O 

		=== objc Summary ===

# of unexpected failures	77
# of untested testcases		77
/exd6/billingd/obj/gcc-3.0.4-java/gcc/xgcc version 3.0.4

		=== libstdc++-v3 tests ===


Running target unix
FAIL: 21_strings/ctor_copy_dtor.cc execution test
XPASS: 26_numerics/c99_classification_macros_c.cc (test for excess errors)
FAIL: 27_io/ostream_inserter_arith.cc execution test

		=== libstdc++-v3 Summary ===

# of expected passes		245
# of unexpected failures	2
# of unexpected successes	1
# of expected failures		7

Compiler version: 3.0.4 
Platform: mips-sgi-irix6.5
configure flags: --host=mips-sgi-irix6.5 --enable-shared --enable-haifa --enable-libgcj --enable-languages=c,c++,java --enable-threads=single --disable-nls --disable-multilibs --prefix=/exd6/billingd/tmp/gcc-3.0.4
Counting all warnings,
there are 129 warnings in stage3 of this bootstrap.

Number of warnings per file:
  27 gcc/combine.c
  14 gcc/config/mips/mips.c
  10 gcc/config/mips/mips.md
   9 gcc/config/mips/irix6-libc-compat.c
   6 gcc/gcc.c
   6 gcc/cse.c
   6 gcc/cp/pt.c
   5 gcc/expr.c
   5 gcc/cp/error.c
   5 gcc/cp/call.c
   4 gcc/reload1.c
   4 gcc/except.c
   2 gcc/varasm.c
   2 gcc/unwind-dw2.c
   2 gcc/reload.c
   2 gcc/function.c
   2 gcc/fold-const.c
   2 gcc/dwarf2out.c
   2 gcc/cp/lang-specs.h
   2 gcc/alias.c
   1 gcc/sched-deps.c
   1 gcc/rtlanal.c
   1 gcc/reorg.c
   1 gcc/regmove.c
   1 gcc/java/jvspec.c
   1 gcc/flow.c
   1 gcc/final.c
   1 gcc/expmed.c
   1 gcc/cp/typeck2.c
   1 gcc/cp/init.c
   1 gcc/cp/errfn.c
   1 gcc/cppmacro.c

Number of warning types:
  51 comparison between signed and unsigned
  17 \`???' might be used uninitialized in this function
  16 signed and unsigned type in conditional expression
   9 string length \`???' is greater than the length \`???' ISO C89 compilers are required to support
   9 no previous prototype for \`???'
   6 operand 1 missing mode?
   5 initialization from incompatible pointer type
   4 operand 0 missing mode?
   3 ??? format, ??? arg (arg ???)
   3 function declaration isn't a prototype
   2 unused variable \`???'
   1 unused parameter \`???'
   1 return discards qualifiers from pointer target type
   1 pointer targets in passing arg ??? of \`???' differ in signedness
   1 implicit declaration of function \`???'


Index Nav: [Date Index] [Subject Index] [Author Index] [Thread Index]
Message Nav: [Date Prev] [Date Next] [Thread Prev] [Thread Next]