This is the mail archive of the gcc-testresults@gcc.gnu.org mailing list for the GCC project.


Index Nav: [Date Index] [Subject Index] [Author Index] [Thread Index]
Message Nav: [Date Prev] [Date Next] [Thread Prev] [Thread Next]
Other format: [Raw text]

Results for 3.0.4 testsuite on sparc-unknown-linux-gnu


This was on a Debian Woody (test release) sun4m system using

binutils       2.11.92.0.12.3-6
dejagnu        1.4-4
gcc-3.0        3.0.3-1
libc6          2.2.5-3

/ChJ
LAST_UPDATED: 
Native configuration is sparc-unknown-linux-gnu

		=== binutils tests ===


Running target unix/-fPIC

		=== binutils Summary for unix/-fPIC ===

# of expected passes		31
# of expected failures		1

Running target unix/-fpic

		=== binutils Summary for unix/-fpic ===

# of expected passes		31
# of expected failures		1

Running target unix

		=== binutils Summary for unix ===

# of expected passes		31
# of expected failures		1

		=== binutils Summary ===

# of expected passes		93
# of expected failures		3
		=== gas tests ===


Running target unix/-fPIC

		=== gas Summary for unix/-fPIC ===

# of expected passes		51

Running target unix/-fpic

		=== gas Summary for unix/-fpic ===

# of expected passes		51

Running target unix

		=== gas Summary for unix ===

# of expected passes		51

		=== gas Summary ===

# of expected passes		153
		=== g++ tests ===


Running target unix/-fPIC
FAIL: g++.eh/badalloc1.C  Execution test
FAIL: g++.ext/instantiate1.C not instantiated (test for errors, line 20)
FAIL: g++.law/profile1.C (test for excess errors)
FAIL: g++.law/profile1.C  Execution test
FAIL: g++.robertl/eb83.C (test for excess errors)
FAIL: g++.robertl/eb83.C  Execution test

		=== g++ Summary for unix/-fPIC ===

# of expected passes		6496
# of unexpected failures	6
# of expected failures		103
# of untested testcases		20

Running target unix/-fpic
FAIL: g++.eh/badalloc1.C  Execution test
FAIL: g++.ext/instantiate1.C not instantiated (test for errors, line 20)
FAIL: g++.law/profile1.C (test for excess errors)
FAIL: g++.law/profile1.C  Execution test
FAIL: g++.robertl/eb83.C (test for excess errors)
FAIL: g++.robertl/eb83.C  Execution test

		=== g++ Summary for unix/-fpic ===

# of expected passes		6496
# of unexpected failures	6
# of expected failures		103
# of untested testcases		20

Running target unix
FAIL: g++.eh/badalloc1.C  Execution test
FAIL: g++.ext/instantiate1.C not instantiated (test for errors, line 20)

		=== g++ Summary for unix ===

# of expected passes		6500
# of unexpected failures	2
# of expected failures		103
# of untested testcases		20

		=== g++ Summary ===

# of expected passes		19492
# of unexpected failures	14
# of expected failures		309
# of untested testcases		60
/share2/gcc-rel/gcc-3.0.4/objdir/gcc/testsuite/../g++ version 3.0.4

		=== g77 tests ===


Running target unix/-fPIC

		=== g77 Summary for unix/-fPIC ===

# of expected passes		939
# of unsupported tests		8

Running target unix/-fpic

		=== g77 Summary for unix/-fpic ===

# of expected passes		939
# of unsupported tests		8

Running target unix

		=== g77 Summary for unix ===

# of expected passes		939
# of unsupported tests		8

		=== g77 Summary ===

# of expected passes		2817
# of unsupported tests		24
		=== gcc tests ===


Running target unix/-fPIC
WARNING: program timed out.
FAIL: gcc.c-torture/compile/20001226-1.c,  -O1  
WARNING: program timed out.
FAIL: gcc.c-torture/compile/20001226-1.c,  -O2  
WARNING: program timed out.
FAIL: gcc.c-torture/compile/20001226-1.c,  -O3 -fomit-frame-pointer  
WARNING: program timed out.
FAIL: gcc.c-torture/compile/20001226-1.c,  -O3 -g  
WARNING: program timed out.
FAIL: gcc.c-torture/compile/20001226-1.c,  -Os  
FAIL: gcc.dg/20001013-1.c (test for excess errors)
WARNING: gcc.dg/20001013-1.c compilation failed to produce executable
FAIL: gcc.dg/pack-test-1.c (test for excess errors)
FAIL: gcc.dg/pack-test-2.c  (test for errors, line 7)
FAIL: gcc.dg/pack-test-2.c  (test for errors, line 14)
FAIL: gcc.dg/pack-test-2.c  (test for errors, line 19)
FAIL: gcc.dg/pack-test-2.c (test for excess errors)
FAIL: gcc.misc-tests/gcov-1.c (test for excess errors)
FAIL: gcc.misc-tests/gcov-1.c execution test
FAIL: gcov-1.c:1:is 4:should be 11
FAIL: gcov-1.c:1:is 5:should be 10
FAIL: gcov-1.c:1:is 7:should be 1
FAIL: gcc.misc-tests/gcov-2.c (test for excess errors) (PRMS 8294)
FAIL: gcc.misc-tests/gcov-2.c execution test (PRMS 8294)
FAIL: gcc.misc-tests/gcov-3.c (test for excess errors) (PRMS 8294)
FAIL: gcc.misc-tests/gcov-3.c execution test (PRMS 8294)
FAIL: gcov-3.c:3:is 7:should be 1 (PRMS 8294)
FAIL: gcov-3.c:4:is 2:should be 1 (PRMS 8294)

		=== gcc Summary for unix/-fPIC ===

# of expected passes		15286
# of unexpected failures	22
# of expected failures		76
# of unsupported tests		46

Running target unix/-fpic
WARNING: program timed out.
FAIL: gcc.c-torture/compile/20001226-1.c,  -O1  
WARNING: program timed out.
FAIL: gcc.c-torture/compile/20001226-1.c,  -O2  
WARNING: program timed out.
FAIL: gcc.c-torture/compile/20001226-1.c,  -O3 -fomit-frame-pointer  
WARNING: program timed out.
FAIL: gcc.c-torture/compile/20001226-1.c,  -O3 -g  
WARNING: program timed out.
FAIL: gcc.c-torture/compile/20001226-1.c,  -Os  
FAIL: gcc.dg/20001013-1.c (test for excess errors)
WARNING: gcc.dg/20001013-1.c compilation failed to produce executable
FAIL: gcc.dg/pack-test-1.c (test for excess errors)
FAIL: gcc.dg/pack-test-2.c  (test for errors, line 7)
FAIL: gcc.dg/pack-test-2.c  (test for errors, line 14)
FAIL: gcc.dg/pack-test-2.c  (test for errors, line 19)
FAIL: gcc.dg/pack-test-2.c (test for excess errors)
FAIL: gcc.misc-tests/gcov-1.c (test for excess errors)
FAIL: gcc.misc-tests/gcov-1.c execution test
FAIL: gcov-1.c:1:is 4:should be 11
FAIL: gcov-1.c:1:is 5:should be 10
FAIL: gcov-1.c:1:is 7:should be 1
FAIL: gcc.misc-tests/gcov-2.c (test for excess errors) (PRMS 8294)
FAIL: gcc.misc-tests/gcov-2.c execution test (PRMS 8294)
FAIL: gcc.misc-tests/gcov-3.c (test for excess errors) (PRMS 8294)
FAIL: gcc.misc-tests/gcov-3.c execution test (PRMS 8294)
FAIL: gcov-3.c:3:is 7:should be 1 (PRMS 8294)
FAIL: gcov-3.c:4:is 2:should be 1 (PRMS 8294)

		=== gcc Summary for unix/-fpic ===

# of expected passes		15286
# of unexpected failures	22
# of expected failures		76
# of unsupported tests		46

Running target unix
WARNING: program timed out.
FAIL: gcc.c-torture/compile/20001226-1.c,  -O1  
WARNING: program timed out.
FAIL: gcc.c-torture/compile/20001226-1.c,  -O2  
WARNING: program timed out.
FAIL: gcc.c-torture/compile/20001226-1.c,  -O3 -fomit-frame-pointer  
WARNING: program timed out.
FAIL: gcc.c-torture/compile/20001226-1.c,  -O3 -g  
WARNING: program timed out.
FAIL: gcc.c-torture/compile/20001226-1.c,  -Os  
FAIL: gcc.dg/20001013-1.c (test for excess errors)
WARNING: gcc.dg/20001013-1.c compilation failed to produce executable
FAIL: gcc.dg/pack-test-1.c (test for excess errors)
FAIL: gcc.dg/pack-test-2.c  (test for errors, line 7)
FAIL: gcc.dg/pack-test-2.c  (test for errors, line 14)
FAIL: gcc.dg/pack-test-2.c  (test for errors, line 19)
FAIL: gcc.dg/pack-test-2.c (test for excess errors)

		=== gcc Summary for unix ===

# of expected passes		15294
# of unexpected failures	11
# of expected failures		76
# of unsupported tests		46

		=== gcc Summary ===

# of expected passes		45866
# of unexpected failures	55
# of expected failures		228
# of unsupported tests		138
/share2/gcc-rel/gcc-3.0.4/objdir/gcc/xgcc version 3.0.4

		=== objc tests ===


Running target unix/-fPIC

		=== objc Summary for unix/-fPIC ===

# of expected passes		153
# of expected failures		1

Running target unix/-fpic

		=== objc Summary for unix/-fpic ===

# of expected passes		153
# of expected failures		1

Running target unix

		=== objc Summary for unix ===

# of expected passes		153
# of expected failures		1

		=== objc Summary ===

# of expected passes		459
# of expected failures		3
/share2/gcc-rel/gcc-3.0.4/objdir/gcc/xgcc version 3.0.4

		=== ld tests ===


Running target unix/-fPIC
FAIL: selective4
FAIL: selective5
FAIL: S-records
FAIL: S-records with constructors

		=== ld Summary for unix/-fPIC ===

# of expected passes		125
# of unexpected failures	4
# of expected failures		13

Running target unix/-fpic
FAIL: vers3
FAIL: vers4
FAIL: vers4a
FAIL: vers6
FAIL: vers15
FAIL: vers19
FAIL: selective4
FAIL: selective5
FAIL: S-records
FAIL: S-records with constructors

		=== ld Summary for unix/-fpic ===

# of expected passes		119
# of unexpected failures	10
# of expected failures		13

Running target unix
FAIL: selective4
FAIL: selective5

		=== ld Summary for unix ===

# of expected passes		127
# of unexpected failures	2
# of expected failures		13

		=== ld Summary ===

# of expected passes		371
# of unexpected failures	16
# of expected failures		39
		=== libjava tests ===


Running target unix/-fPIC
FAIL: ArrayClass compilation from bytecode
FAIL: ArrayClass -O compilation from bytecode
FAIL: BlankFinal compilation from bytecode
FAIL: BlankFinal -O compilation from bytecode
FAIL: Case compilation from bytecode
FAIL: Case -O compilation from bytecode
FAIL: G19990210_1 compilation from bytecode
FAIL: G19990210_1 -O compilation from bytecode
FAIL: G19990210_2 compilation from bytecode
FAIL: G19990210_2 -O compilation from bytecode
FAIL: G19990210_3 compilation from bytecode
FAIL: G19990210_3 -O compilation from bytecode
FAIL: G19990217_01 compilation from bytecode
FAIL: G19990217_01 -O compilation from bytecode
FAIL: G19990217_02 compilation from bytecode
FAIL: G19990217_02 -O compilation from bytecode
FAIL: G19990225_01 compilation from bytecode
FAIL: G19990225_01 -O compilation from bytecode
FAIL: N19990310_01 compilation from bytecode
FAIL: N19990310_01 -O compilation from bytecode
FAIL: N19990317 compilation from bytecode
FAIL: N19990317 -O compilation from bytecode
FAIL: OperatorBenchmark compilation from bytecode
FAIL: OperatorBenchmark -O compilation from bytecode
FAIL: PR129_B compilation from bytecode
FAIL: PR129_B -O compilation from bytecode
FAIL: PR206 compilation from bytecode
FAIL: PR206 -O compilation from bytecode
FAIL: PR207 compilation from bytecode
FAIL: PR207 -O compilation from bytecode
FAIL: PR208 compilation from bytecode
FAIL: PR208 -O compilation from bytecode
FAIL: PR209 compilation from bytecode
FAIL: PR209 -O compilation from bytecode
FAIL: PR232 compilation from bytecode
FAIL: PR232 -O compilation from bytecode
FAIL: PR232B compilation from bytecode
FAIL: PR232B -O compilation from bytecode
FAIL: PR234 compilation from bytecode
FAIL: PR234 -O compilation from bytecode
FAIL: PR235 compilation from bytecode
FAIL: PR235 -O compilation from bytecode
FAIL: PR238 compilation from bytecode
FAIL: PR238 -O compilation from bytecode
FAIL: PR295 compilation from bytecode
FAIL: PR295 -O compilation from bytecode
FAIL: PR374 compilation from bytecode
FAIL: PR374 -O compilation from bytecode
FAIL: PR375 compilation from bytecode
FAIL: PR375 -O compilation from bytecode
FAIL: Semi compilation from bytecode
FAIL: Semi -O compilation from bytecode
FAIL: Statics compilation from bytecode
FAIL: Statics -O compilation from bytecode
FAIL: SuperConstr compilation from bytecode
FAIL: SuperConstr -O compilation from bytecode
FAIL: Twice compilation from bytecode
FAIL: Twice -O compilation from bytecode
FAIL: Where compilation from bytecode
FAIL: Where -O compilation from bytecode
FAIL: assignment compilation from bytecode
FAIL: assignment -O compilation from bytecode
FAIL: assignment_2 compilation from bytecode
FAIL: assignment_2 -O compilation from bytecode
FAIL: comment compilation from bytecode
FAIL: comment -O compilation from bytecode
FAIL: iface compilation from bytecode
FAIL: iface -O compilation from bytecode
FAIL: inner_1 compilation from bytecode
FAIL: inner_1 -O compilation from bytecode
FAIL: inner_data compilation from bytecode
FAIL: inner_data -O compilation from bytecode
FAIL: inner_inherit compilation from bytecode
FAIL: inner_inherit -O compilation from bytecode
FAIL: inner_priv compilation from bytecode
FAIL: inner_priv -O compilation from bytecode
FAIL: inner_pub compilation from bytecode
FAIL: inner_pub -O compilation from bytecode
FAIL: not_a_redef compilation from bytecode
FAIL: not_a_redef -O compilation from bytecode
FAIL: perc compilation from bytecode
FAIL: perc -O compilation from bytecode
FAIL: plusplus compilation from bytecode
FAIL: plusplus -O compilation from bytecode
FAIL: pr172 compilation from bytecode
FAIL: pr172 -O compilation from bytecode
FAIL: pr174 compilation from bytecode
FAIL: pr174 -O compilation from bytecode
FAIL: pr176 compilation from bytecode
FAIL: pr176 -O compilation from bytecode
FAIL: static_2 compilation from bytecode
FAIL: static_2 -O compilation from bytecode
FAIL: static_3 compilation from bytecode
FAIL: static_3 -O compilation from bytecode
FAIL: static_init2 compilation from bytecode
FAIL: static_init2 -O compilation from bytecode
FAIL: static_inner compilation from bytecode
FAIL: static_inner -O compilation from bytecode
FAIL: weirddecl compilation from bytecode
FAIL: weirddecl -O compilation from bytecode
FAIL: Array_1 execution from source compiled test
ERROR: (DejaGnu) proc "Try \`jv-scan --help' for more information. -g -L/share2/gcc-rel/gcc-3.0.4/objdir/sparc-linux//libjava/.libs -L/share2/gcc-rel/gcc-3.0.4/objdir/sparc-linux//boehm-gc/.libs -L/share2/gcc-rel/gcc-3.0.4/objdir/sparc-linux//zlib/.libs -lm -fPIC -o /share2/gcc-rel/gcc-3.0.4/objdir/sparc-linux/libjava/testsuite//share2/gcc-rel/gcc-3.0.4/objdir/gcc/jv-scan: invalid option -- f" does not exist.

		=== libjava Summary ===

# of expected passes		274
# of unexpected failures	101
# of expected failures		6
# of untested testcases		9
		=== libstdc++-v3 tests ===


Running target unix/-fPIC
FAIL: 22_locale/codecvt_unicode_char.cc execution test
FAIL: 22_locale/codecvt_unicode_wchar_t.cc execution test

		=== libstdc++-v3 Summary for unix/-fPIC ===

# of expected passes		245
# of unexpected failures	2
# of expected failures		8

Running target unix/-fpic
FAIL: 22_locale/codecvt_unicode_char.cc execution test
FAIL: 22_locale/codecvt_unicode_wchar_t.cc execution test

		=== libstdc++-v3 Summary for unix/-fpic ===

# of expected passes		245
# of unexpected failures	2
# of expected failures		8

Running target unix
FAIL: 22_locale/codecvt_unicode_char.cc execution test
FAIL: 22_locale/codecvt_unicode_wchar_t.cc execution test

		=== libstdc++-v3 Summary for unix ===

# of expected passes		245
# of unexpected failures	2
# of expected failures		8

		=== libstdc++-v3 Summary ===

# of expected passes		735
# of unexpected failures	6
# of expected failures		24

Compiler version: 3.0.4 
Platform: sparc-unknown-linux-gnu
configure flags: --host=sparc-linux --prefix=/usr/local/gcc-3.0.4+binutils-2.12-cvs-20020222 --enable-shared --enable-threads=posix
Counting all warnings,
there are 308 warnings in stage0 of this bootstrap.

Number of warnings per file:
    192	libiberty/md5.c
     78	../../binutils/ieee.c
      7	fastjar/compress.c
      6	make[3]
      4	libjava/jni.cc
      4	libjava/java/lang/natClassLoader.cc
      3	fastjar/jartool.c
      2	libsupc++/eh_personality.cc
      2	libjava/gnu/gcj/convert/natIconv.cc
      2	fastjar/pushback.c
      1	make[5]
      1	make[4]
      1	libobjc/encoding.c
      1	libjava/name-finder.cc
      1	libjava/gnu/gcj/runtime/natFirstThread.cc
      1	libjava/gnu/gcj/io/shs.cc
      1	lex.yy.c
      1	../../../boehm-gc/mark_rts.c

Number of warning types:
     78	signed and unsigned type in conditional expression
     64	function-like macro \`FI' must be used with arguments in traditional C
     64	function-like macro \`FH' must be used with arguments in traditional C
     64	function-like macro \`FG' must be used with arguments in traditional C
     10	comparison between signed and unsigned
      8	jobserver unavailable: using -j1.  Add \`???' to parent make rule.
      4	unused parameter \`
      3	unused parameter \`???'
      1	unused variable \`
      1	unused parameter \`const 
      1	unused 
      1	static declaration for \`???' follows non-static
      1	new 
      1	function returns address of local variable
      1	function declaration isn't a prototype
      1	comparison of unsigned expression < 0 is always false
      1	comparison between 
      1	cast from pointer to integer of 
      1	ambiguates 
      1	\`???' defined but not used
      1	\`???' declared 
Counting all warnings,
there are 108 warnings in stage3 of this bootstrap.

Number of warnings per file:
     29	gcc/combine.c
      8	gcc/dwarf2out.c
      6	gcc/cse.c
      6	gcc/cp/pt.c
      5	gcc/reload1.c
      5	gcc/expr.c
      5	gcc/cp/error.c
      5	gcc/cp/call.c
      4	gcc/except.c
      4	gcc/config/sparc/sparc.c
      3	gcc/gcc.c
      2	gcc/varasm.c
      2	gcc/reload.c
      2	gcc/function.c
      2	gcc/fold-const.c
      2	gcc/flow.c
      2	gcc/alias.c
      1	gcc/unwind-dw2.c
      1	gcc/sched-deps.c
      1	gcc/rtlanal.c
      1	gcc/reorg.c
      1	gcc/regmove.c
      1	gcc/objc/lang-specs.h
      1	gcc/java/jvspec.c
      1	gcc/final.c
      1	gcc/f/lang-specs.h
      1	gcc/expmed.c
      1	gcc/dwarfout.c
      1	gcc/cppmacro.c
      1	gcc/cp/typeck2.c
      1	gcc/cp/lang-specs.h
      1	gcc/cp/init.c
      1	gcc/cp/errfn.c

Number of warning types:
     52	comparison between signed and unsigned
     14	signed and unsigned type in conditional expression
     14	\`???' might be used uninitialized in this function
      7	string length \`???' is greater than the length \`???' ISO C89 compilers are required to support
      7	??? format, ??? arg (arg ???)
      5	initialization from incompatible pointer type
      3	function declaration isn't a prototype
      2	unused variable \`???'
      1	unused parameter \`???'
      1	pointer targets in passing arg ??? of \`???' differ in signedness
      1	passing arg ??? of \`???' discards qualifiers from pointer target type
      1	implicit declaration of function \`???'


Index Nav: [Date Index] [Subject Index] [Author Index] [Thread Index]
Message Nav: [Date Prev] [Date Next] [Thread Prev] [Thread Next]