This is the mail archive of the gcc-testresults@gcc.gnu.org mailing list for the GCC project.


Index Nav: [Date Index] [Subject Index] [Author Index] [Thread Index]
Message Nav: [Date Prev] [Date Next] [Thread Prev] [Thread Next]
Other format: [Raw text]

Results for 3.0.5 20020225 (prerelease) testsuite on sparc-sun-solaris2.8


LAST_UPDATED: Sat Jan 26 06:08:27 UTC 2002

Native configuration is sparc-sun-solaris2.8

		=== g++ tests ===


Running target unix
FAIL: g++.dg/special/conpr-1.C execution test
FAIL: g++.dg/special/conpr-2.C execution test
FAIL: g++.dg/special/conpr-3.C execution test
FAIL: g++.dg/special/conpr-3.C execution test
FAIL: g++.dg/special/conpr-1.C execution test
FAIL: g++.eh/badalloc1.C  Execution test
FAIL: g++.ext/instantiate1.C not instantiated (test for errors, line 20)
FAIL: g++.ext/instantiate1.C not instantiated (test for errors, line 22)
FAIL: g++.ext/instantiate2.C not instantiated (test for errors, line 19)
FAIL: g++.ext/instantiate3.C not instantiated (test for errors, line 13)

		=== g++ Summary ===

# of expected passes		6493
# of unexpected failures	10
# of expected failures		103
# of untested testcases		19
/files/mitchell/gcc_auto_build/gcc/sparc-sun-solaris2.8/gcc/testsuite/../g++ version 3.0.5 20020225 (prerelease)

		=== g77 tests ===


Running target unix

		=== g77 Summary ===

# of expected passes		939
# of unsupported tests		8
		=== gcc tests ===


Running target unix
FAIL: gcc.dg/20001013-1.c (test for excess errors)

		=== gcc Summary ===

# of expected passes		15285
# of unexpected failures	1
# of expected failures		78
# of unresolved testcases	3
# of unsupported tests		49
/files/mitchell/gcc_auto_build/gcc/sparc-sun-solaris2.8/gcc/xgcc version 3.0.5 20020225 (prerelease)

		=== objc tests ===


Running target unix

		=== objc Summary ===

# of expected passes		153
# of expected failures		1
/files/mitchell/gcc_auto_build/gcc/sparc-sun-solaris2.8/gcc/xgcc version 3.0.5 20020225 (prerelease)

		=== libstdc++-v3 tests ===


Running target unix
XPASS: 26_numerics/c99_classification_macros_c.cc (test for excess errors)

		=== libstdc++-v3 Summary ===

# of expected passes		247
# of unexpected successes	1
# of expected failures		7

Compiler version: 3.0.5 20020225 (prerelease) 
Platform: sparc-sun-solaris2.8
configure flags: --host=sparc-sun-solaris2.8 --prefix=/files/mitchell/gcc_auto_build/install/sparc-sun-solaris2.8


Index Nav: [Date Index] [Subject Index] [Author Index] [Thread Index]
Message Nav: [Date Prev] [Date Next] [Thread Prev] [Thread Next]