This is the mail archive of the gcc-testresults@gcc.gnu.org mailing list for the GCC project.


Index Nav: [Date Index] [Subject Index] [Author Index] [Thread Index]
Message Nav: [Date Prev] [Date Next] [Thread Prev] [Thread Next]
Other format: [Raw text]

Results for 3.0.4 testsuite on sparc-sun-solaris2.7


LAST_UPDATED: 
Native configuration is sparc-sun-solaris2.7

		=== g++ tests ===


Running target unix/-fPIC
FAIL: g++.dg/special/conpr-1.C execution test
FAIL: g++.dg/special/conpr-2.C execution test
FAIL: g++.dg/special/conpr-3.C execution test
FAIL: g++.dg/special/conpr-3.C execution test
FAIL: g++.dg/special/conpr-1.C execution test
FAIL: g++.eh/badalloc1.C  Execution test
FAIL: g++.ext/instantiate1.C not instantiated (test for errors, line 20)
FAIL: g++.ext/instantiate1.C not instantiated (test for errors, line 22)
FAIL: g++.ext/instantiate2.C not instantiated (test for errors, line 19)
FAIL: g++.ext/instantiate3.C not instantiated (test for errors, line 13)
FAIL: g++.law/profile1.C  Execution test
FAIL: g++.robertl/eb83.C  Execution test

		=== g++ Summary for unix/-fPIC ===

# of expected passes		6491
# of unexpected failures	12
# of expected failures		103
# of untested testcases		19

Running target unix/-fpic
FAIL: g++.dg/special/conpr-1.C execution test
FAIL: g++.dg/special/conpr-2.C execution test
FAIL: g++.dg/special/conpr-3.C execution test
FAIL: g++.dg/special/conpr-3.C execution test
FAIL: g++.dg/special/conpr-1.C execution test
FAIL: g++.eh/badalloc1.C  Execution test
FAIL: g++.ext/instantiate1.C not instantiated (test for errors, line 20)
FAIL: g++.ext/instantiate1.C not instantiated (test for errors, line 22)
FAIL: g++.ext/instantiate2.C not instantiated (test for errors, line 19)
FAIL: g++.ext/instantiate3.C not instantiated (test for errors, line 13)
FAIL: g++.law/profile1.C  Execution test
FAIL: g++.robertl/eb83.C  Execution test

		=== g++ Summary for unix/-fpic ===

# of expected passes		6491
# of unexpected failures	12
# of expected failures		103
# of untested testcases		19

Running target unix
FAIL: g++.dg/special/conpr-1.C execution test
FAIL: g++.dg/special/conpr-2.C execution test
FAIL: g++.dg/special/conpr-3.C execution test
FAIL: g++.dg/special/conpr-3.C execution test
FAIL: g++.dg/special/conpr-1.C execution test
FAIL: g++.eh/badalloc1.C  Execution test
FAIL: g++.ext/instantiate1.C not instantiated (test for errors, line 20)
FAIL: g++.ext/instantiate1.C not instantiated (test for errors, line 22)
FAIL: g++.ext/instantiate2.C not instantiated (test for errors, line 19)
FAIL: g++.ext/instantiate3.C not instantiated (test for errors, line 13)

		=== g++ Summary for unix ===

# of expected passes		6493
# of unexpected failures	10
# of expected failures		103
# of untested testcases		19

		=== g++ Summary ===

# of expected passes		19475
# of unexpected failures	34
# of expected failures		309
# of untested testcases		57
/teal/caip5/ghazi/gcc-testing/branch/build/gcc/testsuite/../g++ version 3.0.4

		=== g77 tests ===


Running target unix/-fPIC

		=== g77 Summary for unix/-fPIC ===

# of expected passes		939
# of unsupported tests		8

Running target unix/-fpic

		=== g77 Summary for unix/-fpic ===

# of expected passes		939
# of unsupported tests		8

Running target unix

		=== g77 Summary for unix ===

# of expected passes		939
# of unsupported tests		8

		=== g77 Summary ===

# of expected passes		2817
# of unsupported tests		24
		=== gcc tests ===


Running target unix/-fPIC
FAIL: gcc.dg/20001013-1.c (test for excess errors)
FAIL: gcc.misc-tests/gcov-1.c execution test
FAIL: gcov-1.c:1:is 4:should be 11
FAIL: gcov-1.c:1:is 5:should be 10
FAIL: gcov-1.c:1:is 7:should be 1
FAIL: gcc.misc-tests/gcov-2.c execution test (PRMS 8294)
FAIL: gcc.misc-tests/gcov-3.c execution test (PRMS 8294)
FAIL: gcov-3.c:3:is 7:should be 1 (PRMS 8294)
FAIL: gcov-3.c:4:is 2:should be 1 (PRMS 8294)

		=== gcc Summary for unix/-fPIC ===

# of expected passes		15281
# of unexpected failures	9
# of expected failures		78
# of unresolved testcases	3
# of unsupported tests		49

Running target unix/-fpic
FAIL: gcc.dg/20001013-1.c (test for excess errors)
FAIL: gcc.misc-tests/gcov-1.c execution test
FAIL: gcov-1.c:1:is 4:should be 11
FAIL: gcov-1.c:1:is 5:should be 10
FAIL: gcov-1.c:1:is 7:should be 1
FAIL: gcc.misc-tests/gcov-2.c execution test (PRMS 8294)
FAIL: gcc.misc-tests/gcov-3.c execution test (PRMS 8294)
FAIL: gcov-3.c:3:is 7:should be 1 (PRMS 8294)
FAIL: gcov-3.c:4:is 2:should be 1 (PRMS 8294)

		=== gcc Summary for unix/-fpic ===

# of expected passes		15281
# of unexpected failures	9
# of expected failures		78
# of unresolved testcases	3
# of unsupported tests		49

Running target unix
FAIL: gcc.dg/20001013-1.c (test for excess errors)

		=== gcc Summary for unix ===

# of expected passes		15286
# of unexpected failures	1
# of expected failures		78
# of unresolved testcases	3
# of unsupported tests		49

		=== gcc Summary ===

# of expected passes		45848
# of unexpected failures	19
# of expected failures		234
# of unresolved testcases	9
# of unsupported tests		147
/teal/caip5/ghazi/gcc-testing/branch/build/gcc/xgcc version 3.0.4

		=== objc tests ===


Running target unix/-fPIC

		=== objc Summary for unix/-fPIC ===

# of expected passes		153
# of expected failures		1

Running target unix/-fpic

		=== objc Summary for unix/-fpic ===

# of expected passes		153
# of expected failures		1

Running target unix

		=== objc Summary for unix ===

# of expected passes		153
# of expected failures		1

		=== objc Summary ===

# of expected passes		459
# of expected failures		3
/teal/caip5/ghazi/gcc-testing/branch/build/gcc/xgcc version 3.0.4

		=== libjava tests ===


Running target unix/-fPIC
FAIL: ArrayClass compilation from source
FAIL: ArrayClass compilation from bytecode
FAIL: ArrayClass -O compilation from source
FAIL: ArrayClass -O compilation from bytecode
FAIL: BlankFinal compilation from source
FAIL: BlankFinal compilation from bytecode
FAIL: BlankFinal -O compilation from source
FAIL: BlankFinal -O compilation from bytecode
FAIL: Case compilation from source
FAIL: Case compilation from bytecode
FAIL: Case -O compilation from source
FAIL: Case -O compilation from bytecode
FAIL: G19990210_1 compilation from source
FAIL: G19990210_1 compilation from bytecode
FAIL: G19990210_1 -O compilation from source
FAIL: G19990210_1 -O compilation from bytecode
FAIL: G19990210_2 compilation from source
FAIL: G19990210_2 compilation from bytecode
FAIL: G19990210_2 -O compilation from source
FAIL: G19990210_2 -O compilation from bytecode
FAIL: G19990210_3 compilation from source
FAIL: G19990210_3 compilation from bytecode
FAIL: G19990210_3 -O compilation from source
FAIL: G19990210_3 -O compilation from bytecode
FAIL: G19990217_01 compilation from source
FAIL: G19990217_01 compilation from bytecode
FAIL: G19990217_01 -O compilation from source
FAIL: G19990217_01 -O compilation from bytecode
FAIL: G19990217_02 compilation from bytecode
FAIL: G19990217_02 -O compilation from bytecode
FAIL: G19990225_01 compilation from source
FAIL: G19990225_01 compilation from bytecode
FAIL: G19990225_01 -O compilation from source
FAIL: G19990225_01 -O compilation from bytecode
FAIL: N19990310_01 compilation from source
FAIL: N19990310_01 compilation from bytecode
FAIL: N19990310_01 -O compilation from source
FAIL: N19990310_01 -O compilation from bytecode
FAIL: N19990317 compilation from source
FAIL: N19990317 compilation from bytecode
FAIL: N19990317 -O compilation from source
FAIL: N19990317 -O compilation from bytecode
FAIL: OperatorBenchmark compilation from source
FAIL: OperatorBenchmark compilation from bytecode
FAIL: OperatorBenchmark -O compilation from source
FAIL: OperatorBenchmark -O compilation from bytecode
FAIL: PR295 compilation from source
FAIL: PR295 compilation from bytecode
FAIL: PR295 -O compilation from source
FAIL: PR295 -O compilation from bytecode
FAIL: PR129_B compilation from bytecode
FAIL: PR129_B -O compilation from bytecode
FAIL: PR206 compilation from source
FAIL: PR206 compilation from bytecode
FAIL: PR206 -O compilation from source
FAIL: PR206 -O compilation from bytecode
FAIL: PR207 compilation from bytecode
FAIL: PR207 -O compilation from bytecode
FAIL: PR208 compilation from bytecode
FAIL: PR208 -O compilation from bytecode
FAIL: PR209 compilation from source
FAIL: PR209 compilation from bytecode
FAIL: PR209 -O compilation from source
FAIL: PR209 -O compilation from bytecode
FAIL: PR232 compilation from source
FAIL: PR232 compilation from bytecode
FAIL: PR232 -O compilation from source
FAIL: PR232 -O compilation from bytecode
FAIL: PR232B compilation from source
FAIL: PR232B compilation from bytecode
FAIL: PR232B -O compilation from source
FAIL: PR232B -O compilation from bytecode
FAIL: PR234 compilation from source
FAIL: PR234 compilation from bytecode
FAIL: PR234 -O compilation from source
FAIL: PR234 -O compilation from bytecode
FAIL: PR235 compilation from source
FAIL: PR235 compilation from bytecode
FAIL: PR235 -O compilation from source
FAIL: PR235 -O compilation from bytecode
FAIL: PR238 compilation from bytecode
FAIL: PR238 -O compilation from bytecode
FAIL: Statics compilation from source
FAIL: Statics compilation from bytecode
FAIL: Statics -O compilation from source
FAIL: Statics -O compilation from bytecode
FAIL: PR374 compilation from source
FAIL: PR374 compilation from bytecode
FAIL: PR374 -O compilation from source
FAIL: PR374 -O compilation from bytecode
FAIL: PR375 compilation from source
FAIL: PR375 compilation from bytecode
FAIL: PR375 -O compilation from source
FAIL: PR375 -O compilation from bytecode
FAIL: Semi compilation from source
FAIL: Semi compilation from bytecode
FAIL: Semi -O compilation from source
FAIL: Semi -O compilation from bytecode
FAIL: SuperConstr compilation from source
FAIL: SuperConstr compilation from bytecode
FAIL: SuperConstr -O compilation from source
FAIL: SuperConstr -O compilation from bytecode
FAIL: Twice compilation from source
FAIL: Twice compilation from bytecode
FAIL: Twice -O compilation from source
FAIL: Twice -O compilation from bytecode
FAIL: Where compilation from bytecode
FAIL: Where -O compilation from bytecode
FAIL: assignment compilation from source
FAIL: assignment compilation from bytecode
FAIL: assignment -O compilation from source
FAIL: assignment -O compilation from bytecode
FAIL: assignment_2 compilation from source
FAIL: assignment_2 compilation from bytecode
FAIL: assignment_2 -O compilation from source
FAIL: assignment_2 -O compilation from bytecode
FAIL: comment compilation from source
FAIL: comment compilation from bytecode
FAIL: comment -O compilation from source
FAIL: comment -O compilation from bytecode
FAIL: iface compilation from source
FAIL: iface compilation from bytecode
FAIL: iface -O compilation from source
FAIL: iface -O compilation from bytecode
FAIL: inner_1 compilation from bytecode
FAIL: inner_1 -O compilation from bytecode
FAIL: inner_data compilation from source
FAIL: inner_data compilation from bytecode
FAIL: inner_data -O compilation from source
FAIL: inner_data -O compilation from bytecode
FAIL: perc compilation from source
FAIL: perc compilation from bytecode
FAIL: perc -O compilation from source
FAIL: perc -O compilation from bytecode
FAIL: inner_inherit compilation from source
FAIL: inner_inherit compilation from bytecode
FAIL: inner_inherit -O compilation from source
FAIL: inner_inherit -O compilation from bytecode
FAIL: inner_priv compilation from source
FAIL: inner_priv compilation from bytecode
FAIL: inner_priv -O compilation from source
FAIL: inner_priv -O compilation from bytecode
FAIL: inner_pub compilation from source
FAIL: inner_pub compilation from bytecode
FAIL: inner_pub -O compilation from source
FAIL: inner_pub -O compilation from bytecode
FAIL: not_a_redef compilation from bytecode
FAIL: not_a_redef -O compilation from bytecode
FAIL: plusplus compilation from source
FAIL: plusplus compilation from bytecode
FAIL: plusplus -O compilation from source
FAIL: plusplus -O compilation from bytecode
FAIL: pr172 compilation from source
FAIL: pr172 compilation from bytecode
FAIL: pr172 -O compilation from source
FAIL: pr172 -O compilation from bytecode
FAIL: pr174 compilation from source
FAIL: pr174 compilation from bytecode
FAIL: pr174 -O compilation from source
FAIL: pr174 -O compilation from bytecode
FAIL: pr176 compilation from source
FAIL: pr176 compilation from bytecode
FAIL: pr176 -O compilation from source
FAIL: pr176 -O compilation from bytecode
FAIL: static_2 compilation from bytecode
FAIL: static_2 -O compilation from bytecode
FAIL: static_3 compilation from bytecode
FAIL: static_3 -O compilation from bytecode
FAIL: static_init2 compilation from source
FAIL: static_init2 compilation from bytecode
FAIL: static_init2 -O compilation from source
FAIL: static_init2 -O compilation from bytecode
FAIL: static_inner compilation from source
FAIL: static_inner compilation from bytecode
FAIL: static_inner -O compilation from source
FAIL: static_inner -O compilation from bytecode
FAIL: weirddecl compilation from bytecode
FAIL: weirddecl -O compilation from bytecode
FAIL: Array_1 compilation from source

		=== libjava Summary ===

# of expected passes		195
# of unexpected failures	179
# of expected failures		6
# of untested testcases		10
		=== libstdc++-v3 tests ===


Running target unix/-fPIC
XPASS: 26_numerics/c99_classification_macros_c.cc (test for excess errors)

		=== libstdc++-v3 Summary for unix/-fPIC ===

# of expected passes		247
# of unexpected successes	1
# of expected failures		7

Running target unix/-fpic
XPASS: 26_numerics/c99_classification_macros_c.cc (test for excess errors)

		=== libstdc++-v3 Summary for unix/-fpic ===

# of expected passes		247
# of unexpected successes	1
# of expected failures		7

Running target unix
XPASS: 26_numerics/c99_classification_macros_c.cc (test for excess errors)

		=== libstdc++-v3 Summary for unix ===

# of expected passes		247
# of unexpected successes	1
# of expected failures		7

		=== libstdc++-v3 Summary ===

# of expected passes		741
# of unexpected successes	3
# of expected failures		21

Compiler version: 3.0.4 
Platform: sparc-sun-solaris2.7
configure flags: --host=sparc-sun-solaris2.7 --verbose --enable-checking=misc,tree,rtl,gc


Index Nav: [Date Index] [Subject Index] [Author Index] [Thread Index]
Message Nav: [Date Prev] [Date Next] [Thread Prev] [Thread Next]