This is the mail archive of the gcc-testresults@gcc.gnu.org mailing list for the GCC project.


Index Nav: [Date Index] [Subject Index] [Author Index] [Thread Index]
Message Nav: [Date Prev] [Date Next] [Thread Prev] [Thread Next]
Other format: [Raw text]

Results for 3.0.4 testsuite on i686-pc-linux-gnu


SHOP_PACKAGE=gcc-3.0.4
SHOP_BINUTILS="binutils-2.11.2"
    ../configure \\
    --prefix=\${SHOP_STOW}/\${SHOP_PACKAGE}/\${SHOP_CONFIG}  \\
    --infodir=\${SHOP_STOW}/\${SHOP_PACKAGE}/info \\
    --mandir=\${SHOP_STOW}/\${SHOP_PACKAGE}/man \\
    --datadir=\${SHOP_STOW}/\${SHOP_PACKAGE}/share \\
    --enable-threads=posix \\
    --enable-long-long \\
    --enable-namespaces \\
    --enable-multilib \\
    --with-as=\${SHOP_STOW}/\${SHOP_BINUTILS}/\${SHOP_CONFIG}/bin/as \\
    --with-ld=\${SHOP_STOW}/\${SHOP_BINUTILS}/\${SHOP_CONFIG}/bin/ld \\
    --enable-nls \\
    --with-included-gettext
LAST_UPDATED: 
Native configuration is i686-pc-linux-gnu

		=== g++ tests ===


Running target unix
FAIL: g++.ext/instantiate1.C not instantiated (test for errors, line 20)

		=== g++ Summary ===

# of expected passes		6517
# of unexpected failures	1
# of expected failures		103
# of untested testcases		9
/export/shop/build/gcc-3.0.4/build-i686-pc-linux-gnu/gcc/testsuite/../g++ version 3.0.4

		=== g77 tests ===


Running target unix

		=== g77 Summary ===

# of expected passes		955
		=== gcc tests ===


Running target unix
XPASS: gcc.c-torture/execute/20000801-4.c execution,  -O0 
XPASS: gcc.c-torture/execute/20000801-4.c execution,  -O1 
XPASS: gcc.c-torture/execute/20000801-4.c execution,  -O2 
XPASS: gcc.c-torture/execute/20000801-4.c execution,  -O3 -fomit-frame-pointer 
XPASS: gcc.c-torture/execute/20000801-4.c execution,  -O3 -g 
XPASS: gcc.c-torture/execute/20000801-4.c execution,  -Os 

		=== gcc Summary ===

# of expected passes		15341
# of unexpected successes	6
# of expected failures		77
# of unsupported tests		21
/export/shop/build/gcc-3.0.4/build-i686-pc-linux-gnu/gcc/xgcc version 3.0.4

		=== objc tests ===


Running target unix

		=== objc Summary ===

# of expected passes		153
# of expected failures		1
/export/shop/build/gcc-3.0.4/build-i686-pc-linux-gnu/gcc/xgcc version 3.0.4

		=== libjava tests ===


Running target unix
XPASS: N19990310_4 output from source compiled test
XPASS: N19990310_4 -O output from source compiled test
XPASS: stringconst output from bytecode->native test
XPASS: stringconst -O output from bytecode->native test
XPASS: stub compilation from source
XPASS: stub byte compilation
XPASS: stub compilation from bytecode
XPASS: stub -O compilation from source
XPASS: stub byte compilation
XPASS: stub -O compilation from bytecode

		=== libjava Summary ===

# of expected passes		1676
# of unexpected successes	10
# of expected failures		14
# of untested testcases		16
		=== libstdc++-v3 tests ===


Running target unix

		=== libstdc++-v3 Summary ===

# of expected passes		247
# of expected failures		8

Compiler version: 3.0.4 
Platform: i686-pc-linux-gnu
configure flags: --host=i686-pc-linux-gnu --prefix=/export/shop/stow/gcc-3.0.4/i686-pc-linux-gnu --infodir=/export/shop/stow/gcc-3.0.4/info --mandir=/export/shop/stow/gcc-3.0.4/man --datadir=/export/shop/stow/gcc-3.0.4/share --enable-threads=posix --enable-long-long --enable-namespaces --enable-multilib --with-as=/export/shop/stow/binutils-2.11.2/i686-pc-linux-gnu/bin/as --with-ld=/export/shop/stow/binutils-2.11.2/i686-pc-linux-gnu/bin/ld --enable-nls --with-included-gettext


Index Nav: [Date Index] [Subject Index] [Author Index] [Thread Index]
Message Nav: [Date Prev] [Date Next] [Thread Prev] [Thread Next]