This is the mail archive of the gcc-testresults@gcc.gnu.org mailing list for the GCC project.


Index Nav: [Date Index] [Subject Index] [Author Index] [Thread Index]
Message Nav: [Date Prev] [Date Next] [Thread Prev] [Thread Next]
Other format: [Raw text]

Results for 3.1 20020221 (experimental) testsuite on i686-pc-linux-gnu


LAST_UPDATED: Thu Feb 21 11:47:25 UTC 2002

Native configuration is i686-pc-linux-gnu

		=== g++ tests ===


Running target unix

		=== g++ Summary ===

# of expected passes		7045
# of expected failures		91
# of untested testcases		9
/usr/local/src/build/gcc/gcc/testsuite/../g++ version 3.1 20020221 (experimental)

		=== g77 tests ===


Running target unix

		=== g77 Summary ===

# of expected passes		1468
/usr/local/src/build/gcc/gcc/testsuite/../g77 version 3.1 20020221 (experimental)

		=== gcc tests ===


Running target unix
FAIL: gcc.c-torture/execute/20011223-1.c execution,  -O2 
FAIL: gcc.c-torture/execute/20011223-1.c execution,  -O3 -fomit-frame-pointer 
FAIL: gcc.c-torture/execute/20011223-1.c execution,  -O3 -g 
FAIL: gcc.c-torture/execute/20011223-1.c execution,  -Os 

		=== gcc Summary ===

# of expected passes		17878
# of unexpected failures	4
# of expected failures		66
# of unsupported tests		35
/usr/local/src/build/gcc/gcc/xgcc version 3.1 20020221 (experimental)

		=== objc tests ===


Running target unix
FAIL: objc/execute/formal_protocol-6.m execution,  -O0 
FAIL: objc/execute/formal_protocol-6.m execution,  -O1 
FAIL: objc/execute/formal_protocol-6.m execution,  -O2 
FAIL: objc/execute/formal_protocol-6.m execution,  -O3 -fomit-frame-pointer 
FAIL: objc/execute/formal_protocol-6.m execution,  -O3 -g 
FAIL: objc/execute/formal_protocol-6.m execution,  -Os 

		=== objc Summary ===

# of expected passes		1036
# of unexpected failures	6
/usr/local/src/build/gcc/gcc/xgcc version 3.1 20020221 (experimental)

		=== libjava tests ===


Running target unix
FAIL: linking cxxtest
FAIL: instinit2 output from bytecode->native test
FAIL: instinit2 -O output from bytecode->native test
FAIL: nested_with_ctor output from bytecode->native test
FAIL: nested_with_ctor -O output from bytecode->native test

		=== libjava Summary ===

# of expected passes		2009
# of unexpected failures	5
# of expected failures		15
# of untested testcases		8
		=== libstdc++-v3 tests ===


Running target unix
XPASS: 22_locale/collate_members_wchar_t.cc execution test
FAIL: 26_numerics/c99_classification_macros_c.cc (test for excess errors)
FAIL: 27_io/ios_manip_basefield.cc execution test
FAIL: thread/pthread4.cc execution test

		=== libstdc++-v3 Summary ===

# of expected passes		354
# of unexpected failures	3
# of unexpected successes	1
# of expected failures		24

Compiler version: 3.1 20020221 (experimental) 
Platform: i686-pc-linux-gnu
configure flags: --host=i686-pc-linux-gnu --verbose --enable-threads=posix --with-system-zlib --enable-shared --disable-nls --enable-checking
Counting all warnings,
there are 61 warnings in stage3 of this bootstrap.

Number of warnings per file:
     24	gcc/combine.c
     10	gcc/regclass.c
      4	gcc/optabs.c
      4	gcc/gcc.c
      3	gcc/java/builtins.c
      2	gcc/fold-const.c
      2	gcc/crtstuff.c
      2	gcc/ada/a-except.adb
      1	gcc/reload.c
      1	gcc/profile.c
      1	gcc/objc/lang-specs.h
      1	gcc/java/jvspec.c
      1	gcc/ifcvt.c
      1	gcc/function.c
      1	gcc/final.c
      1	gcc/emit-rtl.c
      1	gcc/cppinit.c
      1	gcc/cp/lang-specs.h

Number of warning types:
     37	comparison between signed and unsigned
      7	string length \`???' is greater than the length \`???' ISO C89 compilers are required to support
      5	signed and unsigned type in conditional expression
      4	unused parameter \`???'
      3	\`???' might be used uninitialized in this function
      2	assignment discards qualifiers from pointer target type
      2	\`???' defined but not used
      1	pointer targets in passing arg ??? of \`???' differ in signedness


Index Nav: [Date Index] [Subject Index] [Author Index] [Thread Index]
Message Nav: [Date Prev] [Date Next] [Thread Prev] [Thread Next]