This is the mail archive of the gcc-testresults@gcc.gnu.org mailing list for the GCC project.


Index Nav: [Date Index] [Subject Index] [Author Index] [Thread Index]
Message Nav: [Date Prev] [Date Next] [Thread Prev] [Thread Next]
Other format: [Raw text]

Results for 3.0.4 testsuite on i386-unknown-freebsd4.5


LAST_UPDATED: Thu Feb 21 06:55:31 GMT 2002

Native configuration is i386-unknown-freebsd4.5

		=== g++ tests ===


Running target unix
FAIL: g++.law/profile1.C (test for excess errors)

		=== g++ Summary for unix ===

# of expected passes		6507
# of unexpected failures	1
# of expected failures		104
# of untested testcases		15

Running target unix/-pthread -fpic
FAIL: g++.eh/badalloc1.C  Execution test
FAIL: g++.law/profile1.C (test for excess errors)

		=== g++ Summary for unix/-pthread -fpic ===

# of expected passes		6506
# of unexpected failures	2
# of expected failures		104
# of untested testcases		15

		=== g++ Summary ===

# of expected passes		13013
# of unexpected failures	3
# of expected failures		208
# of untested testcases		30
/local0/scratch/ljrittle/gcc-build-ref4-0220/gcc/testsuite/../g++ version 3.0.4

		=== g77 tests ===


Running target unix

		=== g77 Summary for unix ===

# of expected passes		939
# of unsupported tests		8

Running target unix/-pthread -fpic

		=== g77 Summary for unix/-pthread -fpic ===

# of expected passes		939
# of unsupported tests		8

		=== g77 Summary ===

# of expected passes		1878
# of unsupported tests		16
		=== gcc tests ===


Running target unix
XPASS: gcc.c-torture/execute/20000801-4.c execution,  -O0 
XPASS: gcc.c-torture/execute/20000801-4.c execution,  -O1 
XPASS: gcc.c-torture/execute/20000801-4.c execution,  -O2 
XPASS: gcc.c-torture/execute/20000801-4.c execution,  -O3 -fomit-frame-pointer 
XPASS: gcc.c-torture/execute/20000801-4.c execution,  -O3 -g 
XPASS: gcc.c-torture/execute/20000801-4.c execution,  -Os 
XPASS: gcc.c-torture/execute/ieee/rbug.c execution,  -O3 -fomit-frame-pointer 
XPASS: gcc.c-torture/execute/ieee/rbug.c execution,  -O3 -g 

		=== gcc Summary for unix ===

# of expected passes		15326
# of unexpected successes	8
# of expected failures		81
# of unsupported tests		24

Running target unix/-pthread -fpic
FAIL: gcc.c-torture/compile/20000804-1.c,  -O0  
XPASS: gcc.c-torture/execute/20000801-4.c execution,  -O0 
XPASS: gcc.c-torture/execute/20000801-4.c execution,  -O1 
XPASS: gcc.c-torture/execute/20000801-4.c execution,  -O2 
XPASS: gcc.c-torture/execute/20000801-4.c execution,  -O3 -fomit-frame-pointer 
XPASS: gcc.c-torture/execute/20000801-4.c execution,  -O3 -g 
XPASS: gcc.c-torture/execute/20000801-4.c execution,  -Os 
FAIL: gcc.c-torture/execute/conversion.c execution,  -O3 -fomit-frame-pointer 
FAIL: gcc.c-torture/execute/conversion.c execution,  -O3 -g 
XPASS: gcc.c-torture/execute/loop-2b.c execution,  -O2 
FAIL: gcc.dg/asm-names.c (test for excess errors)

		=== gcc Summary for unix/-pthread -fpic ===

# of expected passes		15322
# of unexpected failures	4
# of unexpected successes	7
# of expected failures		82
# of unsupported tests		24

		=== gcc Summary ===

# of expected passes		30648
# of unexpected failures	4
# of unexpected successes	15
# of expected failures		163
# of unsupported tests		48
/local0/scratch/ljrittle/gcc-build-ref4-0220/gcc/xgcc version 3.0.4

		=== objc tests ===


Running target unix

		=== objc Summary for unix ===

# of expected passes		153
# of expected failures		1

Running target unix/-pthread -fpic

		=== objc Summary for unix/-pthread -fpic ===

# of expected passes		153
# of expected failures		1

		=== objc Summary ===

# of expected passes		306
# of expected failures		2
/local0/scratch/ljrittle/gcc-build-ref4-0220/gcc/xgcc version 3.0.4

		=== libstdc++-v3 tests ===


Running target unix
XPASS: 26_numerics/c99_classification_macros_c.cc (test for excess errors)

		=== libstdc++-v3 Summary ===

# of expected passes		247
# of unexpected successes	1
# of expected failures		7

Compiler version: 3.0.4 
Platform: i386-unknown-freebsd4.5
configure flags: --host=i386-unknown-freebsd4.5 --prefix=/home/ljrittle/tmp-ref4/install-ref4 --with-gnu-as --with-as=/usr/bin/as --with-gnu-ld --with-ld=/usr/bin/ld
BOOT_CFLAGS=-g -O2
Using make with objdir configuration
Key: gmake is GNU make
     make is BSD make as shipped on i386-unknown-freebsd4.5
     srcdir means in-source configuration was done within the gcc source tree
     objdir means out-source configuration was done within a fresh directory
ref4 (3.0.X) and ref5 (mainline) attempt to build gcc twice daily;
once for srcdir configuration and once for objdir configuration;
odd number days use GNU make; missing reports infer breakage


Index Nav: [Date Index] [Subject Index] [Author Index] [Thread Index]
Message Nav: [Date Prev] [Date Next] [Thread Prev] [Thread Next]