This is the mail archive of the gcc-testresults@gcc.gnu.org mailing list for the GCC project.


Index Nav: [Date Index] [Subject Index] [Author Index] [Thread Index]
Message Nav: [Date Prev] [Date Next] [Thread Prev] [Thread Next]
Other format: [Raw text]

Results for 3.0.4 testsuite on i686-pc-linux-gnu


Source:   gcc 3.0 branch (last updated 2002 Feb 21  01:12  +0200)
System:   Linux kernel 2.4.18-rc2-ac1
          glibc-2.2.5
          binutils-2.11.90.0.31

LAST_UPDATED: Wed Feb 20 23:12:21 UTC 2002

Native configuration is i686-pc-linux-gnu

		=== g++ tests ===


Running target unix
FAIL: g++.ext/instantiate1.C not instantiated (test for errors, line 20)

		=== g++ Summary ===

# of expected passes		6517
# of unexpected failures	1
# of expected failures		103
# of untested testcases		9
/disk2/cvs/gcc30/build/build.lnx/gcc/testsuite/../g++ version 3.0.4

		=== g77 tests ===


Running target unix

		=== g77 Summary ===

# of expected passes		955
		=== gcc tests ===


Running target unix
XPASS: gcc.c-torture/execute/20000801-4.c execution,  -O0 
XPASS: gcc.c-torture/execute/20000801-4.c execution,  -O1 
XPASS: gcc.c-torture/execute/20000801-4.c execution,  -O2 
XPASS: gcc.c-torture/execute/20000801-4.c execution,  -O3 -fomit-frame-pointer 
XPASS: gcc.c-torture/execute/20000801-4.c execution,  -O3 -g 
XPASS: gcc.c-torture/execute/20000801-4.c execution,  -Os 
FAIL: gcc.dg/format/c99-scanf-1.c %hhd sign (test for warnings, line 143)
FAIL: gcc.dg/format/c99-scanf-1.c %hhu sign (test for warnings, line 144)
FAIL: gcc.dg/format/c99-scanf-1.c (test for excess errors)

		=== gcc Summary ===

# of expected passes		15340
# of unexpected failures	3
# of unexpected successes	6
# of expected failures		77
# of unsupported tests		20
/disk2/cvs/gcc30/build/build.lnx/gcc/xgcc version 3.0.4

		=== objc tests ===


Running target unix

		=== objc Summary ===

# of expected passes		153
# of expected failures		1
/disk2/cvs/gcc30/build/build.lnx/gcc/xgcc version 3.0.4

		=== libjava tests ===


Running target unix
XPASS: N19990310_4 output from source compiled test
XPASS: N19990310_4 -O output from source compiled test
XPASS: stringconst output from bytecode->native test
XPASS: stringconst -O output from bytecode->native test
XPASS: stub compilation from source
XPASS: stub byte compilation
XPASS: stub compilation from bytecode
XPASS: stub -O compilation from source
XPASS: stub byte compilation
XPASS: stub -O compilation from bytecode

		=== libjava Summary ===

# of expected passes		1676
# of unexpected successes	10
# of expected failures		14
# of untested testcases		16
		=== libstdc++-v3 tests ===


Running target unix

		=== libstdc++-v3 Summary ===

# of expected passes		247
# of expected failures		8

Compiler version: 3.0.4 
Platform: i686-pc-linux-gnu
configure flags: --host=i686-pc-linux-gnu --prefix=/disk2/gcctest --enable-shared --verbose --enable-threads=posix

Counting all warnings,
there are 108 warnings in stage3 of this bootstrap.

Number of warnings per file:
     28	gcc/combine.c
     10	gcc/reg-stack.c
      6	gcc/cp/pt.c
      5	gcc/cse.c
      5	gcc/cp/error.c
      5	gcc/cp/call.c
      4	gcc/except.c
      3	insn-emit.c
      3	gcc/reload1.c
      3	gcc/gcc.c
      3	gcc/config/i386/i386.md
      3	gcc/config/i386/i386.c
      2	gcc/varasm.c
      2	gcc/reload.c
      2	gcc/function.c
      2	gcc/fold-const.c
      2	gcc/expr.c
      2	gcc/dwarf2out.c
      2	gcc/alias.c
      1	gcc/unwind-dw2.c
      1	gcc/sched-deps.c
      1	gcc/rtlanal.c
      1	gcc/regmove.c
      1	gcc/objc/lang-specs.h
      1	gcc/java/jvspec.c
      1	gcc/flow.c
      1	gcc/final.c
      1	gcc/f/lang-specs.h
      1	gcc/expmed.c
      1	gcc/dwarfout.c
      1	gcc/cppmacro.c
      1	gcc/cp/typeck2.c
      1	gcc/cp/lang-specs.h
      1	gcc/cp/init.c
      1	gcc/cp/errfn.c

Number of warning types:
     57	comparison between signed and unsigned
     14	`???' might be used uninitialized in this function
      7	string length `???' is greater than the length `???' ISO C89 compilers are required to support
      7	signed and unsigned type in conditional expression
      5	unused variable `???'
      5	initialization from incompatible pointer type
      3	function declaration isn't a prototype
      2	unused parameter `???'
      2	passing arg ??? of `???' from incompatible pointer type
      2	destination missing a mode?
      1	pointer targets in passing arg ??? of `???' differ in signedness
      1	passing arg ??? of `???' discards qualifiers from pointer target type
      1	operand 0 missing mode?
      1	??? format, ??? arg (arg ???)


Index Nav: [Date Index] [Subject Index] [Author Index] [Thread Index]
Message Nav: [Date Prev] [Date Next] [Thread Prev] [Thread Next]