This is the mail archive of the
gcc-testresults@gcc.gnu.org
mailing list for the GCC project.
Results for 3.1 20020215 (experimental) testsuite on mips64orion-unknown-elf
- From: joel at britain dot oarcorp dot com
- To: gcc-testresults at gcc dot gnu dot org
- Date: Tue, 19 Feb 2002 11:21:30 -0600
- Subject: Results for 3.1 20020215 (experimental) testsuite on mips64orion-unknown-elf
The following results are for a build of the gcc main development
trunk for C/C++ using the binutils 2.12 branch as checked out this
morning and newlib 1.10.0 with minor patches.
Joel Sherrill
LAST_UPDATED:
Target is mips64orion-unknown-elf
Host is i686-pc-linux-gnu
=== gcc tests ===
Running target mips-sim
FAIL: gcc.c-torture/compile/packed-1.c, -O0
FAIL: gcc.c-torture/compile/packed-1.c, -O1
FAIL: gcc.c-torture/compile/packed-1.c, -O2
FAIL: gcc.c-torture/compile/packed-1.c, -O3 -fomit-frame-pointer
FAIL: gcc.c-torture/compile/packed-1.c, -O3 -g
FAIL: gcc.c-torture/compile/packed-1.c, -Os
FAIL: gcc.c-torture/execute/20010122-1.c execution, -O0
FAIL: gcc.c-torture/execute/20010122-1.c execution, -O1
FAIL: gcc.c-torture/execute/20010122-1.c execution, -O2
FAIL: gcc.c-torture/execute/20010122-1.c execution, -O3 -fomit-frame-pointer
FAIL: gcc.c-torture/execute/20010122-1.c execution, -O3 -fomit-frame-pointer -funroll-loops
FAIL: gcc.c-torture/execute/20010122-1.c execution, -O3 -fomit-frame-pointer -funroll-all-loops -finline-functions
FAIL: gcc.c-torture/execute/20010122-1.c execution, -O3 -g
FAIL: gcc.c-torture/execute/20010122-1.c execution, -Os
FAIL: gcc.c-torture/execute/950607-2.c execution, -O2
FAIL: gcc.c-torture/execute/950607-2.c execution, -Os
FAIL: gcc.c-torture/execute/va-arg-16.c execution, -O0
FAIL: gcc.c-torture/execute/va-arg-16.c execution, -O1
FAIL: gcc.c-torture/execute/va-arg-16.c execution, -O2
FAIL: gcc.c-torture/execute/va-arg-16.c execution, -O3 -fomit-frame-pointer
FAIL: gcc.c-torture/execute/va-arg-16.c execution, -O3 -g
FAIL: gcc.c-torture/execute/va-arg-16.c execution, -Os
FAIL: gcc.c-torture/execute/ieee/fp-cmp-4.c compilation, -O0
FAIL: gcc.c-torture/execute/ieee/fp-cmp-4.c compilation, -O1
FAIL: gcc.c-torture/execute/ieee/fp-cmp-4.c compilation, -O2
FAIL: gcc.c-torture/execute/ieee/fp-cmp-4.c compilation, -O3 -fomit-frame-pointer
FAIL: gcc.c-torture/execute/ieee/fp-cmp-4.c compilation, -O3 -fomit-frame-pointer -funroll-loops
FAIL: gcc.c-torture/execute/ieee/fp-cmp-4.c compilation, -O3 -fomit-frame-pointer -funroll-all-loops -finline-functions
FAIL: gcc.c-torture/execute/ieee/fp-cmp-4.c compilation, -O3 -g
FAIL: gcc.c-torture/execute/ieee/fp-cmp-4.c compilation, -Os
FAIL: gcc.c-torture/execute/ieee/fp-cmp-5.c compilation, -O0
FAIL: gcc.c-torture/execute/ieee/fp-cmp-5.c compilation, -O1
FAIL: gcc.c-torture/execute/ieee/fp-cmp-5.c compilation, -O2
FAIL: gcc.c-torture/execute/ieee/fp-cmp-5.c compilation, -O3 -fomit-frame-pointer
FAIL: gcc.c-torture/execute/ieee/fp-cmp-5.c compilation, -O3 -fomit-frame-pointer -funroll-loops
FAIL: gcc.c-torture/execute/ieee/fp-cmp-5.c compilation, -O3 -fomit-frame-pointer -funroll-all-loops -finline-functions
FAIL: gcc.c-torture/execute/ieee/fp-cmp-5.c compilation, -O3 -g
FAIL: gcc.c-torture/execute/ieee/fp-cmp-5.c compilation, -Os
FAIL: gcc.dg/asm-fs-1.c scan-assembler-not \\*_bar
FAIL: gcc.dg/asm-fs-1.c scan-assembler-not \\*_baz
FAIL: gcc.dg/wchar_t-1.c (test for excess errors)
FAIL: gcc.dg/wint_t-1.c (test for excess errors)
FAIL: gcc.dg/noncompile/930622-1.c (test for excess errors)
FAIL: gcc.dg/special/gcsec-1.c execution test
FAIL: gcc.misc-tests/bprob-1.c compilation, -g -fprofile-arcs
FAIL: gcc.misc-tests/bprob-1.c compilation, -O0 -fprofile-arcs
FAIL: gcc.misc-tests/bprob-1.c compilation, -O1 -fprofile-arcs
FAIL: gcc.misc-tests/bprob-1.c compilation, -O2 -DPERFTIME -fprofile-arcs
FAIL: gcc.misc-tests/bprob-1.c compilation, -O3 -DPERFTIME -fprofile-arcs
FAIL: gcc.misc-tests/bprob-1.c compilation, -O3 -g -DPERFTIME -fprofile-arcs
FAIL: gcc.misc-tests/bprob-1.c compilation, -Os -fprofile-arcs
FAIL: gcc.misc-tests/bprob-2.c compilation, -g -fprofile-arcs
FAIL: gcc.misc-tests/bprob-2.c compilation, -O0 -fprofile-arcs
FAIL: gcc.misc-tests/bprob-2.c compilation, -O1 -fprofile-arcs
FAIL: gcc.misc-tests/bprob-2.c compilation, -O2 -DPERFTIME -fprofile-arcs
FAIL: gcc.misc-tests/bprob-2.c compilation, -O3 -DPERFTIME -fprofile-arcs
FAIL: gcc.misc-tests/bprob-2.c compilation, -O3 -g -DPERFTIME -fprofile-arcs
FAIL: gcc.misc-tests/bprob-2.c compilation, -Os -fprofile-arcs
=== gcc Summary ===
# of expected passes 17470
# of unexpected failures 58
# of expected failures 62
# of unresolved testcases 58
# of unsupported tests 113
/opt/usr3/ftp_archive/gnu/gcc/ss/bCVS/b-mips64orion-elf/gcc/xgcc version 3.1 20020215 (experimental)
Host is i686-pc-linux-gnu
=== g++ tests ===
Running target mips-sim
FAIL: g++.dg/abi/empty4.C (test for excess errors)
FAIL: g++.dg/abi/mangle2.C (test for excess errors)
FAIL: g++.dg/abi/vbase8-10.C (test for excess errors)
FAIL: g++.dg/abi/vbase8-21.C (test for excess errors)
FAIL: g++.dg/abi/vbase8-22.C (test for excess errors)
FAIL: g++.dg/abi/vbase8-4.C (test for excess errors)
FAIL: g++.dg/abi/vthunk1.C (test for excess errors)
FAIL: g++.dg/eh/dtor1.C (test for excess errors)
FAIL: g++.dg/eh/loop1.C (test for excess errors)
FAIL: g++.dg/eh/omit-frame-pointer.C (test for excess errors)
FAIL: g++.dg/ext/instantiate1.C (test for excess errors)
FAIL: g++.dg/inherit/using1.C (test for excess errors)
FAIL: g++.dg/init/elide1.C (test for excess errors)
FAIL: g++.dg/init/empty1.C (test for excess errors)
FAIL: g++.dg/init/init-ref2.C execution test
FAIL: g++.dg/opt/nrv1.C (test for excess errors)
FAIL: g++.dg/other/copy1.C (test for excess errors)
FAIL: g++.dg/other/ptrmem1.C (test for excess errors)
FAIL: g++.dg/template/qualttp12.C (test for excess errors)
FAIL: g++.dg/template/qualttp16.C (test for excess errors)
FAIL: g++.dg/template/vtable1.C (test for excess errors)
FAIL: conpr-1.C
FAIL: g++.dg/special/conpr-2.C (test for excess errors)
FAIL: g++.dg/special/conpr-3.C (test for excess errors)
FAIL: g++.dg/special/conpr-3.C (test for excess errors)
FAIL: initp1.C
XPASS: g++.ext/instantiate3.C not instantiated (test for errors, line 13)
FAIL: g++.other/dwarf2-1.C (test for excess errors)
=== g++ Summary ===
# of expected passes 6820
# of unexpected failures 27
# of unexpected successes 1
# of expected failures 93
# of untested testcases 29
/opt/usr3/ftp_archive/gnu/gcc/ss/bCVS/b-mips64orion-elf/gcc/testsuite/../g++ version 3.1 20020215 (experimental)
Compiler version: 3.1 20020215 (experimental)
Platform: mips64orion-unknown-elf
configure flags: --target=mips64orion-elf --prefix=/opt/gnucross --with-gnu-as --with-gnu-ld --with-newlib --verbose --enable-languages=c,c++%g