This is the mail archive of the
gcc-testresults@gcc.gnu.org
mailing list for the GCC project.
Results for 3.0.4 20020215 (prerelease) testsuite on sparc-suse-linux-gnu
- From: Robert Schiele <schiele at rishadan dot informatik dot uni-mannheim dot de>
- To: gcc-testresults at gcc dot gnu dot org
- Date: Sat, 16 Feb 2002 16:32:42 +0100
- Subject: Results for 3.0.4 20020215 (prerelease) testsuite on sparc-suse-linux-gnu
The following build was done on a suse-i386-7.3 with the following packages:
binutils-2.11.90.0.29-14
glibc-2.2.4-34
k_deflt-2.4.14-1
dejagnu-1.4.0-49
Robert
LAST_UPDATED:
Native configuration is sparc-suse-linux-gnu
=== g++ tests ===
Running target unix
FAIL: g++.eh/badalloc1.C Execution test
FAIL: g++.ext/instantiate1.C not instantiated (test for errors, line 20)
=== g++ Summary ===
# of expected passes 6500
# of unexpected failures 2
# of expected failures 103
# of untested testcases 20
/home/schiele/gcc/build/sparc-suse-linux/gcc/testsuite/../g++ version 3.0.4 20020215 (prerelease)
=== g77 tests ===
Running target unix
=== g77 Summary ===
# of expected passes 939
# of unsupported tests 8
=== gcc tests ===
Running target unix
FAIL: gcc.dg/20001013-1.c (test for excess errors)
FAIL: gcc.dg/pack-test-1.c (test for excess errors)
FAIL: gcc.dg/pack-test-2.c (test for errors, line 7)
FAIL: gcc.dg/pack-test-2.c (test for errors, line 14)
FAIL: gcc.dg/pack-test-2.c (test for errors, line 19)
FAIL: gcc.dg/pack-test-2.c (test for excess errors)
=== gcc Summary ===
# of expected passes 15299
# of unexpected failures 6
# of expected failures 76
# of unsupported tests 46
/home/schiele/gcc/build/sparc-suse-linux/gcc/xgcc version 3.0.4 20020215 (prerelease)
=== objc tests ===
Running target unix
=== objc Summary ===
# of expected passes 153
# of expected failures 1
/home/schiele/gcc/build/sparc-suse-linux/gcc/xgcc version 3.0.4 20020215 (prerelease)
=== libjava tests ===
Running target unix
FAIL: Invoke_1 execution from source compiled test
FAIL: Invoke_1 execution from bytecode->native test
FAIL: Invoke_1 -O execution from source compiled test
FAIL: Invoke_1 -O execution from bytecode->native test
XPASS: N19990310_4 output from source compiled test
XPASS: N19990310_4 -O output from source compiled test
FAIL: PR218 execution from source compiled test
FAIL: PR218 execution from bytecode->native test
FAIL: PR218 -O execution from source compiled test
FAIL: PR218 -O execution from bytecode->native test
XPASS: stringconst output from bytecode->native test
XPASS: stringconst -O output from bytecode->native test
XPASS: stub compilation from source
XPASS: stub byte compilation
XPASS: stub compilation from bytecode
XPASS: stub -O compilation from source
XPASS: stub byte compilation
XPASS: stub -O compilation from bytecode
=== libjava Summary ===
# of expected passes 1660
# of unexpected failures 8
# of unexpected successes 10
# of expected failures 14
# of untested testcases 24
=== libstdc++-v3 tests ===
Running target unix
FAIL: 22_locale/codecvt_unicode_char.cc execution test
FAIL: 22_locale/codecvt_unicode_wchar_t.cc execution test
=== libstdc++-v3 Summary ===
# of expected passes 245
# of unexpected failures 2
# of expected failures 8
Compiler version: 3.0.4 20020215 (prerelease)
Platform: sparc-suse-linux-gnu
configure flags: --host=sparc-suse-linux --enable-threads=posix --enable-long-long --prefix=/home/schiele/gcc/sparc-suse-linux --enable-languages=c,c++,f77,objc,java --disable-nls --enable-shared