This is the mail archive of the
gcc-testresults@gcc.gnu.org
mailing list for the GCC project.
Results for 3.0.4 20020214 (prerelease) testsuite on alpha-unknown-freebsd5.0
- From: <ljrittle at FreeBSD dot org>
- To: gcc-testresults at gcc dot gnu dot org, ljrittle at acm dot org, obrien at freebsd dot org
- Date: Fri, 15 Feb 2002 08:56:11 -0800 (PST)
- Subject: Results for 3.0.4 20020214 (prerelease) testsuite on alpha-unknown-freebsd5.0
LAST_UPDATED: Fri Feb 15 07:25:05 GMT 2002
Native configuration is alpha-unknown-freebsd5.0
=== libstdc++-v3 tests ===
Running target unix
XPASS: 26_numerics/c99_classification_macros_c.cc (test for excess errors)
FAIL: 26_numerics/complex_inserters_extractors.cc execution test
FAIL: 27_io/istream_sentry.cc execution test
=== libstdc++-v3 Summary ===
# of expected passes 245
# of unexpected failures 2
# of unexpected successes 1
# of expected failures 7
=== g++ tests ===
Running target unix
FAIL: g++.law/profile1.C (test for excess errors)
=== g++ Summary ===
# of expected passes 6500
# of unexpected failures 1
# of expected failures 104
# of untested testcases 20
/j/ljrittle/gcc-build-beast-in/gcc/testsuite/../g++ version 3.0.4 20020214 (prerelease)
=== g77 tests ===
Running target unix
=== g77 Summary ===
# of expected passes 939
# of unsupported tests 8
=== gcc tests ===
Running target unix
FAIL: gcc.c-torture/compile/20001226-1.c, -O2
FAIL: gcc.c-torture/compile/20001226-1.c, -O3 -fomit-frame-pointer
FAIL: gcc.c-torture/compile/20001226-1.c, -O3 -g
FAIL: gcc.c-torture/compile/20001226-1.c, -Os
FAIL: gcc.c-torture/execute/ieee/fp-cmp-2.c execution, -O0
FAIL: gcc.c-torture/execute/ieee/fp-cmp-2.c execution, -O2
FAIL: gcc.c-torture/execute/ieee/fp-cmp-2.c execution, -O3 -fomit-frame-pointer
FAIL: gcc.c-torture/execute/ieee/fp-cmp-2.c execution, -O3 -fomit-frame-pointer -funroll-loops
FAIL: gcc.c-torture/execute/ieee/fp-cmp-2.c execution, -O3 -fomit-frame-pointer -funroll-all-loops -finline-functions
FAIL: gcc.c-torture/execute/ieee/fp-cmp-2.c execution, -O3 -g
FAIL: gcc.c-torture/execute/ieee/fp-cmp-2.c execution, -Os
=== gcc Summary ===
# of expected passes 15275
# of unexpected failures 11
# of expected failures 80
# of unsupported tests 52
/j/ljrittle/gcc-build-beast-in/gcc/xgcc version 3.0.4 20020214 (prerelease)
=== objc tests ===
Running target unix
=== objc Summary ===
# of expected passes 153
# of expected failures 1
/j/ljrittle/gcc-build-beast-in/gcc/xgcc version 3.0.4 20020214 (prerelease)
Compiler version: 3.0.4 20020214 (prerelease)
Platform: alpha-unknown-freebsd5.0
configure flags: --host=alpha-unknown-freebsd5.0 --prefix=/home/ljrittle/tmp-beast/install-beast --with-gnu-as --with-as=/usr/bin/as --with-gnu-ld --with-ld=/usr/bin/ld
BOOT_CFLAGS=-g -O2
Using make with srcdir configuration
Key: gmake is GNU make
make is BSD make as shipped on alpha-unknown-freebsd5.0
srcdir means in-source configuration was done within the gcc source tree
objdir means out-source configuration was done within a fresh directory
ref4 (3.0.X) and ref5 (mainline) attempt to build gcc twice daily;
once for srcdir configuration and once for objdir configuration;
odd number days use GNU make; missing reports infer breakage