This is the mail archive of the
gcc-testresults@gcc.gnu.org
mailing list for the GCC project.
Results for 3.1 20020211 (experimental) testsuite on alphaev6-unknown-linux-gnu
- From: rth at fidel dot sfbay dot redhat dot com
- To: gcc-testresults at gcc dot gnu dot org
- Date: Mon, 11 Feb 2002 23:16:06 -0800
- Subject: Results for 3.1 20020211 (experimental) testsuite on alphaev6-unknown-linux-gnu
LAST_UPDATED: Mon Feb 11 21:26:10 UTC 2002
Native configuration is alphaev6-unknown-linux-gnu
=== libjava tests ===
Running target unix
FAIL: register run
FAIL: cxxtest run
FAIL: InterfaceDispatch execution from bytecode->native test
FAIL: Primes -O output from source compiled test
FAIL: StringBuffer_1 execution from source compiled test
FAIL: StringBuffer_1 execution from bytecode->native test
FAIL: StringBuffer_1 -O execution from source compiled test
FAIL: StringBuffer_1 -O execution from bytecode->native test
XPASS: err7 compilation from bytecode
XPASS: err7 -O compilation from bytecode
XPASS: err8 compilation from bytecode
XPASS: err8 -O compilation from bytecode
FAIL: instinit2 output from bytecode->native test
FAIL: instinit2 -O output from bytecode->native test
FAIL: nested_with_ctor output from bytecode->native test
FAIL: nested_with_ctor -O output from bytecode->native test
XPASS: stringconst output from bytecode->native test
XPASS: stringconst -O output from bytecode->native test
FAIL: SyncTest execution from bytecode->native test
=== libjava Summary ===
# of expected passes 1966
# of unexpected failures 13
# of unexpected successes 6
# of expected failures 10
# of untested testcases 16
=== libstdc++-v3 tests ===
Running target unix
XPASS: 22_locale/ctype_members_char.cc execution test
XPASS: 22_locale/members.cc execution test
XPASS: 22_locale/messages_byname.cc execution test
XPASS: 22_locale/messages_members_char.cc execution test
XPASS: 22_locale/money_get_members_char.cc execution test
XPASS: 22_locale/money_get_members_wchar_t.cc execution test
XPASS: 22_locale/money_put_members_char.cc execution test
XPASS: 22_locale/money_put_members_wchar_t.cc execution test
XPASS: 22_locale/moneypunct_byname.cc execution test
XPASS: 22_locale/moneypunct_members_char.cc execution test
XPASS: 22_locale/moneypunct_members_wchar_t.cc execution test
XPASS: 22_locale/num_get_members_char.cc execution test
XPASS: 22_locale/num_get_members_wchar_t.cc execution test
XPASS: 22_locale/num_put_members_char.cc execution test
XPASS: 22_locale/num_put_members_wchar_t.cc execution test
XPASS: 22_locale/numpunct_byname.cc execution test
XPASS: 22_locale/numpunct_members_char.cc execution test
XPASS: 22_locale/numpunct_members_wchar_t.cc execution test
XPASS: 22_locale/time_get_members_char.cc execution test
XPASS: 22_locale/time_get_members_wchar_t.cc execution test
XPASS: 22_locale/time_put_members_char.cc execution test
FAIL: 26_numerics/c99_classification_macros_c.cc (test for excess errors)
=== libstdc++-v3 Summary ===
# of expected passes 354
# of unexpected failures 1
# of unexpected successes 21
# of expected failures 4
=== g77 tests ===
Running target unix
=== g77 Summary ===
# of expected passes 1452
# of unsupported tests 8
/fidel/ity/rth/gcc/axp/gcc/testsuite/../g77 version 3.1 20020211 (experimental)
=== gcc tests ===
Running target unix
FAIL: gcc.dg/c99-flex-array-2.c (test for excess errors)
XPASS: gcc.dg/c99-intconst-1.c (test for excess errors)
=== gcc Summary ===
# of expected passes 17513
# of unexpected failures 1
# of unexpected successes 1
# of expected failures 57
# of unsupported tests 97
/fidel/ity/rth/gcc/axp/gcc/xgcc version 3.1 20020211 (experimental)
=== g++ tests ===
Running target unix
FAIL: g++.dg/warn/Wshadow-1.C ignored (test for errors, line )
=== g++ Summary ===
# of expected passes 6880
# of unexpected failures 1
# of expected failures 91
# of untested testcases 22
# of unsupported tests 1
/fidel/ity/rth/gcc/axp/gcc/testsuite/../g++ version 3.1 20020211 (experimental)
=== objc tests ===
Running target unix
FAIL: objc/execute/formal_protocol-6.m execution, -O0
FAIL: objc/execute/formal_protocol-6.m execution, -O1
FAIL: objc/execute/formal_protocol-6.m execution, -O2
FAIL: objc/execute/formal_protocol-6.m execution, -O3 -fomit-frame-pointer
FAIL: objc/execute/formal_protocol-6.m execution, -O3 -g
FAIL: objc/execute/formal_protocol-6.m execution, -Os
=== objc Summary ===
# of expected passes 1036
# of unexpected failures 6
/fidel/ity/rth/gcc/axp/gcc/xgcc version 3.1 20020211 (experimental)
Compiler version: 3.1 20020211 (experimental)
Platform: alphaev6-unknown-linux-gnu
configure flags: --host=alphaev6-unknown-linux-gnu --prefix=/fidel/ity/rth/run --enable-threads