This is the mail archive of the gcc-testresults@gcc.gnu.org mailing list for the GCC project.


Index Nav: [Date Index] [Subject Index] [Author Index] [Thread Index]
Message Nav: [Date Prev] [Date Next] [Thread Prev] [Thread Next]
Other format: [Raw text]

Results for 3.0.3 testsuite on i386-sequent-sysv4


LAST_UPDATED: 
Native configuration is i386-sequent-sysv4

GNU binutils 2.11.2
GNU make 2.79.1
Changes to 3.0.3 sources in gcc/config.gcc and gcc/mklibgcc.in

		=== g++ tests ===


Running target unix
FAIL: g++.abi/cxa_vec.C (test for excess errors)
FAIL: g++.benjamin/15071.C (test for excess errors)
FAIL: g++.brendan/copy9.C (test for excess errors)
FAIL: g++.brendan/nest21.C (test for excess errors)
FAIL: g++.brendan/new3.C (test for excess errors)
FAIL: g++.brendan/ptolemy2.C (test for excess errors)
FAIL: g++.jason/2371.C (test for excess errors)
FAIL: g++.jason/template24.C (test for excess errors)
FAIL: g++.jason/template31.C (test for excess errors)
FAIL: g++.jason/typeid1.C (test for excess errors)
FAIL: g++.law/arg8.C (test for excess errors)
FAIL: g++.law/arm13.C (test for excess errors)
FAIL: g++.law/code-gen5.C (test for excess errors)
FAIL: g++.law/ctors12.C (test for excess errors)
FAIL: g++.law/cvt2.C (test for excess errors)
FAIL: g++.law/operators23.C (test for excess errors)
FAIL: g++.law/profile1.C (test for excess errors)
FAIL: g++.law/scope2.C (test for excess errors)
FAIL: g++.law/virtual3.C (test for excess errors)
FAIL: g++.mike/eh2.C (test for excess errors)
FAIL: g++.mike/net34.C (test for excess errors)
FAIL: g++.mike/net46.C (test for excess errors)
FAIL: g++.mike/p658.C (test for excess errors)
FAIL: g++.other/headers1.C (test for excess errors)
FAIL: g++.other/inline7.C (test for excess errors)
FAIL: g++.other/inline8.C (test for excess errors)
FAIL: g++.other/sibcall1.C (test for excess errors)
XPASS: g++.pt/decl2.C ICE - (test for errors, line 8)
FAIL: g++.robertl/eb115.C (test for excess errors)
FAIL: g++.robertl/eb118.C (test for excess errors)
FAIL: g++.robertl/eb21.C (test for excess errors)
FAIL: g++.robertl/eb27.C (test for excess errors)
FAIL: g++.robertl/eb31.C (test for excess errors)
FAIL: g++.robertl/eb41.C (test for excess errors)
FAIL: g++.robertl/eb44.C (test for excess errors)
FAIL: g++.robertl/eb46.C (test for excess errors)
FAIL: g++.robertl/eb54.C (test for excess errors)
FAIL: g++.robertl/eb66.C (test for excess errors)
FAIL: g++.robertl/eb73.C (test for excess errors)
FAIL: g++.robertl/eb77.C (test for excess errors)

		=== g++ Summary ===

# of expected passes		6431
# of unexpected failures	39
# of unexpected successes	1
# of expected failures		140
# of untested testcases		15
/eng2/fs16/janis/gnu/src/gcc-obj-3.0.3/gcc/testsuite/../g++ version 3.0.3

		=== g77 tests ===


Running target unix
FAIL: g77.f-torture/execute/20001201.f execution,  -O0 
FAIL: g77.f-torture/execute/20001201.f execution,  -O1 
FAIL: g77.f-torture/execute/20001201.f execution,  -O2 
FAIL: g77.f-torture/execute/20001201.f execution,  -O3 -fomit-frame-pointer 
FAIL: g77.f-torture/execute/20001201.f execution,  -O3 -g 
FAIL: g77.f-torture/execute/20001201.f execution,  -Os 
FAIL: g77.f-torture/execute/io0.f execution,  -O0 
FAIL: g77.f-torture/execute/io0.f execution,  -O1 
FAIL: g77.f-torture/execute/io0.f execution,  -O2 
FAIL: g77.f-torture/execute/io0.f execution,  -O3 -fomit-frame-pointer 
FAIL: g77.f-torture/execute/io0.f execution,  -O3 -g 
FAIL: g77.f-torture/execute/io0.f execution,  -Os 
FAIL: g77.f-torture/execute/io1.f execution,  -O0 
FAIL: g77.f-torture/execute/io1.f execution,  -O1 
FAIL: g77.f-torture/execute/io1.f execution,  -O2 
FAIL: g77.f-torture/execute/io1.f execution,  -O3 -fomit-frame-pointer 
FAIL: g77.f-torture/execute/io1.f execution,  -O3 -g 
FAIL: g77.f-torture/execute/io1.f execution,  -Os 

		=== g77 Summary ===

# of expected passes		915
# of unexpected failures	18
# of unsupported tests		8
		=== gcc tests ===


Running target unix
XPASS: gcc.c-torture/execute/20000801-4.c execution,  -O0 
XPASS: gcc.c-torture/execute/20000801-4.c execution,  -O1 
XPASS: gcc.c-torture/execute/20000801-4.c execution,  -O2 
XPASS: gcc.c-torture/execute/20000801-4.c execution,  -O3 -fomit-frame-pointer 
XPASS: gcc.c-torture/execute/20000801-4.c execution,  -O3 -g 
XPASS: gcc.c-torture/execute/20000801-4.c execution,  -Os 
FAIL: gcc.c-torture/execute/ieee/hugeval.c compilation,  -O0 
FAIL: gcc.c-torture/execute/ieee/hugeval.c compilation,  -O1 
FAIL: gcc.c-torture/execute/ieee/hugeval.c compilation,  -O2 
FAIL: gcc.c-torture/execute/ieee/hugeval.c compilation,  -O3 -fomit-frame-pointer 
FAIL: gcc.c-torture/execute/ieee/hugeval.c compilation,  -O3 -g 
FAIL: gcc.c-torture/execute/ieee/hugeval.c compilation,  -Os 
FAIL: gcc.dg/wint_t-1.c (test for excess errors)

		=== gcc Summary ===

# of expected passes		15319
# of unexpected failures	7
# of unexpected successes	6
# of expected failures		77
# of unresolved testcases	6
# of unsupported tests		24
/eng2/fs16/janis/gnu/src/gcc-obj-3.0.3/gcc/xgcc version 3.0.3

		=== objc tests ===


Running target unix

		=== objc Summary ===

# of expected passes		153
# of expected failures		1
/eng2/fs16/janis/gnu/src/gcc-obj-3.0.3/gcc/xgcc version 3.0.3

		=== libstdc++-v3 tests ===


Running target unix
FAIL: 17_intro/header_iostream.cc (test for excess errors)
FAIL: 17_intro/headers.cc (test for excess errors)
FAIL: 19_diagnostics/stdexceptions.cc (test for excess errors)
FAIL: 20_util/binders.cc (test for excess errors)
FAIL: 21_strings/append.cc (test for excess errors)
FAIL: 21_strings/capacity.cc (test for excess errors)
FAIL: 21_strings/char_traits_requirements.cc (test for excess errors)
FAIL: 21_strings/compare.cc (test for excess errors)
FAIL: 21_strings/ctor_copy_dtor.cc (test for excess errors)
FAIL: 21_strings/element_access.cc (test for excess errors)
FAIL: 21_strings/find.cc (test for excess errors)
FAIL: 21_strings/insert.cc (test for excess errors)
FAIL: 21_strings/inserters_extractors.cc (test for excess errors)
FAIL: 21_strings/invariants.cc (test for excess errors)
FAIL: 21_strings/nonmember.cc (test for excess errors)
FAIL: 21_strings/operations.cc (test for excess errors)
FAIL: 21_strings/replace.cc (test for excess errors)
FAIL: 21_strings/rfind.cc (test for excess errors)
FAIL: 21_strings/substr.cc (test for excess errors)
FAIL: 22_locale/codecvt_char_char.cc (test for excess errors)
FAIL: 22_locale/ctype.cc (test for excess errors)
FAIL: 22_locale/ctype_char_members.cc (test for excess errors)
FAIL: 22_locale/facet.cc (test for excess errors)
FAIL: 22_locale/global_templates.cc (test for excess errors)
FAIL: 22_locale/members.cc (test for excess errors)
FAIL: 22_locale/numpunct.cc (test for excess errors)
FAIL: 22_locale/numpunct_byname.cc (test for excess errors)
FAIL: 22_locale/numpunct_char_members.cc (test for excess errors)
FAIL: 22_locale/operators.cc (test for excess errors)
FAIL: 22_locale/static_members.cc (test for excess errors)
FAIL: 23_containers/bitset_ctor.cc (test for excess errors)
FAIL: 23_containers/bitset_members.cc (test for excess errors)
FAIL: 23_containers/bitset_shift.cc (test for excess errors)
FAIL: 23_containers/map_insert.cc (test for excess errors)
FAIL: 23_containers/multiset.cc (test for excess errors)
FAIL: 23_containers/vector_capacity.cc (test for excess errors)
FAIL: 23_containers/vector_ctor.cc (test for excess errors)
FAIL: 23_containers/vector_element_access.cc (test for excess errors)
FAIL: 23_containers/vector_modifiers.cc (test for excess errors)
FAIL: 24_iterators/istreambuf_iterator.cc (test for excess errors)
FAIL: 24_iterators/iterator.cc (test for excess errors)
FAIL: 24_iterators/ostreambuf_iterator.cc (test for excess errors)
FAIL: 26_numerics/binary_closure.cc (test for excess errors)
XPASS: 26_numerics/c99_classification_macros_c.cc (test for excess errors)
FAIL: 26_numerics/c_math.cc (test for excess errors)
FAIL: 26_numerics/complex_inserters_extractors.cc (test for excess errors)
FAIL: 27_io/filebuf.cc (test for excess errors)
FAIL: 27_io/filebuf_members.cc (test for excess errors)
FAIL: 27_io/filebuf_virtuals.cc (test for excess errors)
FAIL: 27_io/fstream_members.cc (test for excess errors)
FAIL: 27_io/ifstream_members.cc (test for excess errors)
FAIL: 27_io/ios_base_callbacks.cc (test for excess errors)
FAIL: 27_io/ios_base_members_static.cc (test for excess errors)
FAIL: 27_io/ios_base_storage.cc (test for excess errors)
FAIL: 27_io/ios_ctor.cc (test for excess errors)
FAIL: 27_io/ios_init.cc (test for excess errors)
FAIL: 27_io/ios_manip_basefield.cc (test for excess errors)
FAIL: 27_io/ios_manip_fmtflags.cc (test for excess errors)
FAIL: 27_io/ios_members.cc (test for excess errors)
FAIL: 27_io/istream_extractor_arith.cc (test for excess errors)
FAIL: 27_io/istream_extractor_char.cc (test for excess errors)
FAIL: 27_io/istream_extractor_other.cc (test for excess errors)
FAIL: 27_io/istream_manip.cc (test for excess errors)
FAIL: 27_io/istream_seeks.cc (test for excess errors)
FAIL: 27_io/istream_sentry.cc (test for excess errors)
FAIL: 27_io/istream_unformatted.cc (test for excess errors)
FAIL: 27_io/istringstream_members.cc (test for excess errors)
FAIL: 27_io/narrow_stream_objects.cc (test for excess errors)
FAIL: 27_io/ofstream_members.cc (test for excess errors)
FAIL: 27_io/ostream_inserter_arith.cc (test for excess errors)
FAIL: 27_io/ostream_inserter_char.cc (test for excess errors)
FAIL: 27_io/ostream_inserter_other.cc (test for excess errors)
FAIL: 27_io/ostream_manip.cc (test for excess errors)
FAIL: 27_io/ostream_seeks.cc (test for excess errors)
FAIL: 27_io/ostream_unformatted.cc (test for excess errors)
FAIL: 27_io/ostringstream_members.cc (test for excess errors)
FAIL: 27_io/streambuf.cc (test for excess errors)
FAIL: 27_io/stringbuf.cc (test for excess errors)
FAIL: 27_io/stringbuf_virtuals.cc (test for excess errors)
FAIL: 27_io/stringstream.cc (test for excess errors)
FAIL: 27_io/stringstream_members.cc (test for excess errors)
FAIL: 27_io/wide_stream_objects.cc (test for excess errors)
FAIL: ext/headers.cc (test for excess errors)

		=== libstdc++-v3 Summary ===

# of expected passes		84
# of unexpected failures	82
# of unexpected successes	1
# of expected failures		7

Compiler version: 3.0.3 
Platform: i386-sequent-sysv4
configure flags: --host=i386-sequent-sysv4 --prefix=/home/janis/gnu/4.6/gcc-3.0.3 --with-dwarf2 --with-gnu-as --with-gnu-ld --with-as=/home/janis/gnu/4.6/bin/gas --with-ld=/home/janis/gnu/4.6/bin/ld


Index Nav: [Date Index] [Subject Index] [Author Index] [Thread Index]
Message Nav: [Date Prev] [Date Next] [Thread Prev] [Thread Next]