This is the mail archive of the
gcc-testresults@gcc.gnu.org
mailing list for the GCC project.
Results for 3.1 20020128 (experimental) testsuite on i686-pc-linux-gnu
- From: Tim Prince <tprince at computer dot org>
- To: gcc-testresults at gcc dot gnu dot org
- Date: Tue, 29 Jan 2002 04:26:21 -0800
- Subject: Results for 3.1 20020128 (experimental) testsuite on i686-pc-linux-gnu
- Reply-to: tprince at computer dot org
Native configuration is i686-pc-linux-gnu
=== g++ tests ===
Running target unix
FAIL: g++.ext/instantiate2.C not instantiated (test for errors, line 19)
=== g++ Summary ===
# of expected passes 6883
# of unexpected failures 1
# of expected failures 93
# of untested testcases 9
/home/tim/src/gcc-20020114/s73/gcc/testsuite/../g++ version 3.1 20020128
(experimental)
=== g77 tests ===
Running target unix
=== g77 Summary ===
# of expected passes 1156
/home/tim/src/gcc-20020114/s73/gcc/testsuite/../g77 version 3.1 20020128
(experimental)
=== gcc tests ===
Running target unix
FAIL: gcc.c-torture/compile/20020106-1.c, -O0
FAIL: gcc.c-torture/compile/20020106-1.c, -O1
FAIL: gcc.c-torture/compile/20020106-1.c, -O2
FAIL: gcc.c-torture/compile/20020106-1.c, -O3 -fomit-frame-pointer
FAIL: gcc.c-torture/compile/20020106-1.c, -O3 -g
FAIL: gcc.c-torture/compile/20020106-1.c, -Os
FAIL: gcc.c-torture/execute/20011223-1.c execution, -O2
FAIL: gcc.c-torture/execute/20011223-1.c execution, -O3 -fomit-frame-pointer
FAIL: gcc.c-torture/execute/20011223-1.c execution, -O3 -g
FAIL: gcc.c-torture/execute/20011223-1.c execution, -Os
FAIL: gcc.c-torture/execute/loop-10.c execution, -O2
FAIL: gcc.c-torture/execute/loop-10.c execution, -Os
FAIL: gcc.dg/i386-sse-2.c (test for excess errors)
=== gcc Summary ===
# of expected passes 17459
# of unexpected failures 13
# of expected failures 48
# of unsupported tests 34
/home/tim/src/gcc-20020114/s73/gcc/xgcc version 3.1 20020128 (experimental)
=== objc tests ===
Running target unix
FAIL: objc/execute/formal_protocol-6.m execution, -O0
FAIL: objc/execute/formal_protocol-6.m execution, -O1
FAIL: objc/execute/formal_protocol-6.m execution, -O2
FAIL: objc/execute/formal_protocol-6.m execution, -O3 -fomit-frame-pointer
FAIL: objc/execute/formal_protocol-6.m execution, -O3 -g
FAIL: objc/execute/formal_protocol-6.m execution, -Os
=== objc Summary ===
# of expected passes 1036
# of unexpected failures 6
/home/tim/src/gcc-20020114/s73/gcc/xgcc version 3.1 20020128 (experimental)
=== libjava tests ===
Running target unix
FAIL: register run
FAIL: TLtest compilation from bytecode
FAIL: TLtest -O compilation from bytecode
XPASS: err7 compilation from bytecode
XPASS: err7 -O compilation from bytecode
XPASS: err8 compilation from bytecode
XPASS: err8 -O compilation from bytecode
FAIL: instinit2 output from bytecode->native test
FAIL: instinit2 -O output from bytecode->native test
FAIL: nested_with_ctor output from bytecode->native test
FAIL: nested_with_ctor -O output from bytecode->native test
XPASS: stringconst output from bytecode->native test
XPASS: stringconst -O output from bytecode->native test
=== libjava Summary ===
# of expected passes 1894
# of unexpected failures 7
# of unexpected successes 6
# of expected failures 8
# of untested testcases 89
=== libstdc++-v3 tests ===
Running target unix
XPASS: 22_locale/time_put_members_char.cc execution test
FAIL: 26_numerics/c99_classification_macros_c.cc (test for excess errors)
=== libstdc++-v3 Summary ===
# of expected passes 354
# of unexpected failures 1
# of unexpected successes 1
# of expected failures 24
Compiler version: 3.1 20020128 (experimental)
Platform: i686-pc-linux-gnu
configure flags: --host=i686-pc-linux-gnu
BOOT_CFLAGS=-Os -pipe -march=pentiumpro -mpreferred-stack-boundary=4