This is the mail archive of the
gcc-testresults@gcc.gnu.org
mailing list for the GCC project.
Results for 3.1 20020125 (experimental) testsuite on sparc-sun-solaris2.7
- From: Loren James Rittle <rittle at latour dot rsch dot comm dot mot dot com>
- To: gcc-testresults at gcc dot gnu dot org
- Date: Fri, 25 Jan 2002 23:00:14 -0600 (CST)
- Subject: Results for 3.1 20020125 (experimental) testsuite on sparc-sun-solaris2.7
- Reply-to: rittle at labs dot mot dot com
LAST_UPDATED: Fri Jan 25 16:48:29 GMT 2002
Native configuration is sparc-sun-solaris2.7
=== g++ tests ===
Running target unix
FAIL: g++.dg/special/conpr-2.C execution test
FAIL: g++.dg/special/conpr-3.C execution test
FAIL: g++.dg/special/initp1.C execution test
=== g++ Summary ===
# of expected passes 6859
# of unexpected failures 3
# of expected failures 93
# of untested testcases 21
# of unsupported tests 1
/usr/users/rittle/tmp/gcc-build-thrasher-mainline/gcc/testsuite/../g++ version 3.1 20020125 (experimental)
=== g77 tests ===
Running target unix
=== g77 Summary ===
# of expected passes 1328
# of expected failures 14
# of untested testcases 8
# of unsupported tests 8
/usr/users/rittle/tmp/gcc-build-thrasher-mainline/gcc/testsuite/../g77 version 3.1 20020125 (experimental)
=== gcc tests ===
Running target unix
FAIL: gcc.c-torture/execute/loop-10.c execution, -O2
FAIL: gcc.c-torture/execute/loop-10.c execution, -Os
FAIL: gcc.c-torture/execute/strct-pack-1.c execution, -O2
FAIL: gcc.c-torture/execute/strct-pack-1.c execution, -Os
FAIL: gcc.dg/cpp/charconst.c (test for excess errors)
FAIL: gcc.dg/cpp/ucs.c bad U1234abcd evaluation (test for bogus messages, line 14)
FAIL: gcc.dg/cpp/ucs.c (test for excess errors)
FAIL: gcc.dg/20001013-1.c (test for excess errors)
FAIL: gcc.dg/20001101-1.c (test for excess errors)
FAIL: gcc.dg/20001102-1.c (test for excess errors)
FAIL: gcc.dg/c99-float-1.c (test for excess errors)
FAIL: gcc.dg/noncompile/930622-1.c (test for excess errors)
=== gcc Summary ===
# of expected passes 16907
# of unexpected failures 12
# of expected failures 44
# of unsupported tests 95
/usr/users/rittle/tmp/gcc-build-thrasher-mainline/gcc/xgcc version 3.1 20020125 (experimental)
=== objc tests ===
Running target unix
FAIL: objc/execute/formal_protocol-6.m execution, -O0
FAIL: objc/execute/formal_protocol-6.m execution, -O1
FAIL: objc/execute/formal_protocol-6.m execution, -O2
FAIL: objc/execute/formal_protocol-6.m execution, -O3 -fomit-frame-pointer
FAIL: objc/execute/formal_protocol-6.m execution, -O3 -g
FAIL: objc/execute/formal_protocol-6.m execution, -Os
=== objc Summary ===
# of expected passes 1036
# of unexpected failures 6
/usr/users/rittle/tmp/gcc-build-thrasher-mainline/gcc/xgcc version 3.1 20020125 (experimental)
=== libstdc++-v3 tests ===
Running target unix
XPASS: 22_locale/collate_members_wchar_t.cc execution test
XPASS: 22_locale/money_get_members_wchar_t.cc execution test
XPASS: 22_locale/money_put_members_wchar_t.cc execution test
XPASS: 22_locale/moneypunct_members_wchar_t.cc execution test
XPASS: 22_locale/num_get_members_wchar_t.cc execution test
XPASS: 22_locale/num_put_members_wchar_t.cc execution test
XPASS: 22_locale/numpunct_members_wchar_t.cc execution test
XPASS: 22_locale/time_get_members_wchar_t.cc execution test
XPASS: 22_locale/time_put_members_wchar_t.cc execution test
FAIL: 27_io/istream_extractor_arith.cc execution test
=== libstdc++-v3 Summary ===
# of expected passes 354
# of unexpected failures 1
# of unexpected successes 9
# of expected failures 16
Compiler version: 3.1 20020125 (experimental)
Platform: sparc-sun-solaris2.7
configure flags: --host=sparc-sun-solaris2.7 --prefix=/usr/local/beta-gcc --with-gnu-as --with-as=/usr/local/beta-gcc/bin/as --with-gnu-ld --with-ld=/usr/local/beta-gcc/bin/ld --disable-libgcj