This is the mail archive of the
gcc-testresults@gcc.gnu.org
mailing list for the GCC project.
Results for 3.1 20020123 (experimental) testsuite on i686-pc-linux-gnu
- From: Neil Booth <neil at daikokuya dot demon dot co dot uk>
- To: gcc-testresults at gcc dot gnu dot org
- Date: Wed, 23 Jan 2002 23:31:07 +0000
- Subject: Results for 3.1 20020123 (experimental) testsuite on i686-pc-linux-gnu
LAST_UPDATED:
Native configuration is i686-pc-linux-gnu
=== g++ tests ===
Running target unix
FAIL: g++.dg/other/array1.C (test for excess errors)
FAIL: g++.brendan/crash8.C (test for excess errors)
FAIL: g++.mike/eh54.C (test for excess errors)
FAIL: g++.other/crash26.C caused compiler crash
FAIL: g++.other/crash28.C caused compiler crash
FAIL: g++.other/crash30.C caused compiler crash
FAIL: g++.other/crash35.C caused compiler crash
FAIL: g++.pt/decl2.C (test for excess errors)
FAIL: g++.pt/spec14.C (test for excess errors)
FAIL: g++.pt/ttp52.C (test for excess errors)
=== g++ Summary ===
# of expected passes 6829
# of unexpected failures 10
# of expected failures 95
# of untested testcases 9
/home/neil/src/gcc/build/gcc/testsuite/../g++ version 3.1 20020123 (experimental)
=== g77 tests ===
Running target unix
=== g77 Summary ===
# of expected passes 1366
/home/neil/src/gcc/build/gcc/testsuite/../g77 version 3.1 20020123 (experimental)
=== gcc tests ===
Running target unix
FAIL: gcc.c-torture/compile/20020106-1.c, -O0
FAIL: gcc.c-torture/compile/20020106-1.c, -O1
FAIL: gcc.c-torture/compile/20020106-1.c, -O2
FAIL: gcc.c-torture/compile/20020106-1.c, -O3 -fomit-frame-pointer
FAIL: gcc.c-torture/compile/20020106-1.c, -O3 -g
FAIL: gcc.c-torture/compile/20020106-1.c, -Os
FAIL: gcc.c-torture/execute/20011223-1.c execution, -O2
FAIL: gcc.c-torture/execute/20011223-1.c execution, -O3 -fomit-frame-pointer
FAIL: gcc.c-torture/execute/20011223-1.c execution, -O3 -g
FAIL: gcc.c-torture/execute/20011223-1.c execution, -Os
FAIL: gcc.c-torture/execute/loop-10.c execution, -O2
FAIL: gcc.c-torture/execute/loop-10.c execution, -Os
FAIL: gcc.dg/i386-sse-2.c (test for excess errors)
=== gcc Summary ===
# of expected passes 17048
# of unexpected failures 13
# of expected failures 48
# of unsupported tests 34
/home/neil/src/gcc/build/gcc/xgcc version 3.1 20020123 (experimental)
=== objc tests ===
Running target unix
FAIL: objc/execute/formal_protocol-6.m execution, -O0
FAIL: objc/execute/formal_protocol-6.m execution, -O1
FAIL: objc/execute/formal_protocol-6.m execution, -O2
FAIL: objc/execute/formal_protocol-6.m execution, -O3 -fomit-frame-pointer
FAIL: objc/execute/formal_protocol-6.m execution, -O3 -g
FAIL: objc/execute/formal_protocol-6.m execution, -Os
=== objc Summary ===
# of expected passes 1036
# of unexpected failures 6
/home/neil/src/gcc/build/gcc/xgcc version 3.1 20020123 (experimental)
=== libstdc++-v3 tests ===
Running target unix
XPASS: 22_locale/collate_members_wchar_t.cc execution test
FAIL: 26_numerics/c99_classification_macros_c.cc (test for excess errors)
=== libstdc++-v3 Summary ===
# of expected passes 340
# of unexpected failures 1
# of unexpected successes 1
# of expected failures 24
Compiler version: 3.1 20020123 (experimental)
Platform: i686-pc-linux-gnu
configure flags: --host=i686-pc-linux-gnu --enable-shared --enable-threads=posix --enable-languages=c,objc,c++,f77