This is the mail archive of the
gcc-testresults@gcc.gnu.org
mailing list for the GCC project.
Results for 3.1 20020121 (experimental) testsuite on i686-pc-cygwin
- From: Tim Prince <tprince at computer dot org>
- To: gcc-testresults at gcc dot gnu dot org
- Date: Tue, 22 Jan 2002 17:47:38 -0800
- Subject: Results for 3.1 20020121 (experimental) testsuite on i686-pc-cygwin
Native configuration is i686-pc-cygwin
=== g++ tests ===
Running target unix
FAIL: g++.dg/special/conpr-1.C execution test
FAIL: g++.dg/special/conpr-2.C execution test
FAIL: g++.dg/special/conpr-3.C execution test
FAIL: g++.dg/special/conpr-3.C execution test
FAIL: g++.dg/special/initp1.C execution test
FAIL: g++.eh/badalloc1.C Execution test
XPASS: g++.ext/attrib5.C Execution test
FAIL: g++.ext/instantiate3.C not instantiated (test for errors, line 13)
XPASS: g++.ext/instantiate3.C (test for excess errors)
XPASS: g++.jason/template18.C (test for excess errors)
XPASS: g++.jason/template18.C Execution test
=== g++ Summary ===
# of expected passes 6824
# of unexpected failures 7
# of unexpected successes 4
# of expected failures 96
# of untested testcases 15
# of unsupported tests 1
/gcc-20020114/w2k/gcc/testsuite/../g++ version 3.1 20020121 (experimental)
=== g77 tests ===
Running target unix
=== g77 Summary ===
# of expected passes 1366
/gcc-20020114/w2k/gcc/testsuite/../g77 version 3.1 20020121 (experimental)
=== gcc tests ===
Running target unixFAIL: gcc.c-torture/compile/20020106-1.c, -O0
FAIL: gcc.c-torture/compile/20020106-1.c, -O1
FAIL: gcc.c-torture/compile/20020106-1.c, -O2
FAIL: gcc.c-torture/compile/20020106-1.c, -O3 -fomit-frame-pointer
FAIL: gcc.c-torture/compile/20020106-1.c, -O3 -g
FAIL: gcc.c-torture/compile/20020106-1.c, -Os
FAIL: gcc.c-torture/execute/20011223-1.c execution, -O2
FAIL: gcc.c-torture/execute/20011223-1.c execution, -O3
-fomit-frame-pointer
FAIL: gcc.c-torture/execute/20011223-1.c execution, -O3 -g
FAIL: gcc.c-torture/execute/20011223-1.c execution, -Os
FAIL: gcc.c-torture/execute/loop-10.c execution, -O2
FAIL: gcc.c-torture/execute/loop-10.c execution, -Os
XPASS: gcc.c-torture/execute/loop-2e.c execution, -Os
=== gcc Summary ===
# of expected passes 16623
# of unexpected failures 12
# of unexpected successes 1
# of expected failures 26
# of unsupported tests 26
/gcc-20020114/w2k/gcc/xgcc version 3.1 20020121 (experimental)
=== objc tests ===
Running target unix
FAIL: objc/execute/formal_protocol-6.m execution, -O0
FAIL: objc/execute/formal_protocol-6.m execution, -O1
FAIL: objc/execute/formal_protocol-6.m execution, -O2
FAIL: objc/execute/formal_protocol-6.m execution, -O3 -fomit-frame-pointer
FAIL: objc/execute/formal_protocol-6.m execution, -O3 -g
FAIL: objc/execute/formal_protocol-6.m execution, -Os
=== objc Summary ===
# of expected passes 1036
# of unexpected failures 6
Compiler version: 3.1 20020121 (experimental)
Platform: i686-pc-cygwin
configure flags: --host=i686-pc-cygwin --enable-languages=c++,f77,objc
--enable-threads=posix --enable-sjlj-exceptions --with-system-zlib
--disable-shared
--
Tim Prince
tprince@computer.org