This is the mail archive of the
gcc-testresults@gcc.gnu.org
mailing list for the GCC project.
Results for 3.1 20020114 (experimental) testsuite on i686-pc-cygwin
- From: "Billinghurst, David (CRTS)" <David dot Billinghurst at riotinto dot com>
- To: <gcc-testresults at gcc dot gnu dot org>
- Date: Tue, 15 Jan 2002 10:47:31 +0800
- Subject: Results for 3.1 20020114 (experimental) testsuite on i686-pc-cygwin
Test gcc.dg/c99-intconst-1.c sends dejagnu into an infinite loop.
Worked around by patching /usr/include/limits.h to define LLONG_MIN,
LLONG_MAX and ULLONG_MAX with
http://sources.redhat.com/ml/newlib/2001/msg00611.html.
Test still fails.
Patch http://gcc.gnu.org/ml/gcc-bugs/2002-01/msg00578.html
to fix objc failures
LAST_UPDATED: Mon Jan 14 22:25:02 2002
Native configuration is i686-pc-cygwin
=== g++ tests ===
Running target unix
FAIL: g++.dg/ext/align1.C (test for excess errors)
FAIL: g++.dg/other/deprecated.C (test for excess errors)
FAIL: g++.dg/special/conpr-1.C execution test
FAIL: g++.dg/special/conpr-2.C execution test
FAIL: g++.dg/special/conpr-3.C execution test
FAIL: g++.dg/special/conpr-3.C execution test
FAIL: g++.dg/special/initp1.C execution test
FAIL: g++.eh/badalloc1.C Execution test
FAIL: g++.ext/attrib5.C (test for excess errors)
FAIL: g++.ext/instantiate3.C not instantiated (test for errors, line 13)
XPASS: g++.ext/instantiate3.C (test for excess errors)
XPASS: g++.jason/template18.C (test for excess errors)
XPASS: g++.jason/template18.C Execution test
=== g++ Summary ===
# of expected passes 6809
# of unexpected failures 10
# of unexpected successes 3
# of expected failures 95
# of untested testcases 15
# of unsupported tests 1
/usr/local/obj/gcc/gcc/testsuite/../g++ version 3.1 20020114
(experimental)
=== g77 tests ===
Running target unix
=== g77 Summary ===
# of expected passes 1360
/usr/local/obj/gcc/gcc/testsuite/../g77 version 3.1 20020114
(experimental)
=== gcc tests ===
Running target unix
FAIL: gcc.c-torture/compile/20001226-1.c, -Os
FAIL: gcc.c-torture/compile/20020106-1.c, -O0
FAIL: gcc.c-torture/compile/20020106-1.c, -O1
FAIL: gcc.c-torture/compile/20020106-1.c, -O2
FAIL: gcc.c-torture/compile/20020106-1.c, -O3 -fomit-frame-pointer
FAIL: gcc.c-torture/compile/20020106-1.c, -O3 -g
FAIL: gcc.c-torture/compile/20020106-1.c, -Os
FAIL: gcc.c-torture/execute/20011223-1.c execution, -O2
FAIL: gcc.c-torture/execute/20011223-1.c execution, -O3
-fomit-frame-pointer
FAIL: gcc.c-torture/execute/20011223-1.c execution, -O3 -g
FAIL: gcc.c-torture/execute/20011223-1.c execution, -Os
FAIL: gcc.c-torture/execute/920302-1.c compilation, -O3
-fomit-frame-pointer -funroll-loops
FAIL: gcc.c-torture/execute/920302-1.c compilation, -O3
-fomit-frame-pointer -funroll-all-loops -finline-functions
FAIL: gcc.c-torture/execute/comp-goto-1.c compilation, -O3
-fomit-frame-pointer -funroll-loops
FAIL: gcc.c-torture/execute/comp-goto-1.c compilation, -O3
-fomit-frame-pointer -funroll-all-loops -finline-functions
FAIL: gcc.c-torture/execute/loop-10.c execution, -O2
FAIL: gcc.c-torture/execute/loop-10.c execution, -Os
XPASS: gcc.c-torture/execute/loop-2e.c execution, -Os
FAIL: gcc.dg/20010207-1.c (test for excess errors)
FAIL: gcc.dg/c99-intconst-1.c (test for excess errors)
FAIL: gcc.dg/i386-sse-2.c (test for excess errors)
=== gcc Summary ===
# of expected passes 16910
# of unexpected failures 20
# of unexpected successes 1
# of expected failures 46
# of unresolved testcases 4
# of unsupported tests 39
/usr/local/obj/gcc/gcc/xgcc version 3.1 20020114 (experimental)
=== objc tests ===
Running target unix
FAIL: objc/execute/formal_protocol-6.m execution, -O0
FAIL: objc/execute/formal_protocol-6.m execution, -O1
FAIL: objc/execute/formal_protocol-6.m execution, -O2
FAIL: objc/execute/formal_protocol-6.m execution, -O3
-fomit-frame-pointer
FAIL: objc/execute/formal_protocol-6.m execution, -O3 -g
FAIL: objc/execute/formal_protocol-6.m execution, -Os
=== objc Summary ===
# of expected passes 1036
# of unexpected failures 6
/usr/local/obj/gcc/gcc/xgcc version 3.1 20020114 (experimental)
=== libstdc++-v3 tests ===
Running target unix
XPASS: 22_locale/collate_members_wchar_t.cc execution test
XPASS: 22_locale/money_get_members_wchar_t.cc execution test
XPASS: 22_locale/money_put_members_wchar_t.cc execution test
XPASS: 22_locale/moneypunct_members_wchar_t.cc execution test
XPASS: 22_locale/num_get_members_wchar_t.cc execution test
XPASS: 22_locale/num_put_members_wchar_t.cc execution test
XPASS: 22_locale/numpunct_members_wchar_t.cc execution test
XPASS: 22_locale/time_get_members_wchar_t.cc execution test
XPASS: 22_locale/time_put_members_wchar_t.cc execution test
FAIL: 26_numerics/binary_closure.cc (test for excess errors)
XPASS: 26_numerics/c99_classification_macros_c.cc (test for excess
errors)
FAIL: 26_numerics/valarray.cc (test for excess errors)
FAIL: 27_io/filebuf_members.cc execution test
FAIL: 27_io/istream_extractor_arith.cc execution test
=== libstdc++-v3 Summary ===
# of expected passes 334
# of unexpected failures 4
# of unexpected successes 10
# of expected failures 17
Compiler version: 3.1 20020114 (experimental)
Platform: i686-pc-cygwin
configure flags: --host=i686-pc-cygwin --enable-threads=posix
--disable-libgcj --enable-sjlj-exceptions --with-system-zlib
--enable-nls --without-included-gettext --disable-shared
Counting all warnings,
there are 64 warnings in stage3 of this bootstrap.
Number of warnings per file:
23 gcc/combine.c
10 gcc/regclass.c
10 gcc/gcc.c
6 gcc/cp/pt.c
4 gcc/optabs.c
3 gcc/cp/lang-specs.h
2 gcc/fold-const.c
1 gcc/unwind-pe.h
1 gcc/sdbout.c
1 gcc/reload.c
1 gcc/objc/lang-specs.h
1 gcc/java/jvspec.c
1 gcc/function.c
Number of warning types:
42 comparison between signed and unsigned
9 string length \`???' is greater than the length \`???' ISO C89
compilers are required to support
4 traditional C rejects string concatenation
4 signed and unsigned type in conditional expression
2 assignment of read-only location
1 pointer targets in passing arg ??? of \`???' differ in
signedness
1 assignment discards qualifiers from pointer target type
1 \`???' defined but not used