This is the mail archive of the
gcc-testresults@gcc.gnu.org
mailing list for the GCC project.
Results for 3.1 20011231 (experimental) testsuite on ia64-suse-linux-gnu
- From: Andreas Schwab <schwab at suse dot de>
- To: gcc-testresults at gcc dot gnu dot org
- Date: Mon, 31 Dec 2001 18:27:52 +0100
- Subject: Results for 3.1 20011231 (experimental) testsuite on ia64-suse-linux-gnu
LAST_UPDATED: Mon Dec 31 09:01:10 UTC 2001
Native configuration is ia64-suse-linux-gnu
=== g++ tests ===
Running target unix
FAIL: g++.dg/eh/registers1.C execution test
FAIL: g++.dg/init/init-ref2.C execution test
FAIL: g++.dg/opt/vtgc1.C scan-assembler .vtable_inherit[ ]*vtable for Multivv3, 0
FAIL: g++.dg/opt/vtgc1.C scan-assembler .vtable_inherit[ ]*VTT for Multivv3, 0
FAIL: g++.dg/opt/vtgc1.C scan-assembler .vtable_inherit[ ]*vtable for Multiss2, vtable for Base2
FAIL: g++.dg/opt/vtgc1.C scan-assembler .vtable_inherit[ ]*vtable for Multivs1, vtable for Base2
FAIL: g++.dg/opt/vtgc1.C scan-assembler .vtable_inherit[ ]*VTT for Multivs1, vtable for Base2
FAIL: g++.dg/opt/vtgc1.C scan-assembler .vtable_inherit[ ]*vtable for Multisv0, vtable for Side0
FAIL: g++.dg/opt/vtgc1.C scan-assembler .vtable_inherit[ ]*VTT for Multisv0, vtable for Side0
FAIL: g++.dg/opt/vtgc1.C scan-assembler .vtable_inherit[ ]*vtable for Side0, 0
FAIL: g++.dg/opt/vtgc1.C scan-assembler .vtable_inherit[ ]*vtable for VbasedA, 0
FAIL: g++.dg/opt/vtgc1.C scan-assembler .vtable_inherit[ ]*VTT for VbasedA, 0
FAIL: g++.dg/opt/vtgc1.C scan-assembler .vtable_inherit[ ]*vtable for Base2, vtable for Base1
FAIL: g++.dg/opt/vtgc1.C scan-assembler .vtable_inherit[ ]*vtable for Base1, vtable for Base0
FAIL: g++.dg/opt/vtgc1.C scan-assembler .vtable_inherit[ ]*vtable for Base0, 0
FAIL: g++.abi/cxa_vec.C Execution test
FAIL: g++.eh/badalloc1.C Execution test
FAIL: g++.law/profile1.C Execution test
XPASS: g++.pt/decl2.C ICE - (test for errors, line 8)
=== g++ Summary ===
# of expected passes 6733
# of unexpected failures 18
# of unexpected successes 1
# of expected failures 96
# of untested testcases 21
# of unsupported tests 1
/tmp/cvs/gcc-20011231/Build/gcc/testsuite/../g++ version 3.1 20011231 (experimental)
=== g77 tests ===
Running target unix
FAIL: g77.f-torture/execute/20010430.f execution, -O2
FAIL: g77.f-torture/execute/20010430.f execution, -O3 -fomit-frame-pointer
FAIL: g77.f-torture/execute/20010430.f execution, -O3 -fomit-frame-pointer -funroll-loops
FAIL: g77.f-torture/execute/20010430.f execution, -O3 -fomit-frame-pointer -funroll-all-loops -finline-functions
FAIL: g77.f-torture/execute/20010430.f execution, -O3 -g
=== g77 Summary ===
# of expected passes 1339
# of unexpected failures 5
# of unsupported tests 8
/tmp/cvs/gcc-20011231/Build/gcc/testsuite/../g77 version 3.1 20011231 (experimental)
=== gcc tests ===
Running target unix
FAIL: gcc.c-torture/compile/981223-1.c, -O2
FAIL: gcc.c-torture/compile/981223-1.c, -O3 -fomit-frame-pointer
FAIL: gcc.c-torture/compile/981223-1.c, -O3 -g
FAIL: gcc.c-torture/compile/981223-1.c, -Os
FAIL: gcc.c-torture/compile/920625-1.c, -O2
FAIL: gcc.c-torture/compile/920625-1.c, -O3 -fomit-frame-pointer
FAIL: gcc.c-torture/compile/920625-1.c, -O3 -fomit-frame-pointer -funroll-loops
FAIL: gcc.c-torture/compile/920625-1.c, -O3 -fomit-frame-pointer -funroll-all-loops -finline-functions
FAIL: gcc.c-torture/compile/920625-1.c, -O3 -g
FAIL: gcc.c-torture/compile/920625-1.c, -Os
FAIL: gcc.c-torture/execute/ieee/fp-cmp-5.c compilation, -O1
FAIL: gcc.c-torture/execute/ieee/fp-cmp-5.c compilation, -O2
FAIL: gcc.c-torture/execute/ieee/fp-cmp-5.c compilation, -O3 -fomit-frame-pointer
FAIL: gcc.c-torture/execute/ieee/fp-cmp-5.c compilation, -O3 -fomit-frame-pointer -funroll-loops
FAIL: gcc.c-torture/execute/ieee/fp-cmp-5.c compilation, -O3 -fomit-frame-pointer -funroll-all-loops -finline-functions
FAIL: gcc.c-torture/execute/ieee/fp-cmp-5.c compilation, -O3 -g
FAIL: gcc.c-torture/execute/ieee/fp-cmp-5.c compilation, -Os
FAIL: gcc.dg/20011130-1.c (test for excess errors)
FAIL: gcc.dg/debug-4.c (test for excess errors)
FAIL: gcc.misc-tests/gcov-7.c execution test
FAIL: gcc.misc-tests/gcov-7.c gcov: 9 failures in line counts, 3 in branch percentages, 4 in return percentages
=== gcc Summary ===
# of expected passes 16646
# of unexpected failures 21
# of expected failures 45
# of unresolved testcases 7
# of unsupported tests 61
/tmp/cvs/gcc-20011231/Build/gcc/xgcc version 3.1 20011231 (experimental)
=== objc tests ===
Running target unix
FAIL: objc/execute/accessing_ivars.m compilation, -O0
FAIL: objc/execute/accessing_ivars.m compilation, -O1
FAIL: objc/execute/accessing_ivars.m compilation, -O2
FAIL: objc/execute/accessing_ivars.m compilation, -O3 -fomit-frame-pointer
FAIL: objc/execute/accessing_ivars.m compilation, -O3 -g
FAIL: objc/execute/accessing_ivars.m compilation, -Os
FAIL: objc/execute/bycopy-2.m compilation, -O0
FAIL: objc/execute/bycopy-2.m compilation, -O1
FAIL: objc/execute/bycopy-2.m compilation, -O2
FAIL: objc/execute/bycopy-2.m compilation, -O3 -fomit-frame-pointer
FAIL: objc/execute/bycopy-2.m compilation, -O3 -g
FAIL: objc/execute/bycopy-2.m compilation, -Os
FAIL: objc/execute/bycopy-3.m compilation, -O0
FAIL: objc/execute/bycopy-3.m compilation, -O1
FAIL: objc/execute/bycopy-3.m compilation, -O2
FAIL: objc/execute/bycopy-3.m compilation, -O3 -fomit-frame-pointer
FAIL: objc/execute/bycopy-3.m compilation, -O3 -g
FAIL: objc/execute/bycopy-3.m compilation, -Os
FAIL: objc/execute/class-1.m compilation, -O0
FAIL: objc/execute/class-1.m compilation, -O1
FAIL: objc/execute/class-1.m compilation, -O2
FAIL: objc/execute/class-1.m compilation, -O3 -fomit-frame-pointer
FAIL: objc/execute/class-1.m compilation, -O3 -g
FAIL: objc/execute/class-1.m compilation, -Os
FAIL: objc/execute/class-10.m compilation, -O0
FAIL: objc/execute/class-10.m compilation, -O1
FAIL: objc/execute/class-10.m compilation, -O2
FAIL: objc/execute/class-10.m compilation, -O3 -fomit-frame-pointer
FAIL: objc/execute/class-10.m compilation, -O3 -g
FAIL: objc/execute/class-10.m compilation, -Os
FAIL: objc/execute/class-11.m compilation, -O0
FAIL: objc/execute/class-11.m compilation, -O1
FAIL: objc/execute/class-11.m compilation, -O2
FAIL: objc/execute/class-11.m compilation, -O3 -fomit-frame-pointer
FAIL: objc/execute/class-11.m compilation, -O3 -g
FAIL: objc/execute/class-11.m compilation, -Os
FAIL: objc/execute/class-12.m compilation, -O0
FAIL: objc/execute/class-12.m compilation, -O1
FAIL: objc/execute/class-12.m compilation, -O2
FAIL: objc/execute/class-12.m compilation, -O3 -fomit-frame-pointer
FAIL: objc/execute/class-12.m compilation, -O3 -g
FAIL: objc/execute/class-12.m compilation, -Os
FAIL: objc/execute/class-13.m compilation, -O0
FAIL: objc/execute/class-13.m compilation, -O1
FAIL: objc/execute/class-13.m compilation, -O2
FAIL: objc/execute/class-13.m compilation, -O3 -fomit-frame-pointer
FAIL: objc/execute/class-13.m compilation, -O3 -g
FAIL: objc/execute/class-13.m compilation, -Os
FAIL: objc/execute/class-14.m compilation, -O0
FAIL: objc/execute/class-14.m compilation, -O1
FAIL: objc/execute/class-14.m compilation, -O2
FAIL: objc/execute/class-14.m compilation, -O3 -fomit-frame-pointer
FAIL: objc/execute/class-14.m compilation, -O3 -g
FAIL: objc/execute/class-14.m compilation, -Os
FAIL: objc/execute/class-2.m compilation, -O0
FAIL: objc/execute/class-2.m compilation, -O1
FAIL: objc/execute/class-2.m compilation, -O2
FAIL: objc/execute/class-2.m compilation, -O3 -fomit-frame-pointer
FAIL: objc/execute/class-2.m compilation, -O3 -g
FAIL: objc/execute/class-2.m compilation, -Os
FAIL: objc/execute/class-3.m compilation, -O0
FAIL: objc/execute/class-3.m compilation, -O1
FAIL: objc/execute/class-3.m compilation, -O2
FAIL: objc/execute/class-3.m compilation, -O3 -fomit-frame-pointer
FAIL: objc/execute/class-3.m compilation, -O3 -g
FAIL: objc/execute/class-3.m compilation, -Os
FAIL: objc/execute/class-4.m compilation, -O0
FAIL: objc/execute/class-4.m compilation, -O1
FAIL: objc/execute/class-4.m compilation, -O2
FAIL: objc/execute/class-4.m compilation, -O3 -fomit-frame-pointer
FAIL: objc/execute/class-4.m compilation, -O3 -g
FAIL: objc/execute/class-4.m compilation, -Os
FAIL: objc/execute/class-5.m compilation, -O0
FAIL: objc/execute/class-5.m compilation, -O1
FAIL: objc/execute/class-5.m compilation, -O2
FAIL: objc/execute/class-5.m compilation, -O3 -fomit-frame-pointer
FAIL: objc/execute/class-5.m compilation, -O3 -g
FAIL: objc/execute/class-5.m compilation, -Os
FAIL: objc/execute/class-6.m compilation, -O0
FAIL: objc/execute/class-6.m compilation, -O1
FAIL: objc/execute/class-6.m compilation, -O2
FAIL: objc/execute/class-6.m compilation, -O3 -fomit-frame-pointer
FAIL: objc/execute/class-6.m compilation, -O3 -g
FAIL: objc/execute/class-6.m compilation, -Os
FAIL: objc/execute/class-7.m compilation, -O0
FAIL: objc/execute/class-7.m compilation, -O1
FAIL: objc/execute/class-7.m compilation, -O2
FAIL: objc/execute/class-7.m compilation, -O3 -fomit-frame-pointer
FAIL: objc/execute/class-7.m compilation, -O3 -g
FAIL: objc/execute/class-7.m compilation, -Os
FAIL: objc/execute/class-8.m compilation, -O0
FAIL: objc/execute/class-8.m compilation, -O1
FAIL: objc/execute/class-8.m compilation, -O2
FAIL: objc/execute/class-8.m compilation, -O3 -fomit-frame-pointer
FAIL: objc/execute/class-8.m compilation, -O3 -g
FAIL: objc/execute/class-8.m compilation, -Os
FAIL: objc/execute/class-9.m compilation, -O0
FAIL: objc/execute/class-9.m compilation, -O1
FAIL: objc/execute/class-9.m compilation, -O2
FAIL: objc/execute/class-9.m compilation, -O3 -fomit-frame-pointer
FAIL: objc/execute/class-9.m compilation, -O3 -g
FAIL: objc/execute/class-9.m compilation, -Os
FAIL: objc/execute/compatibility_alias.m compilation, -O0
FAIL: objc/execute/compatibility_alias.m compilation, -O1
FAIL: objc/execute/compatibility_alias.m compilation, -O2
FAIL: objc/execute/compatibility_alias.m compilation, -O3 -fomit-frame-pointer
FAIL: objc/execute/compatibility_alias.m compilation, -O3 -g
FAIL: objc/execute/compatibility_alias.m compilation, -Os
FAIL: objc/execute/enumeration-1.m compilation, -O0
FAIL: objc/execute/enumeration-1.m compilation, -O1
FAIL: objc/execute/enumeration-1.m compilation, -O2
FAIL: objc/execute/enumeration-1.m compilation, -O3 -fomit-frame-pointer
FAIL: objc/execute/enumeration-1.m compilation, -O3 -g
FAIL: objc/execute/enumeration-1.m compilation, -Os
FAIL: objc/execute/enumeration-2.m compilation, -O0
FAIL: objc/execute/enumeration-2.m compilation, -O1
FAIL: objc/execute/enumeration-2.m compilation, -O2
FAIL: objc/execute/enumeration-2.m compilation, -O3 -fomit-frame-pointer
FAIL: objc/execute/enumeration-2.m compilation, -O3 -g
FAIL: objc/execute/enumeration-2.m compilation, -Os
FAIL: objc/execute/formal_protocol-1.m compilation, -O0
FAIL: objc/execute/formal_protocol-1.m compilation, -O1
FAIL: objc/execute/formal_protocol-1.m compilation, -O2
FAIL: objc/execute/formal_protocol-1.m compilation, -O3 -fomit-frame-pointer
FAIL: objc/execute/formal_protocol-1.m compilation, -O3 -g
FAIL: objc/execute/formal_protocol-1.m compilation, -Os
FAIL: objc/execute/formal_protocol-2.m compilation, -O0
FAIL: objc/execute/formal_protocol-2.m compilation, -O1
FAIL: objc/execute/formal_protocol-2.m compilation, -O2
FAIL: objc/execute/formal_protocol-2.m compilation, -O3 -fomit-frame-pointer
FAIL: objc/execute/formal_protocol-2.m compilation, -O3 -g
FAIL: objc/execute/formal_protocol-2.m compilation, -Os
FAIL: objc/execute/formal_protocol-3.m compilation, -O0
FAIL: objc/execute/formal_protocol-3.m compilation, -O1
FAIL: objc/execute/formal_protocol-3.m compilation, -O2
FAIL: objc/execute/formal_protocol-3.m compilation, -O3 -fomit-frame-pointer
FAIL: objc/execute/formal_protocol-3.m compilation, -O3 -g
FAIL: objc/execute/formal_protocol-3.m compilation, -Os
FAIL: objc/execute/formal_protocol-4.m compilation, -O0
FAIL: objc/execute/formal_protocol-4.m compilation, -O1
FAIL: objc/execute/formal_protocol-4.m compilation, -O2
FAIL: objc/execute/formal_protocol-4.m compilation, -O3 -fomit-frame-pointer
FAIL: objc/execute/formal_protocol-4.m compilation, -O3 -g
FAIL: objc/execute/formal_protocol-4.m compilation, -Os
FAIL: objc/execute/formal_protocol-5.m compilation, -O0
FAIL: objc/execute/formal_protocol-5.m compilation, -O1
FAIL: objc/execute/formal_protocol-5.m compilation, -O2
FAIL: objc/execute/formal_protocol-5.m compilation, -O3 -fomit-frame-pointer
FAIL: objc/execute/formal_protocol-5.m compilation, -O3 -g
FAIL: objc/execute/formal_protocol-5.m compilation, -Os
FAIL: objc/execute/formal_protocol-6.m compilation, -O0
FAIL: objc/execute/formal_protocol-6.m compilation, -O1
FAIL: objc/execute/formal_protocol-6.m compilation, -O2
FAIL: objc/execute/formal_protocol-6.m compilation, -O3 -fomit-frame-pointer
FAIL: objc/execute/formal_protocol-6.m compilation, -O3 -g
FAIL: objc/execute/formal_protocol-6.m compilation, -Os
FAIL: objc/execute/formal_protocol-7.m compilation, -O0
FAIL: objc/execute/formal_protocol-7.m compilation, -O1
FAIL: objc/execute/formal_protocol-7.m compilation, -O2
FAIL: objc/execute/formal_protocol-7.m compilation, -O3 -fomit-frame-pointer
FAIL: objc/execute/formal_protocol-7.m compilation, -O3 -g
FAIL: objc/execute/formal_protocol-7.m compilation, -Os
FAIL: objc/execute/load-3.m compilation, -O0
FAIL: objc/execute/load-3.m compilation, -O1
FAIL: objc/execute/load-3.m compilation, -O2
FAIL: objc/execute/load-3.m compilation, -O3 -fomit-frame-pointer
FAIL: objc/execute/load-3.m compilation, -O3 -fomit-frame-pointer -funroll-loops
FAIL: objc/execute/load-3.m compilation, -O3 -fomit-frame-pointer -funroll-all-loops -finline-functions
FAIL: objc/execute/load-3.m compilation, -O3 -g
FAIL: objc/execute/load-3.m compilation, -Os
FAIL: objc/execute/no_clash.m compilation, -O0
FAIL: objc/execute/no_clash.m compilation, -O1
FAIL: objc/execute/no_clash.m compilation, -O2
FAIL: objc/execute/no_clash.m compilation, -O3 -fomit-frame-pointer
FAIL: objc/execute/no_clash.m compilation, -O3 -g
FAIL: objc/execute/no_clash.m compilation, -Os
FAIL: objc/execute/np-1.m compilation, -O0
FAIL: objc/execute/np-1.m compilation, -O1
FAIL: objc/execute/np-1.m compilation, -O2
FAIL: objc/execute/np-1.m compilation, -O3 -fomit-frame-pointer
FAIL: objc/execute/np-1.m compilation, -O3 -g
FAIL: objc/execute/np-1.m compilation, -Os
FAIL: objc/execute/np-2.m compilation, -O0
FAIL: objc/execute/np-2.m compilation, -O1
FAIL: objc/execute/np-2.m compilation, -O2
FAIL: objc/execute/np-2.m compilation, -O3 -fomit-frame-pointer
FAIL: objc/execute/np-2.m compilation, -O3 -g
FAIL: objc/execute/np-2.m compilation, -Os
FAIL: objc/execute/object_is_class.m compilation, -O0
FAIL: objc/execute/object_is_class.m compilation, -O1
FAIL: objc/execute/object_is_class.m compilation, -O2
FAIL: objc/execute/object_is_class.m compilation, -O3 -fomit-frame-pointer
FAIL: objc/execute/object_is_class.m compilation, -O3 -g
FAIL: objc/execute/object_is_class.m compilation, -Os
FAIL: objc/execute/object_is_meta_class.m compilation, -O0
FAIL: objc/execute/object_is_meta_class.m compilation, -O1
FAIL: objc/execute/object_is_meta_class.m compilation, -O2
FAIL: objc/execute/object_is_meta_class.m compilation, -O3 -fomit-frame-pointer
FAIL: objc/execute/object_is_meta_class.m compilation, -O3 -g
FAIL: objc/execute/object_is_meta_class.m compilation, -Os
FAIL: objc/execute/private.m compilation, -O0
FAIL: objc/execute/private.m compilation, -O1
FAIL: objc/execute/private.m compilation, -O2
FAIL: objc/execute/private.m compilation, -O3 -fomit-frame-pointer
FAIL: objc/execute/private.m compilation, -O3 -g
FAIL: objc/execute/private.m compilation, -Os
FAIL: objc/execute/protocol.m compilation, -O0
FAIL: objc/execute/protocol.m compilation, -O1
FAIL: objc/execute/protocol.m compilation, -O2
FAIL: objc/execute/protocol.m compilation, -O3 -fomit-frame-pointer
FAIL: objc/execute/protocol.m compilation, -O3 -g
FAIL: objc/execute/protocol.m compilation, -Os
FAIL: objc/execute/string1.m compilation, -O0
FAIL: objc/execute/string1.m compilation, -O1
FAIL: objc/execute/string1.m compilation, -O2
FAIL: objc/execute/string1.m compilation, -O3 -fomit-frame-pointer
FAIL: objc/execute/string1.m compilation, -O3 -g
FAIL: objc/execute/string1.m compilation, -Os
FAIL: objc/execute/string2.m compilation, -O0
FAIL: objc/execute/string2.m compilation, -O1
FAIL: objc/execute/string2.m compilation, -O2
FAIL: objc/execute/string2.m compilation, -O3 -fomit-frame-pointer
FAIL: objc/execute/string2.m compilation, -O3 -g
FAIL: objc/execute/string2.m compilation, -Os
FAIL: objc/execute/string3.m compilation, -O0
FAIL: objc/execute/string3.m compilation, -O1
FAIL: objc/execute/string3.m compilation, -O2
FAIL: objc/execute/string3.m compilation, -O3 -fomit-frame-pointer
FAIL: objc/execute/string3.m compilation, -O3 -g
FAIL: objc/execute/string3.m compilation, -Os
FAIL: objc/execute/string4.m compilation, -O0
FAIL: objc/execute/string4.m compilation, -O1
FAIL: objc/execute/string4.m compilation, -O2
FAIL: objc/execute/string4.m compilation, -O3 -fomit-frame-pointer
FAIL: objc/execute/string4.m compilation, -O3 -g
FAIL: objc/execute/string4.m compilation, -Os
FAIL: unclaimed-category-1a.o
=== objc Summary ===
# of expected passes 568
# of unexpected failures 237
# of unresolved testcases 236
/tmp/cvs/gcc-20011231/Build/gcc/xgcc version 3.1 20011231 (experimental)
=== libjava tests ===
Running target unix
FAIL: PR375 compilation from source
FAIL: PR375 -O compilation from source
FAIL: invoke.c compilation
FAIL: noclass.c compilation
FAIL: field.c compilation
FAIL: calls.c compilation
FAIL: throwit.c compilation
FAIL: martin.c compilation
FAIL: overload.c compilation
FAIL: simple_int.c compilation
FAIL: cxxtest.c compilation
FAIL: register.c compilation
FAIL: virtual.c compilation
FAIL: final_method.c compilation
FAIL: findclass.c compilation
XPASS: err7 compilation from bytecode
XPASS: err7 -O compilation from bytecode
XPASS: err8 compilation from bytecode
XPASS: err8 -O compilation from bytecode
FAIL: Array_3 execution from source compiled test
FAIL: Array_3 execution from bytecode->native test
FAIL: Array_3 -O execution from source compiled test
FAIL: Array_3 -O execution from bytecode->native test
XPASS: stringconst output from bytecode->native test
XPASS: stringconst -O output from bytecode->native test
FAIL: instinit2 output from bytecode->native test
FAIL: instinit2 -O output from bytecode->native test
FAIL: PR218 execution from source compiled test
FAIL: PR218 execution from bytecode->native test
FAIL: PR218 -O execution from source compiled test
FAIL: PR218 -O execution from bytecode->native test
FAIL: Invoke_1 execution from source compiled test
FAIL: Invoke_1 execution from bytecode->native test
FAIL: Invoke_1 -O execution from source compiled test
FAIL: Invoke_1 -O execution from bytecode->native test
FAIL: nested_with_ctor output from bytecode->native test
FAIL: nested_with_ctor -O output from bytecode->native test
=== libjava Summary ===
# of expected passes 1912
# of unexpected failures 31
# of unexpected successes 6
# of expected failures 8
# of untested testcases 20
=== libstdc++-v3 tests ===
Running target unix
XPASS: 22_locale/collate_members_char.cc execution test
FAIL: 22_locale/ctor_copy_dtor.cc execution test
XPASS: 22_locale/ctype_members_char.cc execution test
XPASS: 22_locale/members.cc execution test
XPASS: 22_locale/messages_byname.cc execution test
XPASS: 22_locale/messages_members_char.cc execution test
XPASS: 22_locale/money_get_members_char.cc execution test
XPASS: 22_locale/money_get_members_wchar_t.cc execution test
XPASS: 22_locale/money_put_members_char.cc execution test
XPASS: 22_locale/money_put_members_wchar_t.cc execution test
XPASS: 22_locale/moneypunct_byname.cc execution test
XPASS: 22_locale/moneypunct_members_char.cc execution test
XPASS: 22_locale/moneypunct_members_wchar_t.cc execution test
XPASS: 22_locale/num_get_members_char.cc execution test
XPASS: 22_locale/num_get_members_wchar_t.cc execution test
XPASS: 22_locale/num_put_members_char.cc execution test
XPASS: 22_locale/num_put_members_wchar_t.cc execution test
XPASS: 22_locale/numpunct_byname.cc execution test
XPASS: 22_locale/numpunct_members_char.cc execution test
XPASS: 22_locale/numpunct_members_wchar_t.cc execution test
XPASS: 22_locale/time_get_members_char.cc execution test
XPASS: 22_locale/time_get_members_wchar_t.cc execution test
XPASS: 22_locale/time_put_members_char.cc execution test
=== libstdc++-v3 Summary ===
# of expected passes 337
# of unexpected failures 1
# of unexpected successes 22
# of expected failures 7
Compiler version: 3.1 20011231 (experimental)
Platform: ia64-suse-linux-gnu
configure flags: --host=ia64-suse-linux --enable-shared --enable-threads --enable-long-long --with-system-zlib