This is the mail archive of the
gcc-testresults@gcc.gnu.org
mailing list for the GCC project.
Results for 3.1 20011215 (experimental) testsuite on sparc-sun-solaris2.8
- From: lucier at math dot purdue dot edu
- To: gcc-testresults at gcc dot gnu dot org
- Date: Sat, 15 Dec 2001 06:33:31 -0500 (EST)
- Subject: Results for 3.1 20011215 (experimental) testsuite on sparc-sun-solaris2.8
LAST_UPDATED: Sat Dec 15 09:08:41 UTC 2001
Native configuration is sparc-sun-solaris2.8
=== g++ tests ===
Running target unix
FAIL: g++.dg/ext/instantiate1.C suppressing f<int> (test for errors, line )
FAIL: g++.dg/ext/instantiate1.C suppressing A<int> (test for errors, line )
FAIL: g++.dg/ext/instantiate1.C (test for excess errors)
FAIL: g++.dg/special/conpr-2.C execution test
FAIL: g++.dg/special/conpr-3.C execution test
FAIL: g++.dg/special/initp1.C execution test
FAIL: g++.eh/badalloc1.C Execution test
FAIL: g++.ext/instantiate2.C not instantiated (test for errors, line 19)
FAIL: g++.ext/instantiate3.C not instantiated (test for errors, line 13)
XPASS: g++.oliva/typename2.C implicit typename - (test for errors, line 26)
XPASS: g++.pt/decl2.C ICE - (test for errors, line 8)
=== g++ Summary ===
# of expected passes 6727
# of unexpected failures 9
# of unexpected successes 2
# of expected failures 97
# of untested testcases 19
# of unsupported tests 1
/export/u3/lucier/programs/gcc/gcc-3.1/objdir/gcc/testsuite/../g++ version 3.1 20011215 (experimental)
=== g77 tests ===
Running target unix
FAIL: g77.dg/bprob/bprob-1.f execution, -O2 -fbranch-probabilities
FAIL: g77.dg/bprob/bprob-1.f compilation, -O3 -fbranch-probabilities
FAIL: g77.dg/bprob/bprob-1.f compilation, -O3 -g -fbranch-probabilities
FAIL: g77.dg/bprob/bprob-1.f execution, -Os -fbranch-probabilities
FAIL: g77.f-torture/execute/20010430.f execution, -O2
FAIL: g77.f-torture/execute/20010430.f execution, -O3 -fomit-frame-pointer
FAIL: g77.f-torture/execute/20010430.f execution, -O3 -fomit-frame-pointer -funroll-loops
FAIL: g77.f-torture/execute/20010430.f execution, -O3 -fomit-frame-pointer -funroll-all-loops -finline-functions
FAIL: g77.f-torture/execute/20010430.f execution, -O3 -g
=== g77 Summary ===
# of expected passes 1311
# of unexpected failures 9
# of expected failures 14
# of unresolved testcases 2
# of untested testcases 8
# of unsupported tests 8
/export/u3/lucier/programs/gcc/gcc-3.1/objdir/gcc/testsuite/../g77 version 3.1 20011215 (experimental)
=== gcc tests ===
Running target unix
FAIL: gcc.c-torture/compile/20011114-1.c, -O0
FAIL: gcc.c-torture/compile/20011114-1.c, -O1
FAIL: gcc.c-torture/compile/20011114-1.c, -O2
FAIL: gcc.c-torture/compile/20011114-1.c, -O3 -fomit-frame-pointer
FAIL: gcc.c-torture/compile/20011114-1.c, -O3 -g
FAIL: gcc.c-torture/compile/20011114-1.c, -Os
FAIL: gcc.c-torture/compile/20011119-1.c, -O0
FAIL: gcc.c-torture/compile/20011119-1.c, -O1
FAIL: gcc.c-torture/compile/20011119-1.c, -O2
FAIL: gcc.c-torture/compile/20011119-1.c, -O3 -fomit-frame-pointer
FAIL: gcc.c-torture/compile/20011119-1.c, -O3 -g
FAIL: gcc.c-torture/compile/20011119-1.c, -Os
FAIL: gcc.c-torture/compile/20011119-2.c, -O0
FAIL: gcc.c-torture/compile/20011119-2.c, -O1
FAIL: gcc.c-torture/compile/20011119-2.c, -O2
FAIL: gcc.c-torture/compile/20011119-2.c, -O3 -fomit-frame-pointer
FAIL: gcc.c-torture/compile/20011119-2.c, -O3 -g
FAIL: gcc.c-torture/compile/20011119-2.c, -Os
FAIL: gcc.c-torture/execute/920501-3.c compilation, -O1
FAIL: gcc.c-torture/execute/920501-3.c compilation, -O2
FAIL: gcc.c-torture/execute/920501-3.c compilation, -O3 -fomit-frame-pointer
FAIL: gcc.c-torture/execute/920501-3.c compilation, -O3 -fomit-frame-pointer -funroll-loops
FAIL: gcc.c-torture/execute/920501-3.c compilation, -O3 -fomit-frame-pointer -funroll-all-loops -finline-functions
FAIL: gcc.c-torture/execute/920501-3.c compilation, -O3 -g
FAIL: gcc.c-torture/execute/920501-3.c compilation, -Os
FAIL: gcc.c-torture/execute/strct-pack-1.c execution, -O2
FAIL: gcc.c-torture/execute/strct-pack-1.c execution, -Os
FAIL: gcc.dg/cpp/charconst.c (test for excess errors)
FAIL: gcc.dg/cpp/ucs.c bad U1234abcd evaluation (test for bogus messages, line 14)
FAIL: gcc.dg/cpp/ucs.c (test for excess errors)
FAIL: gcc.dg/20001013-1.c (test for excess errors)
FAIL: gcc.dg/c99-float-1.c (test for excess errors)
FAIL: gcc.dg/c99-intconst-1.c (test for excess errors)
FAIL: gcc.dg/noncompile/930622-1.c (test for excess errors)
=== gcc Summary ===
# of expected passes 16481
# of unexpected failures 34
# of expected failures 43
# of unresolved testcases 10
# of unsupported tests 60
/export/u3/lucier/programs/gcc/gcc-3.1/objdir/gcc/xgcc version 3.1 20011215 (experimental)
=== objc tests ===
Running target unix
FAIL: objc/execute/formal_protocol-6.m execution, -O
=== objc Summary ===
# of expected passes 216
# of unexpected failures 1
/export/u3/lucier/programs/gcc/gcc-3.1/objdir/gcc/xgcc version 3.1 20011215 (experimental)
=== libstdc++-v3 tests ===
Running target unix
XPASS: 22_locale/collate_members_wchar_t.cc execution test
XPASS: 22_locale/money_get_members_wchar_t.cc execution test
XPASS: 22_locale/money_put_members_wchar_t.cc execution test
XPASS: 22_locale/moneypunct_members_wchar_t.cc execution test
XPASS: 22_locale/num_get_members_wchar_t.cc execution test
XPASS: 22_locale/num_put_members_wchar_t.cc execution test
XPASS: 22_locale/numpunct_members_wchar_t.cc execution test
XPASS: 22_locale/time_get_members_wchar_t.cc execution test
XPASS: 22_locale/time_put_members_wchar_t.cc execution test
XPASS: 26_numerics/c99_classification_macros_c.cc (test for excess errors)
FAIL: 27_io/istream_extractor_arith.cc execution test
=== libstdc++-v3 Summary ===
# of expected passes 331
# of unexpected failures 1
# of unexpected successes 10
# of expected failures 19
Compiler version: 3.1 20011215 (experimental)
Platform: sparc-sun-solaris2.8
configure flags: --host=sparc-sun-solaris2.8
Counting all warnings,
there are 31 warnings in stage3 of this bootstrap.
Number of warnings per file:
10 gcc/gcc.c
6 gcc/cp/pt.c
4 gcc/unwind-dw2.c
2 gcc/reload1.c
2 gcc/fold-const.c
1 gcc/regmove.c
1 gcc/objc/lang-specs.h
1 gcc/java/parse.y
1 gcc/java/jvspec.c
1 gcc/cp/lang-specs.h
1 gcc/cp/error.c
1 gcc/combine.c
Number of warning types:
11 string length \`???' is greater than the length \`???' ISO C89 compilers are required to support
8 comparison between signed and unsigned
3 signed and unsigned type in conditional expression
2 traditional C rejects string concatenation
2 missing braces around initializer
2 (near initialization for \`???')
1 pointer targets in passing arg ??? of \`???' differ in signedness
1 \`???' defined but not used
1 ??? format, ??? arg (arg ???)