This is the mail archive of the
gcc-testresults@gcc.gnu.org
mailing list for the GCC project.
Results for 3.1 20011116 (experimental) testsuite on vax-dec-ultrix4.3
- From: John David Anglin <dave at hiauly dot hia dot nrc dot ca>
- To: dave at hiauly dot hia dot nrc dot ca, gcc-testresults at gcc dot gnu dot org
- Date: Tue, 11 Dec 2001 12:14:02 -0500
- Subject: Results for 3.1 20011116 (experimental) testsuite on vax-dec-ultrix4.3
LAST_UPDATED: Sat Nov 17 00:23:06 UTC 2001
Native configuration is vax-dec-ultrix4.3
=== g++ tests ===
Running target unix
FAIL: g++.dg/ext/align1.C (test for excess errors)
FAIL: g++.dg/special/conpr-2.C execution test
FAIL: g++.dg/special/conpr-3.C execution test
FAIL: g++.dg/special/initp1.C execution test
FAIL: g++.benjamin/bool02.C caused compiler crash
FAIL: g++.brendan/warnings8.C caused compiler crash
FAIL: g++.ext/attrib5.C (test for excess errors)
FAIL: g++.jason/bool2.C caused compiler crash
FAIL: g++.jason/template31.C (test for excess errors)
FAIL: g++.jason/warning10.C caused compiler crash
FAIL: g++.law/profile1.C (test for excess errors)
FAIL: g++.other/dtor10.C Execution test
FAIL: g++.other/enum5.C (test for excess errors)
FAIL: g++.other/mangle3.C (test for excess errors)
XPASS: g++.pt/decl2.C ICE - (test for errors, line 8)
FAIL: g++.pt/static3.C (test for excess errors)
FAIL: g++.pt/static6.C (test for excess errors)
XPASS: g++.robertl/eb17.C Execution test
=== g++ Summary ===
# of expected passes 6675
# of unexpected failures 16
# of unexpected successes 2
# of expected failures 98
# of untested testcases 21
# of unsupported tests 1
/xxx/gnu/gcc-3.1/objdir/gcc/testsuite/../g++ version 3.1 20011116 (experimental)
=== g77 tests ===
Running target unix
FAIL: g77.f-torture/compile/19990305-0.f, -O3 -g
FAIL: g77.f-torture/compile/19990419-0.f, -O3 -g
FAIL: g77.f-torture/compile/19990905-0.f, -O3 -g
FAIL: g77.f-torture/compile/19990905-2.f, -O3 -g
FAIL: g77.f-torture/compile/20010519-1.f, -O3 -g
FAIL: g77.f-torture/compile/980310-2.f, -O3 -g
FAIL: g77.f-torture/compile/980519-2.f, -O3 -g
FAIL: g77.f-torture/compile/pr3743.f, -O0
FAIL: g77.f-torture/compile/pr3743.f, -O1
FAIL: g77.f-torture/compile/pr3743.f, -O2
FAIL: g77.f-torture/compile/pr3743.f, -O3 -fomit-frame-pointer
FAIL: g77.f-torture/compile/pr3743.f, -O3 -g
FAIL: g77.f-torture/compile/pr3743.f, -Os
FAIL: g77.f-torture/execute/19990313-0.f execution, -O0
FAIL: g77.f-torture/execute/19990313-0.f execution, -O1
FAIL: g77.f-torture/execute/19990313-0.f execution, -O2
FAIL: g77.f-torture/execute/19990313-0.f execution, -O3 -fomit-frame-pointer
FAIL: g77.f-torture/execute/19990313-0.f execution, -O3 -g
FAIL: g77.f-torture/execute/19990313-0.f execution, -Os
FAIL: g77.f-torture/execute/19990313-1.f execution, -O0
FAIL: g77.f-torture/execute/19990313-1.f execution, -O1
FAIL: g77.f-torture/execute/19990313-1.f execution, -O2
FAIL: g77.f-torture/execute/19990313-1.f execution, -O3 -fomit-frame-pointer
FAIL: g77.f-torture/execute/19990313-1.f execution, -O3 -g
FAIL: g77.f-torture/execute/19990313-1.f execution, -Os
FAIL: g77.f-torture/execute/19990313-2.f execution, -O0
FAIL: g77.f-torture/execute/19990313-2.f execution, -O1
FAIL: g77.f-torture/execute/19990313-2.f execution, -O2
FAIL: g77.f-torture/execute/19990313-2.f execution, -O3 -fomit-frame-pointer
FAIL: g77.f-torture/execute/19990313-2.f execution, -O3 -g
FAIL: g77.f-torture/execute/19990313-2.f execution, -Os
FAIL: g77.f-torture/execute/19990313-3.f execution, -O0
FAIL: g77.f-torture/execute/19990313-3.f execution, -O1
FAIL: g77.f-torture/execute/19990313-3.f execution, -O2
FAIL: g77.f-torture/execute/19990313-3.f execution, -O3 -fomit-frame-pointer
FAIL: g77.f-torture/execute/19990313-3.f execution, -O3 -g
FAIL: g77.f-torture/execute/19990313-3.f execution, -Os
FAIL: g77.f-torture/execute/f90-intrinsic-bit.f compilation, -O0
FAIL: g77.f-torture/execute/f90-intrinsic-bit.f compilation, -O1
FAIL: g77.f-torture/execute/f90-intrinsic-bit.f compilation, -O2
FAIL: g77.f-torture/execute/f90-intrinsic-bit.f compilation, -O3 -fomit-frame-pointer
FAIL: g77.f-torture/execute/f90-intrinsic-bit.f compilation, -O3 -fomit-frame-pointer -funroll-loops
FAIL: g77.f-torture/execute/f90-intrinsic-bit.f compilation, -O3 -fomit-frame-pointer -funroll-all-loops -finline-functions
FAIL: g77.f-torture/execute/f90-intrinsic-bit.f compilation, -O3 -g
FAIL: g77.f-torture/execute/f90-intrinsic-bit.f compilation, -Os
FAIL: g77.f-torture/execute/f90-intrinsic-mathematical.f compilation, -O3 -g
FAIL: g77.f-torture/execute/f90-intrinsic-numeric.f compilation, -O3 -g
FAIL: g77.f-torture/execute/intrinsic-f2c-z.f compilation, -O3 -g
FAIL: g77.f-torture/execute/intrinsic-unix-bessel.f compilation, -O3 -g
FAIL: g77.f-torture/execute/intrinsic-unix-erf.f compilation, -O3 -g
FAIL: g77.f-torture/execute/intrinsic-vax-cd.f compilation, -O3 -g
FAIL: g77.f-torture/execute/intrinsic77.f compilation, -O0
FAIL: g77.f-torture/execute/intrinsic77.f compilation, -O1
FAIL: g77.f-torture/execute/intrinsic77.f compilation, -O2
FAIL: g77.f-torture/execute/intrinsic77.f compilation, -O3 -fomit-frame-pointer
FAIL: g77.f-torture/execute/intrinsic77.f compilation, -O3 -g
FAIL: g77.f-torture/execute/intrinsic77.f compilation, -Os
FAIL: g77.f-torture/execute/io0.f execution, -O0
FAIL: g77.f-torture/execute/io0.f execution, -O1
FAIL: g77.f-torture/execute/io0.f execution, -O2
FAIL: g77.f-torture/execute/io0.f execution, -O3 -fomit-frame-pointer
FAIL: g77.f-torture/execute/io0.f execution, -O3 -g
FAIL: g77.f-torture/execute/io0.f execution, -Os
FAIL: g77.f-torture/execute/short.f compilation, -O3 -g
=== g77 Summary ===
# of expected passes 1259
# of unexpected failures 64
# of untested testcases 21
# of unsupported tests 8
/xxx/gnu/gcc-3.1/objdir/gcc/testsuite/../g77 version 3.1 20011116 (experimental)
=== gcc tests ===
Running target unix
FAIL: gcc.c-torture/compile/20001226-1.c, -O0
FAIL: gcc.c-torture/compile/20001226-1.c, -O1
FAIL: gcc.c-torture/compile/20001226-1.c, -O2
FAIL: gcc.c-torture/compile/20001226-1.c, -O3 -fomit-frame-pointer
FAIL: gcc.c-torture/compile/20001226-1.c, -O3 -g
FAIL: gcc.c-torture/compile/20001226-1.c, -Os
FAIL: gcc.c-torture/compile/20010117-2.c, -O0
FAIL: gcc.c-torture/compile/20010423-1.c, -O0
FAIL: gcc.c-torture/compile/920624-1.c, -O3 -fomit-frame-pointer -funroll-loops
FAIL: gcc.c-torture/compile/920624-1.c, -O3 -fomit-frame-pointer -funroll-all-loops -finline-functions
FAIL: gcc.c-torture/compile/931031-1.c, -O0
FAIL: gcc.c-torture/compile/950512-1.c, -O0
FAIL: gcc.c-torture/compile/951220-1.c, -O0
FAIL: gcc.c-torture/compile/981001-1.c, -O0
FAIL: gcc.c-torture/compile/990519-1.c, -O0
FAIL: gcc.c-torture/compile/991213-1.c, -O0
FAIL: gcc.c-torture/compile/20011114-1.c, -O0
FAIL: gcc.c-torture/compile/20011114-1.c, -O1
FAIL: gcc.c-torture/compile/20011114-1.c, -O2
FAIL: gcc.c-torture/compile/20011114-1.c, -O3 -fomit-frame-pointer
FAIL: gcc.c-torture/compile/20011114-1.c, -O3 -g
FAIL: gcc.c-torture/compile/20011114-1.c, -Os
FAIL: gcc.c-torture/execute/20011114-1.c execution, -O3 -fomit-frame-pointer
FAIL: gcc.c-torture/execute/20011114-1.c execution, -O3 -g
FAIL: gcc.c-torture/execute/920429-1.c compilation, -O0
FAIL: gcc.c-torture/execute/920909-1.c compilation, -O3 -fomit-frame-pointer
FAIL: gcc.c-torture/execute/920909-1.c compilation, -O3 -g
FAIL: gcc.c-torture/execute/930718-1.c compilation, -O0
FAIL: gcc.c-torture/execute/931102-1.c compilation, -O0
FAIL: gcc.c-torture/execute/931102-2.c compilation, -O0
FAIL: gcc.c-torture/execute/950704-1.c compilation, -O3 -fomit-frame-pointer
FAIL: gcc.c-torture/execute/950704-1.c compilation, -O3 -g
FAIL: gcc.c-torture/execute/960608-1.c compilation, -O0
FAIL: gcc.c-torture/execute/980612-1.c compilation, -O0
FAIL: gcc.c-torture/execute/980707-1.c compilation, -O0
FAIL: gcc.c-torture/execute/990326-1.c compilation, -O0
FAIL: gcc.c-torture/execute/bf-sign-1.c compilation, -O0
FAIL: gcc.c-torture/execute/compndlit-1.c compilation, -O0
FAIL: gcc.c-torture/execute/conversion.c execution, -O0
FAIL: gcc.c-torture/execute/conversion.c execution, -O1
FAIL: gcc.c-torture/execute/conversion.c execution, -O2
FAIL: gcc.c-torture/execute/conversion.c execution, -Os
FAIL: gcc.c-torture/execute/loop-2c.c execution, -O2
FAIL: gcc.c-torture/execute/loop-2c.c execution, -Os
FAIL: gcc.c-torture/execute/loop-2d.c execution, -O2
FAIL: gcc.c-torture/execute/loop-2d.c execution, -Os
FAIL: gcc.c-torture/execute/loop-3c.c execution, -O2
FAIL: gcc.c-torture/execute/loop-3c.c execution, -O3 -fomit-frame-pointer
FAIL: gcc.c-torture/execute/loop-3c.c execution, -O3 -fomit-frame-pointer -funroll-loops
FAIL: gcc.c-torture/execute/loop-3c.c execution, -O3 -fomit-frame-pointer -funroll-all-loops -finline-functions
FAIL: gcc.c-torture/execute/loop-3c.c execution, -O3 -g
FAIL: gcc.c-torture/execute/loop-3c.c execution, -Os
FAIL: gcc.c-torture/execute/struct-ini-2.c compilation, -O0
FAIL: gcc.dg/asm-fs-1.c (test for excess errors)
FAIL: gcc.dg/c99-bool-1.c (test for excess errors)
FAIL: gcc.dg/c99-float-1.c (test for excess errors)
FAIL: gcc.dg/wchar_t-1.c (test for excess errors)
FAIL: gcc.dg/wint_t-1.c (test for excess errors)
FAIL: gcc.dg/special/weak-1.c (test for excess errors)
FAIL: weak-2a.o
FAIL: wkali-2a.o
FAIL: gcc.dg/special/gcsec-1.c (test for excess errors)
FAIL: gcc.misc-tests/gcov-4b.c gcov: 309: expected branch percentages not found: 25
FAIL: gcc.misc-tests/gcov-5b.c execution test
=== gcc Summary ===
# of expected passes 15934
# of unexpected failures 64
# of expected failures 57
# of unresolved testcases 15
# of unsupported tests 64
/xxx/gnu/gcc-3.1/objdir/gcc/xgcc version 3.1 20011116 (experimental)
=== objc tests ===
Running target unix
FAIL: objc/execute/IMP.m compilation, -O
FAIL: objc/execute/_cmd.m compilation, -O
FAIL: objc/execute/accessing_ivars.m compilation, -O
FAIL: objc/execute/bf-1.m compilation, -O
FAIL: objc/execute/bf-10.m compilation, -O
FAIL: objc/execute/bf-11.m compilation, -O
FAIL: objc/execute/bf-12.m compilation, -O
FAIL: objc/execute/bf-13.m compilation, -O
FAIL: objc/execute/bf-14.m compilation, -O
FAIL: objc/execute/bf-15.m compilation, -O
FAIL: objc/execute/bf-16.m compilation, -O
FAIL: objc/execute/bf-17.m compilation, -O
FAIL: objc/execute/bf-18.m compilation, -O
FAIL: objc/execute/bf-19.m compilation, -O
FAIL: objc/execute/bf-2.m compilation, -O
FAIL: objc/execute/bf-20.m compilation, -O
FAIL: objc/execute/bf-3.m compilation, -O
FAIL: objc/execute/bf-4.m compilation, -O
FAIL: objc/execute/bf-5.m compilation, -O
FAIL: objc/execute/bf-6.m compilation, -O
FAIL: objc/execute/bf-7.m compilation, -O
FAIL: objc/execute/bf-8.m compilation, -O
FAIL: objc/execute/bf-9.m compilation, -O
FAIL: objc/execute/bycopy-1.m compilation, -O
FAIL: objc/execute/bycopy-2.m compilation, -O
FAIL: objc/execute/bycopy-3.m compilation, -O
FAIL: objc/execute/class-1.m compilation, -O
FAIL: objc/execute/class-10.m compilation, -O
FAIL: objc/execute/class-11.m compilation, -O
FAIL: objc/execute/class-12.m compilation, -O
FAIL: objc/execute/class-13.m compilation, -O
FAIL: objc/execute/class-14.m compilation, -O
FAIL: objc/execute/class-2.m compilation, -O
FAIL: objc/execute/class-3.m compilation, -O
FAIL: objc/execute/class-4.m compilation, -O
FAIL: objc/execute/class-5.m compilation, -O
FAIL: objc/execute/class-6.m compilation, -O
FAIL: objc/execute/class-7.m compilation, -O
FAIL: objc/execute/class-8.m compilation, -O
FAIL: objc/execute/class-9.m compilation, -O
FAIL: objc/execute/class_self-1.m compilation, -O
FAIL: objc/execute/class_self-2.m compilation, -O
FAIL: objc/execute/compatibility_alias.m compilation, -O
FAIL: objc/execute/fdecl.m compilation, -O
FAIL: objc/execute/formal_protocol-1.m compilation, -O
FAIL: objc/execute/formal_protocol-2.m compilation, -O
FAIL: objc/execute/formal_protocol-3.m compilation, -O
FAIL: objc/execute/formal_protocol-4.m compilation, -O
FAIL: objc/execute/formal_protocol-5.m compilation, -O
FAIL: objc/execute/formal_protocol-6.m compilation, -O
FAIL: objc/execute/formal_protocol-7.m compilation, -O
FAIL: objc/execute/initialize.m compilation, -O
FAIL: objc/execute/load-2.m compilation, -O
FAIL: objc/execute/load-3.m compilation, -O
FAIL: objc/execute/load.m compilation, -O
FAIL: objc/execute/many_args_method.m compilation, -O
FAIL: objc/execute/nested-3.m compilation, -O
FAIL: objc/execute/no_clash.m compilation, -O
FAIL: objc/execute/np-1.m compilation, -O
FAIL: objc/execute/np-2.m compilation, -O
FAIL: objc/execute/object_is_class.m compilation, -O
FAIL: objc/execute/object_is_meta_class.m compilation, -O
FAIL: objc/execute/private.m compilation, -O
FAIL: objc/execute/protocol.m compilation, -O
FAIL: objc/execute/redefining_self.m compilation, -O
FAIL: objc/execute/root_methods.m compilation, -O
FAIL: objc/execute/selector-1.m compilation, -O
FAIL: objc/execute/static-1.m compilation, -O
FAIL: objc/execute/static-2.m compilation, -O
FAIL: objc/execute/string1.m compilation, -O
FAIL: objc/execute/string2.m compilation, -O
FAIL: objc/execute/string3.m compilation, -O
FAIL: objc/execute/string4.m compilation, -O
FAIL: objc/execute/va_method.m compilation, -O
=== objc Summary ===
# of expected passes 62
# of unexpected failures 74
# of untested testcases 74
/xxx/gnu/gcc-3.1/objdir/gcc/xgcc version 3.1 20011116 (experimental)
=== libstdc++-v3 tests ===
Running target unix
FAIL: 18_support/numeric_limits.cc (test for excess errors)
FAIL: 21_strings/capacity.cc (test for excess errors)
FAIL: 22_locale/collate.cc (test for excess errors)
XPASS: 22_locale/collate_members_wchar_t.cc execution test
FAIL: 22_locale/ctype_members_char.cc (test for excess errors)
FAIL: 22_locale/facet.cc (test for excess errors)
FAIL: 22_locale/messages.cc (test for excess errors)
FAIL: 22_locale/money_get.cc (test for excess errors)
XPASS: 22_locale/money_get_members_wchar_t.cc execution test
FAIL: 22_locale/money_put.cc (test for excess errors)
XPASS: 22_locale/money_put_members_wchar_t.cc execution test
FAIL: 22_locale/moneypunct.cc (test for excess errors)
XPASS: 22_locale/moneypunct_members_wchar_t.cc execution test
FAIL: 22_locale/numpunct.cc (test for excess errors)
XPASS: 22_locale/time_get_members_wchar_t.cc execution test
XPASS: 22_locale/time_put_members_wchar_t.cc execution test
FAIL: 23_containers/bitset_shift.cc (test for excess errors)
FAIL: 26_numerics/binary_closure.cc execution test
XPASS: 26_numerics/c99_classification_macros_c.cc (test for excess errors)
FAIL: 26_numerics/complex_inserters_extractors.cc (test for excess errors)
FAIL: 27_io/ostream_inserter_arith.cc execution test
FAIL: 27_io/streambuf.cc execution test
FAIL: 27_io/stringstream.cc execution test
FAIL: ext/rope.cc (test for excess errors)
=== libstdc++-v3 Summary ===
# of expected passes 289
# of unexpected failures 17
# of unexpected successes 7
# of expected failures 22
Compiler version: 3.1 20011116 (experimental)
Platform: vax-dec-ultrix4.3
configure flags: --host=vax-dec-ultrix4.3 --with-gnu-as --with-gnu-ld