This is the mail archive of the
gcc-testresults@gcc.gnu.org
mailing list for the GCC project.
Results for 3.1 20011207 (experimental) testsuite on i386-unknown-freebsd5.0
- From: <ljrittle at FreeBSD dot org>
- To: gcc-testresults at gcc dot gnu dot org, ljrittle at acm dot org, obrien at freebsd dot org
- Date: Sat, 8 Dec 2001 05:08:22 -0800 (PST)
- Subject: Results for 3.1 20011207 (experimental) testsuite on i386-unknown-freebsd5.0
LAST_UPDATED: Sat Dec 8 06:35:45 GMT 2001
Native configuration is i386-unknown-freebsd5.0
=== g++ tests ===
Running target unix
FAIL: g++.dg/eh/omit-frame-pointer.C execution test
FAIL: g++.dg/template/recurse.C (test for excess errors)
FAIL: g++.eh/badalloc1.C Execution test
FAIL: g++.ext/instantiate2.C not instantiated (test for errors, line 19)
FAIL: g++.law/profile1.C (test for excess errors)
FAIL: g++.other/enum5.C (test for excess errors)
FAIL: g++.other/init15.C caused compiler crash
XPASS: g++.pt/decl2.C ICE - (test for errors, line 8)
XPASS: g++.robertl/eb17.C Execution test
=== g++ Summary for unix ===
# of expected passes 6722
# of unexpected failures 7
# of unexpected successes 2
# of expected failures 94
# of untested testcases 15
# of unsupported tests 1
Running target unix/-pthread -fpic
FAIL: g++.dg/eh/omit-frame-pointer.C execution test
FAIL: g++.dg/template/recurse.C (test for excess errors)
FAIL: g++.eh/badalloc1.C Execution test
FAIL: g++.ext/instantiate2.C not instantiated (test for errors, line 19)
FAIL: g++.law/profile1.C (test for excess errors)
FAIL: g++.other/enum5.C (test for excess errors)
FAIL: g++.other/init15.C caused compiler crash
XPASS: g++.pt/decl2.C ICE - (test for errors, line 8)
XPASS: g++.robertl/eb17.C Execution test
=== g++ Summary for unix/-pthread -fpic ===
# of expected passes 6722
# of unexpected failures 7
# of unexpected successes 2
# of expected failures 94
# of untested testcases 15
# of unsupported tests 1
=== g++ Summary ===
# of expected passes 13444
# of unexpected failures 14
# of unexpected successes 4
# of expected failures 188
# of untested testcases 30
# of unsupported tests 2
/local0/scratch/ljrittle/gcc-build-ref5-1207/gcc/testsuite/../g++ version 3.1 20011207 (experimental)
=== g77 tests ===
Running target unix
FAIL: g77.f-torture/execute/io1.f execution, -O0
FAIL: g77.f-torture/execute/io1.f execution, -O1
FAIL: g77.f-torture/execute/io1.f execution, -O2
FAIL: g77.f-torture/execute/io1.f execution, -O3 -fomit-frame-pointer
FAIL: g77.f-torture/execute/io1.f execution, -O3 -g
FAIL: g77.f-torture/execute/io1.f execution, -Os
=== g77 Summary for unix ===
# of expected passes 1338
# of unexpected failures 6
# of unsupported tests 8
Running target unix/-pthread -fpic
FAIL: g77.f-torture/execute/f90-intrinsic-bit.f execution, -O3 -fomit-frame-pointer -funroll-all-loops -finline-functions
FAIL: g77.f-torture/execute/io1.f execution, -O0
FAIL: g77.f-torture/execute/io1.f execution, -O1
FAIL: g77.f-torture/execute/io1.f execution, -O2
FAIL: g77.f-torture/execute/io1.f execution, -O3 -fomit-frame-pointer
FAIL: g77.f-torture/execute/io1.f execution, -O3 -g
FAIL: g77.f-torture/execute/io1.f execution, -Os
=== g77 Summary for unix/-pthread -fpic ===
# of expected passes 1337
# of unexpected failures 7
# of unsupported tests 8
=== g77 Summary ===
# of expected passes 2675
# of unexpected failures 13
# of unsupported tests 16
/local0/scratch/ljrittle/gcc-build-ref5-1207/gcc/testsuite/../g77 version 3.1 20011207 (experimental)
=== gcc tests ===
Running target unix
FAIL: gcc.c-torture/compile/20011114-1.c, -O0
FAIL: gcc.c-torture/compile/20011114-1.c, -O1
FAIL: gcc.c-torture/compile/20011114-1.c, -O2
FAIL: gcc.c-torture/compile/20011114-1.c, -O3 -fomit-frame-pointer
FAIL: gcc.c-torture/compile/20011114-1.c, -O3 -g
FAIL: gcc.c-torture/compile/20011114-1.c, -Os
FAIL: gcc.c-torture/execute/loop-2c.c execution, -Os
FAIL: gcc.c-torture/execute/loop-2d.c execution, -Os
FAIL: gcc.c-torture/execute/loop-3c.c execution, -Os
XPASS: gcc.c-torture/execute/ieee/rbug.c execution, -O3 -fomit-frame-pointer
XPASS: gcc.c-torture/execute/ieee/rbug.c execution, -O3 -g
FAIL: gcc.dg/20011130-1.c (test for excess errors)
FAIL: gcc.dg/c99-intconst-1.c (test for excess errors)
FAIL: gcc.dg/format/c99-scanf-3.c vfscanf (test for warnings, line 21)
FAIL: gcc.dg/format/c99-scanf-3.c vfscanf (test for warnings, line 21)
FAIL: gcc.dg/format/ext-6.c vfscanf (test for warnings, line 38)
FAIL: gcc.dg/format/ext-6.c vfscanf (test for warnings, line 38)
=== gcc Summary for unix ===
# of expected passes 16504
# of unexpected failures 15
# of unexpected successes 2
# of expected failures 47
# of unsupported tests 32
Running target unix/-pthread -fpic
FAIL: gcc.c-torture/compile/20000804-1.c, -O0
FAIL: gcc.c-torture/compile/20011114-1.c, -O0
FAIL: gcc.c-torture/compile/20011114-1.c, -O1
FAIL: gcc.c-torture/compile/20011114-1.c, -O2
FAIL: gcc.c-torture/compile/20011114-1.c, -O3 -fomit-frame-pointer
FAIL: gcc.c-torture/compile/20011114-1.c, -O3 -g
FAIL: gcc.c-torture/compile/20011114-1.c, -Os
FAIL: gcc.dg/20011119-1.c (test for excess errors)
FAIL: gcc.dg/20011130-1.c (test for excess errors)
FAIL: gcc.dg/asm-names.c (test for excess errors)
FAIL: gcc.dg/c99-intconst-1.c (test for excess errors)
FAIL: gcc.dg/format/c99-scanf-3.c vfscanf (test for warnings, line 21)
FAIL: gcc.dg/format/c99-scanf-3.c vfscanf (test for warnings, line 21)
FAIL: gcc.dg/format/ext-6.c vfscanf (test for warnings, line 38)
FAIL: gcc.dg/format/ext-6.c vfscanf (test for warnings, line 38)
=== gcc Summary for unix/-pthread -fpic ===
# of expected passes 16503
# of unexpected failures 15
# of expected failures 49
# of unsupported tests 32
=== gcc Summary ===
# of expected passes 33007
# of unexpected failures 30
# of unexpected successes 2
# of expected failures 96
# of unsupported tests 64
/local0/scratch/ljrittle/gcc-build-ref5-1207/gcc/xgcc version 3.1 20011207 (experimental)
=== objc tests ===
Running target unix
FAIL: objc/execute/formal_protocol-6.m execution, -O
=== objc Summary for unix ===
# of expected passes 209
# of unexpected failures 1
Running target unix/-pthread -fpic
FAIL: objc/execute/formal_protocol-6.m execution, -O
=== objc Summary for unix/-pthread -fpic ===
# of expected passes 209
# of unexpected failures 1
=== objc Summary ===
# of expected passes 418
# of unexpected failures 2
/local0/scratch/ljrittle/gcc-build-ref5-1207/gcc/xgcc version 3.1 20011207 (experimental)
=== libjava tests ===
Running target unix
FAIL: final_method run
FAIL: register run
FAIL: Divide_1 execution from source compiled test
FAIL: Divide_1 execution from bytecode->native test
FAIL: Divide_1 -O execution from source compiled test
FAIL: Divide_1 -O execution from bytecode->native test
FAIL: Float_1 -O execution from source compiled test
FAIL: Float_1 -O execution from bytecode->native test
FAIL: Invoke_1 execution from source compiled test
FAIL: Invoke_1 execution from bytecode->native test
FAIL: Invoke_1 -O execution from source compiled test
FAIL: Invoke_1 -O execution from bytecode->native test
FAIL: PR218 execution from source compiled test
FAIL: PR218 execution from bytecode->native test
FAIL: PR218 -O execution from source compiled test
FAIL: PR218 -O execution from bytecode->native test
FAIL: PR56 -O execution from source compiled test
FAIL: Thread_Wait_2 execution from source compiled test
FAIL: err1 execution from bytecode->native test
FAIL: err2 execution from bytecode->native test
FAIL: err9 -O execution from source compiled test
FAIL: err9 -O execution from bytecode->native test
FAIL: inner1 -O execution from bytecode->native test
XPASS: stringconst output from bytecode->native test
XPASS: stringconst -O output from bytecode->native test
FAIL: stringconst2 execution from source compiled test
FAIL: stringconst2 execution from bytecode->native test
FAIL: tmi execution from source compiled test
FAIL: KeepInline -O execution from source compiled test
=== libjava Summary for unix ===
# of expected passes 1846
# of unexpected failures 27
# of unexpected successes 2
# of expected failures 16
# of untested testcases 43
Running target unix/-pthread -fpic
FAIL: calls header generation
FAIL: final_method header generation
FAIL: findclass header generation
FAIL: invoke header generation
FAIL: martin header generation
FAIL: noclass header generation
FAIL: overload header generation
FAIL: register header generation
FAIL: simple_int header generation
FAIL: throwit header generation
FAIL: virtual header generation
FAIL: field header generation
FAIL: Divide_1 execution from source compiled test
FAIL: Divide_1 execution from bytecode->native test
FAIL: Divide_1 -O execution from source compiled test
FAIL: Divide_1 -O execution from bytecode->native test
FAIL: Invoke_1 execution from source compiled test
FAIL: Invoke_1 execution from bytecode->native test
FAIL: Invoke_1 -O execution from source compiled test
FAIL: Invoke_1 -O execution from bytecode->native test
FAIL: PR218 execution from source compiled test
FAIL: PR218 execution from bytecode->native test
FAIL: PR218 -O execution from source compiled test
FAIL: PR218 -O execution from bytecode->native test
FAIL: Synch execution from bytecode->native test
FAIL: anonarray3 -O execution from bytecode->native test
FAIL: err11 -O execution from bytecode->native test
FAIL: final_int execution from source compiled test
FAIL: klass execution from bytecode->native test
XPASS: stringconst output from bytecode->native test
XPASS: stringconst -O output from bytecode->native test
FAIL: stringconst2 -O execution from bytecode->native test
=== libjava Summary for unix/-pthread -fpic ===
# of expected passes 1814
# of unexpected failures 30
# of unexpected successes 2
# of expected failures 16
# of untested testcases 34
=== libjava Summary ===
# of expected passes 3660
# of unexpected failures 57
# of unexpected successes 4
# of expected failures 32
# of untested testcases 77
=== libstdc++-v3 tests ===
Running target unix
FAIL: 18_support/numeric_limits.cc execution test
XPASS: 22_locale/collate_members_wchar_t.cc execution test
XPASS: 22_locale/money_get_members_wchar_t.cc execution test
XPASS: 22_locale/money_put_members_wchar_t.cc execution test
XPASS: 22_locale/moneypunct_members_wchar_t.cc execution test
XPASS: 22_locale/num_get_members_wchar_t.cc execution test
XPASS: 22_locale/num_put_members_wchar_t.cc execution test
XPASS: 22_locale/numpunct_members_wchar_t.cc execution test
XPASS: 22_locale/time_get_members_wchar_t.cc execution test
XPASS: 22_locale/time_put_members_wchar_t.cc execution test
XPASS: 26_numerics/c99_classification_macros_c.cc (test for excess errors)
FAIL: 26_numerics/complex_inserters_extractors.cc execution test
FAIL: 27_io/istream_extractor_arith.cc execution test
FAIL: 27_io/istream_sentry.cc execution test
=== libstdc++-v3 Summary for unix ===
# of expected passes 327
# of unexpected failures 4
# of unexpected successes 10
# of expected failures 18
Running target unix/-pthread -fpic
FAIL: 18_support/numeric_limits.cc execution test
XPASS: 22_locale/collate_members_wchar_t.cc execution test
XPASS: 22_locale/money_get_members_wchar_t.cc execution test
XPASS: 22_locale/money_put_members_wchar_t.cc execution test
XPASS: 22_locale/moneypunct_members_wchar_t.cc execution test
XPASS: 22_locale/num_get_members_wchar_t.cc execution test
XPASS: 22_locale/num_put_members_wchar_t.cc execution test
XPASS: 22_locale/numpunct_members_wchar_t.cc execution test
XPASS: 22_locale/time_get_members_wchar_t.cc execution test
XPASS: 22_locale/time_put_members_wchar_t.cc execution test
XPASS: 26_numerics/c99_classification_macros_c.cc (test for excess errors)
FAIL: 26_numerics/complex_inserters_extractors.cc execution test
FAIL: 27_io/istream_extractor_arith.cc execution test
FAIL: 27_io/istream_sentry.cc execution test
=== libstdc++-v3 Summary for unix/-pthread -fpic ===
# of expected passes 327
# of unexpected failures 4
# of unexpected successes 10
# of expected failures 18
=== libstdc++-v3 Summary ===
# of expected passes 654
# of unexpected failures 8
# of unexpected successes 20
# of expected failures 36
Compiler version: 3.1 20011207 (experimental)
Platform: i386-unknown-freebsd5.0
configure flags: --host=i386-unknown-freebsd5.0 --enable-libgcj --prefix=/home/ljrittle/tmp-ref5/install-ref5 --with-gnu-as --with-as=/usr/bin/as --with-gnu-ld --with-ld=/usr/bin/ld
BOOT_CFLAGS=-g -O2
Using gmake
Key: gmake is GNU make
make is BSD make as shipped on i386-unknown-freebsd5.0
ref4 (3.0.X) and ref5 (mainline) attempt to build gcc daily
odd number days use GNU make; missing reports infer breakage