This is the mail archive of the gcc-testresults@gcc.gnu.org mailing list for the GCC project.


Index Nav: [Date Index] [Subject Index] [Author Index] [Thread Index]
Message Nav: [Date Prev] [Date Next] [Thread Prev] [Thread Next]
Other format: [Raw text]

Results for 3.0.3 20011122 (prerelease) testsuite on alpha-dec-osf5.1


LAST_UPDATED: Mon Nov 19 15:56:35 UTC 2001

Native configuration is alpha-dec-osf5.1

		=== libjava tests ===


Running target unix
FAIL: Invoke_1 execution from source compiled test
FAIL: Invoke_1 execution from bytecode->native test
FAIL: Invoke_1 -O execution from source compiled test
FAIL: Invoke_1 -O execution from bytecode->native test
XPASS: N19990310_4 output from source compiled test
XPASS: N19990310_4 -O output from source compiled test
FAIL: PR218 execution from source compiled test
FAIL: PR218 execution from bytecode->native test
FAIL: PR218 -O execution from source compiled test
FAIL: PR218 -O execution from bytecode->native test
XPASS: stringconst output from bytecode->native test
XPASS: stringconst -O output from bytecode->native test
XPASS: stub compilation from source
XPASS: stub byte compilation
XPASS: stub compilation from bytecode
XPASS: stub -O compilation from source
XPASS: stub byte compilation
XPASS: stub -O compilation from bytecode

		=== libjava Summary ===

# of expected passes		1596
# of unexpected failures	8
# of unexpected successes	10
# of expected failures		14
# of untested testcases		88
		=== libstdc++-v3 tests ===


Running target unix
FAIL: 22_locale/ctype_char_members.cc execution test
XPASS: 26_numerics/c99_classification_macros_c.cc (test for excess errors)
FAIL: 26_numerics/complex_inserters_extractors.cc execution test

		=== libstdc++-v3 Summary ===

# of expected passes		245
# of unexpected failures	2
# of unexpected successes	1
# of expected failures		7
		=== g++ tests ===


Running target unix
FAIL: g++.dg/special/conpr-1.C execution test
FAIL: g++.dg/special/conpr-2.C execution test
FAIL: g++.dg/special/conpr-3.C (test for excess errors)
FAIL: g++.dg/special/conpr-3.C execution test
FAIL: g++.dg/special/conpr-3.C (test for excess errors)
FAIL: g++.dg/special/conpr-3.C execution test
FAIL: g++.dg/special/conpr-1.C execution test
FAIL: g++.ext/instantiate1.C not instantiated (test for errors, line 20)
FAIL: g++.ext/instantiate1.C not instantiated (test for errors, line 22)
FAIL: g++.ext/instantiate2.C not instantiated (test for errors, line 19)
FAIL: g++.ext/instantiate3.C not instantiated (test for errors, line 13)
FAIL: g++.pt/instantiate5.C (test for excess errors)

		=== g++ Summary ===

# of expected passes		6486
# of unexpected failures	12
# of expected failures		105
# of untested testcases		20
/amnt/figaro/volumes/obj-gcc/gcc/obj.alpha/gcc-3.0.3-20011122/5.1-cc-java/gcc/testsuite/../g++ version 3.0.3 20011122 (prerelease)

		=== g77 tests ===


Running target unix

		=== g77 Summary ===

# of expected passes		933
# of unsupported tests		8
		=== gcc tests ===


Running target unix
FAIL: gcc.c-torture/compile/20001226-1.c,  -O2  
FAIL: gcc.c-torture/compile/20001226-1.c,  -O3 -fomit-frame-pointer  
FAIL: gcc.c-torture/compile/20001226-1.c,  -O3 -g  
FAIL: gcc.c-torture/compile/20001226-1.c,  -Os  
FAIL: gcc.c-torture/execute/ieee/fp-cmp-3.c execution,  -O0 
FAIL: gcc.c-torture/execute/ieee/fp-cmp-3.c execution,  -O1 
FAIL: gcc.c-torture/execute/ieee/fp-cmp-3.c execution,  -O2 
FAIL: gcc.c-torture/execute/ieee/fp-cmp-3.c execution,  -O3 -fomit-frame-pointer 
FAIL: gcc.c-torture/execute/ieee/fp-cmp-3.c execution,  -O3 -fomit-frame-pointer -funroll-loops 
FAIL: gcc.c-torture/execute/ieee/fp-cmp-3.c execution,  -O3 -fomit-frame-pointer -funroll-all-loops -finline-functions 
FAIL: gcc.c-torture/execute/ieee/fp-cmp-3.c execution,  -O3 -g 
FAIL: gcc.c-torture/execute/ieee/fp-cmp-3.c execution,  -Os 
FAIL: gcc.dg/asm-fs-1.c (test for excess errors)

		=== gcc Summary ===

# of expected passes		15247
# of unexpected failures	13
# of expected failures		81
# of unsupported tests		56
/amnt/figaro/volumes/obj-gcc/gcc/obj.alpha/gcc-3.0.3-20011122/5.1-cc-java/gcc/xgcc version 3.0.3 20011122 (prerelease)

		=== objc tests ===


Running target unix

		=== objc Summary ===

# of expected passes		153
# of expected failures		1
/amnt/figaro/volumes/obj-gcc/gcc/obj.alpha/gcc-3.0.3-20011122/5.1-cc-java/gcc/xgcc version 3.0.3 20011122 (prerelease)


Compiler version: 3.0.3 20011122 (prerelease) 
Platform: alpha-dec-osf5.1
configure flags: --host=alpha-dec-osf5.1 --prefix=/vol/gcc --with-local-prefix=/vol/gcc --enable-shared --disable-nls --enable-libgcj


Index Nav: [Date Index] [Subject Index] [Author Index] [Thread Index]
Message Nav: [Date Prev] [Date Next] [Thread Prev] [Thread Next]