This is the mail archive of the
gcc-testresults@gcc.gnu.org
mailing list for the GCC project.
Results for 3.1 20011122 (experimental) testsuite on i686-pc-linux-gnu
- From: aj at suse dot de (Andreas Jaeger)
- To: gcc-testresults at gcc dot gnu dot org
- Date: Tue, 27 Nov 2001 18:10:43 +0100 (CET)
- Subject: Results for 3.1 20011122 (experimental) testsuite on i686-pc-linux-gnu
LAST_UPDATED: Mon Nov 26 18:50:10 UTC 2001
Native configuration is i686-pc-linux-gnu
=== g++ tests ===
Running target unix
FAIL: g++.other/enum5.C (test for excess errors)
XPASS: g++.pt/decl2.C ICE - (test for errors, line 8)
XPASS: g++.robertl/eb17.C Execution test
=== g++ Summary ===
# of expected passes 6726
# of unexpected failures 1
# of unexpected successes 2
# of expected failures 94
# of untested testcases 9
/builds/gcc/misc/gcc/testsuite/../g++ version 3.1 20011122 (experimental)
=== g77 tests ===
Running target unix
FAIL: g77.f-torture/compile/20010519-1.f, -O2
FAIL: g77.f-torture/compile/20010519-1.f, -O3 -fomit-frame-pointer
FAIL: g77.f-torture/compile/20010519-1.f, -O3 -fomit-frame-pointer -funroll-loops
FAIL: g77.f-torture/compile/20010519-1.f, -O3 -fomit-frame-pointer -funroll-all-loops -finline-functions
FAIL: g77.f-torture/compile/20010519-1.f, -O3 -g
FAIL: g77.f-torture/compile/20010519-1.f, -Os
FAIL: g77.f-torture/execute/970625-2.f compilation, -O2
FAIL: g77.f-torture/execute/970625-2.f compilation, -O3 -fomit-frame-pointer
FAIL: g77.f-torture/execute/970625-2.f compilation, -O3 -fomit-frame-pointer -funroll-loops
FAIL: g77.f-torture/execute/970625-2.f compilation, -O3 -fomit-frame-pointer -funroll-all-loops -finline-functions
FAIL: g77.f-torture/execute/970625-2.f compilation, -O3 -g
FAIL: g77.f-torture/execute/970625-2.f compilation, -Os
=== g77 Summary ===
# of expected passes 1342
# of unexpected failures 12
# of untested testcases 6
/builds/gcc/misc/gcc/testsuite/../g77 version 3.1 20011122 (experimental)
=== gcc tests ===
Running target unix
FAIL: gcc.c-torture/compile/20011114-1.c, -O0
FAIL: gcc.c-torture/compile/20011114-1.c, -O1
FAIL: gcc.c-torture/compile/20011114-1.c, -O2
FAIL: gcc.c-torture/compile/20011114-1.c, -O3 -fomit-frame-pointer
FAIL: gcc.c-torture/compile/20011114-1.c, -O3 -g
FAIL: gcc.c-torture/compile/20011114-1.c, -Os
FAIL: gcc.c-torture/execute/20011114-1.c execution, -O3 -fomit-frame-pointer
FAIL: gcc.c-torture/execute/20011114-1.c execution, -O3 -g
FAIL: gcc.dg/c99-intconst-1.c (test for excess errors)
XPASS: gcc.dg/uninit-A.c uninitialized variable warning (test for bogus messages, line 50)
XPASS: gcc.dg/uninit-A.c uninitialized variable warning (test for bogus messages, line 51)
=== gcc Summary ===
# of expected passes 16336
# of unexpected failures 9
# of unexpected successes 2
# of expected failures 59
# of unsupported tests 25
/builds/gcc/misc/gcc/xgcc version 3.1 20011122 (experimental)
=== objc tests ===
Running target unix
FAIL: objc/execute/formal_protocol-6.m execution, -O
=== objc Summary ===
# of expected passes 209
# of unexpected failures 1
/builds/gcc/misc/gcc/xgcc version 3.1 20011122 (experimental)
=== libstdc++-v3 tests ===
Running target unix
XPASS: 22_locale/collate_members_wchar_t.cc execution test
XPASS: 22_locale/time_put_members_char.cc execution test
=== libstdc++-v3 Summary ===
# of expected passes 319
# of unexpected successes 2
# of expected failures 27
Compiler version: 3.1 20011122 (experimental)
Platform: i686-pc-linux-gnu
configure flags: --host=i686-pc-linux-gnu --prefix=/opt/gcc/cfg --enable-shared --enable-threads=posix --with-gnu-as --with-gnu-ld --disable-nls --with-system-zlib --enable-languages=c,objc,c++,f77