This is the mail archive of the
gcc-testresults@gcc.gnu.org
mailing list for the GCC project.
Results for 3.1 20011116 (experimental) testsuite on alphaev6-unknown-linux-gnu
- From: Brad Lucier <lucier at popov dot math dot purdue dot edu>
- To: gcc-testresults at gcc dot gnu dot org
- Date: Fri, 16 Nov 2001 14:20:29 -0500
- Subject: Results for 3.1 20011116 (experimental) testsuite on alphaev6-unknown-linux-gnu
LAST_UPDATED: Fri Nov 16 17:21:03 UTC 2001
Native configuration is alphaev6-unknown-linux-gnu
=== libjava tests ===
Running target unix
FAIL: calls run
FAIL: field run
FAIL: final_method run
FAIL: findclass run
FAIL: martin run
FAIL: register run
FAIL: throwit run
FAIL: TLtest compilation from bytecode
FAIL: TLtest -O compilation from bytecode
XPASS: stringconst output from bytecode->native test
XPASS: stringconst -O output from bytecode->native test
FAIL: stringconst2 output from source compiled test
FAIL: stringconst2 -O output from source compiled test
FAIL: PR3096 output from source compiled test
FAIL: PR3096 -O output from source compiled test
=== libjava Summary ===
# of expected passes 1811
# of unexpected failures 13
# of unexpected successes 2
# of expected failures 16
# of untested testcases 103
=== libstdc++-v3 tests ===
Running target unix
FAIL: 18_support/numeric_limits.cc execution test
XPASS: 22_locale/collate_members_wchar_t.cc execution test
XPASS: 22_locale/time_put_members_char.cc execution test
=== libstdc++-v3 Summary ===
# of expected passes 318
# of unexpected failures 1
# of unexpected successes 2
# of expected failures 27
=== g77 tests ===
Running target unix
FAIL: g77.dg/fbackslash.f execution test
FAIL: g77.dg/fbackslash.f execution test
FAIL: g77.dg/fcase-preserve.f execution test
FAIL: g77.dg/fcase-preserve.f execution test
FAIL: g77.dg/fno-typeless-boz.f execution test
FAIL: g77.dg/fno-vxt-1.f execution test
FAIL: g77.dg/strlen0.f execution test
FAIL: g77.f-torture/compile/19990502-1.f, -O0
FAIL: g77.f-torture/compile/19990502-1.f, -O1
FAIL: g77.f-torture/compile/19990502-1.f, -O2
FAIL: g77.f-torture/compile/19990502-1.f, -O3 -fomit-frame-pointer
FAIL: g77.f-torture/compile/19990502-1.f, -O3 -fomit-frame-pointer -funroll-loops
FAIL: g77.f-torture/compile/19990502-1.f, -O3 -fomit-frame-pointer -funroll-all-loops -finline-functions
FAIL: g77.f-torture/compile/19990502-1.f, -O3 -g
FAIL: g77.f-torture/compile/19990502-1.f, -Os
FAIL: g77.f-torture/compile/19990905-0.f, -O0
FAIL: g77.f-torture/compile/19990905-0.f, -O1
FAIL: g77.f-torture/compile/19990905-0.f, -O2
FAIL: g77.f-torture/compile/19990905-0.f, -O3 -fomit-frame-pointer
FAIL: g77.f-torture/compile/19990905-0.f, -O3 -g
FAIL: g77.f-torture/compile/19990905-0.f, -Os
FAIL: g77.f-torture/compile/19990905-2.f, -O0
FAIL: g77.f-torture/compile/19990905-2.f, -O1
FAIL: g77.f-torture/compile/19990905-2.f, -O2
FAIL: g77.f-torture/compile/19990905-2.f, -O3 -fomit-frame-pointer
FAIL: g77.f-torture/compile/19990905-2.f, -O3 -g
FAIL: g77.f-torture/compile/19990905-2.f, -Os
FAIL: g77.f-torture/compile/20000511-2.f, -O0
FAIL: g77.f-torture/compile/20000511-2.f, -O1
FAIL: g77.f-torture/compile/20000511-2.f, -O2
FAIL: g77.f-torture/compile/20000511-2.f, -O3 -fomit-frame-pointer
FAIL: g77.f-torture/compile/20000511-2.f, -O3 -fomit-frame-pointer -funroll-loops
FAIL: g77.f-torture/compile/20000511-2.f, -O3 -fomit-frame-pointer -funroll-all-loops -finline-functions
FAIL: g77.f-torture/compile/20000511-2.f, -O3 -g
FAIL: g77.f-torture/compile/20000511-2.f, -Os
FAIL: g77.f-torture/compile/20000601-1.f, -O0
FAIL: g77.f-torture/compile/20000601-1.f, -O1
FAIL: g77.f-torture/compile/20000601-1.f, -O2
FAIL: g77.f-torture/compile/20000601-1.f, -O3 -fomit-frame-pointer
FAIL: g77.f-torture/compile/20000601-1.f, -O3 -fomit-frame-pointer -funroll-loops
FAIL: g77.f-torture/compile/20000601-1.f, -O3 -fomit-frame-pointer -funroll-all-loops -finline-functions
FAIL: g77.f-torture/compile/20000601-1.f, -O3 -g
FAIL: g77.f-torture/compile/20000601-1.f, -Os
FAIL: g77.f-torture/compile/20000601-2.f, -O0
FAIL: g77.f-torture/compile/20000601-2.f, -O1
FAIL: g77.f-torture/compile/20000601-2.f, -O2
FAIL: g77.f-torture/compile/20000601-2.f, -O3 -fomit-frame-pointer
FAIL: g77.f-torture/compile/20000601-2.f, -O3 -fomit-frame-pointer -funroll-loops
FAIL: g77.f-torture/compile/20000601-2.f, -O3 -fomit-frame-pointer -funroll-all-loops -finline-functions
FAIL: g77.f-torture/compile/20000601-2.f, -O3 -g
FAIL: g77.f-torture/compile/20000601-2.f, -Os
FAIL: g77.f-torture/compile/20000629-1.f, -O3 -g
FAIL: g77.f-torture/compile/980310-3.f, -O0
FAIL: g77.f-torture/compile/980310-3.f, -O1
FAIL: g77.f-torture/compile/980310-3.f, -O2
FAIL: g77.f-torture/compile/980310-3.f, -O3 -fomit-frame-pointer
FAIL: g77.f-torture/compile/980310-3.f, -O3 -fomit-frame-pointer -funroll-loops
FAIL: g77.f-torture/compile/980310-3.f, -O3 -fomit-frame-pointer -funroll-all-loops -finline-functions
FAIL: g77.f-torture/compile/980310-3.f, -O3 -g
FAIL: g77.f-torture/compile/980310-3.f, -Os
FAIL: g77.f-torture/compile/980519-2.f, -O0
FAIL: g77.f-torture/compile/980519-2.f, -O1
FAIL: g77.f-torture/compile/980519-2.f, -O2
FAIL: g77.f-torture/compile/980519-2.f, -O3 -fomit-frame-pointer
FAIL: g77.f-torture/compile/980519-2.f, -O3 -g
FAIL: g77.f-torture/compile/980519-2.f, -Os
FAIL: g77.f-torture/execute/19981119-0.f compilation, -O0
FAIL: g77.f-torture/execute/19981119-0.f compilation, -O1
FAIL: g77.f-torture/execute/19981119-0.f compilation, -O2
FAIL: g77.f-torture/execute/19981119-0.f compilation, -O3 -fomit-frame-pointer
FAIL: g77.f-torture/execute/19981119-0.f compilation, -O3 -g
FAIL: g77.f-torture/execute/19981119-0.f compilation, -Os
FAIL: g77.f-torture/execute/20010116.f compilation, -O0
FAIL: g77.f-torture/execute/20010116.f compilation, -O1
FAIL: g77.f-torture/execute/20010116.f compilation, -O2
FAIL: g77.f-torture/execute/20010116.f compilation, -O3 -fomit-frame-pointer
FAIL: g77.f-torture/execute/20010116.f compilation, -O3 -fomit-frame-pointer -funroll-loops
FAIL: g77.f-torture/execute/20010116.f compilation, -O3 -fomit-frame-pointer -funroll-all-loops -finline-functions
FAIL: g77.f-torture/execute/20010116.f compilation, -O3 -g
FAIL: g77.f-torture/execute/20010116.f compilation, -Os
FAIL: g77.f-torture/execute/20010430.f compilation, -O0
FAIL: g77.f-torture/execute/20010430.f compilation, -O1
FAIL: g77.f-torture/execute/20010430.f compilation, -O2
FAIL: g77.f-torture/execute/20010430.f compilation, -O3 -fomit-frame-pointer
FAIL: g77.f-torture/execute/20010430.f compilation, -O3 -fomit-frame-pointer -funroll-loops
FAIL: g77.f-torture/execute/20010430.f compilation, -O3 -fomit-frame-pointer -funroll-all-loops -finline-functions
FAIL: g77.f-torture/execute/20010430.f compilation, -O3 -g
FAIL: g77.f-torture/execute/20010430.f compilation, -Os
FAIL: g77.f-torture/execute/auto1.f compilation, -O0
FAIL: g77.f-torture/execute/auto1.f compilation, -O1
FAIL: g77.f-torture/execute/auto1.f compilation, -O2
FAIL: g77.f-torture/execute/auto1.f compilation, -O3 -fomit-frame-pointer
FAIL: g77.f-torture/execute/auto1.f compilation, -O3 -fomit-frame-pointer -funroll-loops
FAIL: g77.f-torture/execute/auto1.f compilation, -O3 -fomit-frame-pointer -funroll-all-loops -finline-functions
FAIL: g77.f-torture/execute/auto1.f compilation, -O3 -g
FAIL: g77.f-torture/execute/auto1.f compilation, -Os
FAIL: g77.f-torture/execute/labug1.f compilation, -O0
FAIL: g77.f-torture/execute/labug1.f compilation, -O1
FAIL: g77.f-torture/execute/labug1.f compilation, -O2
FAIL: g77.f-torture/execute/labug1.f compilation, -O3 -fomit-frame-pointer
FAIL: g77.f-torture/execute/labug1.f compilation, -O3 -fomit-frame-pointer -funroll-loops
FAIL: g77.f-torture/execute/labug1.f compilation, -O3 -fomit-frame-pointer -funroll-all-loops -finline-functions
FAIL: g77.f-torture/execute/labug1.f compilation, -O3 -g
FAIL: g77.f-torture/execute/labug1.f compilation, -Os
FAIL: g77.f-torture/execute/short.f compilation, -O0
FAIL: g77.f-torture/execute/short.f compilation, -O1
FAIL: g77.f-torture/execute/short.f compilation, -O2
FAIL: g77.f-torture/execute/short.f compilation, -O3 -fomit-frame-pointer
FAIL: g77.f-torture/execute/short.f compilation, -O3 -fomit-frame-pointer -funroll-loops
FAIL: g77.f-torture/execute/short.f compilation, -O3 -fomit-frame-pointer -funroll-all-loops -finline-functions
FAIL: g77.f-torture/execute/short.f compilation, -O3 -g
FAIL: g77.f-torture/execute/short.f compilation, -Os
=== g77 Summary ===
# of expected passes 1184
# of unexpected failures 112
# of untested testcases 46
# of unsupported tests 8
/export/u11/lucier/programs/gcc/gcc-3.1/objdir/gcc/testsuite/../g77 version 3.1 20011116 (experimental)
=== gcc tests ===
Running target unix
FAIL: gcc.c-torture/compile/20001226-1.c, -O3 -g
FAIL: gcc.c-torture/execute/20001229-1.c execution, -O0
FAIL: gcc.c-torture/execute/20001229-1.c execution, -O1
FAIL: gcc.c-torture/execute/20001229-1.c execution, -O2
FAIL: gcc.c-torture/execute/20001229-1.c execution, -Os
FAIL: gcc.c-torture/execute/20011008-3.c execution, -O3 -fomit-frame-pointer
FAIL: gcc.c-torture/execute/20011008-3.c execution, -O3 -fomit-frame-pointer -funroll-loops
FAIL: gcc.c-torture/execute/20011008-3.c execution, -O3 -fomit-frame-pointer -funroll-all-loops -finline-functions
FAIL: gcc.c-torture/execute/20011008-3.c execution, -O3 -g
FAIL: gcc.c-torture/execute/20011114-1.c execution, -O3 -fomit-frame-pointer
FAIL: gcc.c-torture/execute/20011114-1.c execution, -O3 -g
FAIL: gcc.dg/cpp/ucs.c (test for warnings, line 24)
FAIL: gcc.dg/cpp/ucs.c (test for excess errors)
=== gcc Summary ===
# of expected passes 16252
# of unexpected failures 13
# of expected failures 61
# of unsupported tests 56
/export/u11/lucier/programs/gcc/gcc-3.1/objdir/gcc/xgcc version 3.1 20011116 (experimental)
=== g++ tests ===
Running target unix
FAIL: g++.dg/eh/registers1.C execution test
FAIL: g++.ext/instantiate2.C not instantiated (test for errors, line 19)
FAIL: g++.ext/instantiate3.C not instantiated (test for errors, line 13)
FAIL: g++.jason/thunk3.C (test for excess errors)
FAIL: g++.other/enum5.C (test for excess errors)
XPASS: g++.pt/decl2.C ICE - (test for errors, line 8)
FAIL: g++.pt/vaarg3.C caused compiler crash
XPASS: g++.robertl/eb17.C Execution test
=== g++ Summary ===
# of expected passes 6689
# of unexpected failures 6
# of unexpected successes 2
# of expected failures 95
# of untested testcases 20
# of unsupported tests 1
/export/u11/lucier/programs/gcc/gcc-3.1/objdir/gcc/testsuite/../g++ version 3.1 20011116 (experimental)
=== objc tests ===
Running target unix
FAIL: objc/execute/formal_protocol-6.m execution, -O
=== objc Summary ===
# of expected passes 209
# of unexpected failures 1
/export/u11/lucier/programs/gcc/gcc-3.1/objdir/gcc/xgcc version 3.1 20011116 (experimental)
Compiler version: 3.1 20011116 (experimental)
Platform: alphaev6-unknown-linux-gnu
configure flags: --host=alphaev6-unknown-linux-gnu --enable-languages=c,c++,java,f77,objc
Counting all warnings,
there are 41 warnings in stage3 of this bootstrap.
Number of warnings per file:
8 gcc/df.c
6 gcc/cp/pt.c
3 gcc/sdbout.c
3 gcc/gcc.c
2 gcc/fold-const.c
1 gcc/varasm.c
1 gcc/reload1.c
1 gcc/regmove.c
1 gcc/profile.c
1 gcc/objc/objc-act.c
1 gcc/objc/lang-specs.h
1 gcc/local-alloc.c
1 gcc/java/parse.y
1 gcc/java/jvspec.c
1 gcc/java/jcf-write.c
1 gcc/ggc-page.c
1 gcc/cp/tree.c
1 gcc/cppexp.c
1 gcc/cp/lang-specs.h
1 gcc/cp/class.c
1 gcc/combine.c
1 gcc/cfgrtl.c
1 gcc/cfglayout.c
1 gcc/cfgbuild.c
Number of warning types:
11 comparison between signed and unsigned
7 cast to pointer from integer of different size
5 string length \`???' is greater than the length \`???' ISO C89 compilers are required to support
2 signed and unsigned type in conditional expression
2 ISO C forbids use of compound expressions as lvalues
2 ??? format, ??? arg (arg ???)
2 cast from pointer to integer of different size
1 traditional C rejects string concatenation
1 pointer targets in passing arg ??? of \`???' differ in signedness
1 passing arg ??? of \`???' from incompatible pointer type
1 \`???' might be used uninitialized in this function
1 \`long' switch expression not converted to \`int' in ISO C
1 ISO C forbids use of conditional expressions as lvalues
1 implicit declaration of function \`???'
1 function declaration isn't a prototype
1 control reaches end of non-void function
1 comparison of unsigned expression >= 0 is always true