This is the mail archive of the
gcc-testresults@gcc.gnu.org
mailing list for the GCC project.
Results for 3.1 20011114 (experimental) testsuite on i686-pc-linux-gnu
- From: Andris Pavenis <andris at hal dot astr dot lu dot lv>
- To: gcc-testresults at gcc dot gnu dot org
- Date: Thu, 15 Nov 2001 06:31:14 +0200
- Subject: Results for 3.1 20011114 (experimental) testsuite on i686-pc-linux-gnu
Last updated from CVS: 2001 Nov 15 04:03 +0200
System: Linux kernel 2.4.13-ac5
glibc-2.2.3
binutils-2.11.90.0.31
LAST_UPDATED: Thu Nov 15 02:03:33 UTC 2001
Native configuration is i686-pc-linux-gnu
=== g++ tests ===
Running target unix
FAIL: g++.other/enum5.C (test for excess errors)
XPASS: g++.pt/decl2.C ICE - (test for errors, line 8)
XPASS: g++.robertl/eb17.C Execution test
=== g++ Summary ===
# of expected passes 6709
# of unexpected failures 1
# of unexpected successes 2
# of expected failures 95
# of untested testcases 9
/disk2/cvs/gcc31/build/build.lnx/gcc/testsuite/../g++ version 3.1 20011114 (experimental)
=== g77 tests ===
Running target unix
=== g77 Summary ===
# of expected passes 1360
/disk2/cvs/gcc31/build/build.lnx/gcc/testsuite/../g77 version 3.1 20011114 (experimental)
=== gcc tests ===
Running target unix
FAIL: gcc.c-torture/compile/20010327-1.c, -O0
FAIL: gcc.c-torture/compile/20010327-1.c, -O1
FAIL: gcc.c-torture/compile/20010327-1.c, -O2
FAIL: gcc.c-torture/compile/20010327-1.c, -O3 -fomit-frame-pointer
FAIL: gcc.c-torture/compile/20010327-1.c, -O3 -g
FAIL: gcc.c-torture/compile/20010327-1.c, -Os
=== gcc Summary ===
# of expected passes 16256
# of unexpected failures 6
# of expected failures 61
# of unsupported tests 24
/disk2/cvs/gcc31/build/build.lnx/gcc/xgcc version 3.1 20011114 (experimental)
=== objc tests ===
Running target unix
FAIL: objc/execute/formal_protocol-6.m execution, -O
=== objc Summary ===
# of expected passes 209
# of unexpected failures 1
/disk2/cvs/gcc31/build/build.lnx/gcc/xgcc version 3.1 20011114 (experimental)
=== libstdc++-v3 tests ===
Running target unix
XPASS: 22_locale/collate_members_wchar_t.cc execution test
XPASS: 22_locale/time_put_members_char.cc execution test
=== libstdc++-v3 Summary ===
# of expected passes 319
# of unexpected successes 2
# of expected failures 27
Compiler version: 3.1 20011114 (experimental)
Platform: i686-pc-linux-gnu
configure flags: --host=i686-pc-linux-gnu --prefix=/disk2/gcc31 --enable-shared --enable-languages=c,c++,f77,objc --verbose --enable-threads=posix
Counting all warnings,
there are 61 warnings in stage3 of this bootstrap.
Number of warnings per file:
23 gcc/combine.c
6 gcc/cp/pt.c
5 gcc/emit-rtl.c
5 gcc/cse.c
3 gcc/gcc.c
3 gcc/fold-const.c
2 gcc/cfgrtl.c
2 gcc/alias.c
1 insn-emit.c
1 gcc/reload1.c
1 gcc/regmove.c
1 gcc/profile.c
1 gcc/objc/objc-act.c
1 gcc/objc/lang-specs.h
1 gcc/function.c
1 gcc/cp/tree.c
1 gcc/cp/lang-specs.h
1 gcc/cp/class.c
1 gcc/cfglayout.c
1 gcc/basic-block.h
Number of warning types:
40 comparison between signed and unsigned
8 signed and unsigned type in conditional expression
5 string length `???' is greater than the length `???' ISO C89 compilers are required to support
1 prototype declaration
1 promoted argument `???' doesn't match prototype
1 pointer targets in passing arg ??? of `???' differ in signedness
1 passing arg ??? of `???' from incompatible pointer type
1 implicit declaration of function `???'
1 function declaration isn't a prototype
1 control reaches end of non-void function
1 `???' might be used uninitialized in this function