This is the mail archive of the
gcc-testresults@gcc.gnu.org
mailing list for the GCC project.
Results for 3.1 20011112 (experimental) gcc testsuite on i586-pc-linux-gnu
- From: Neil Booth <neil at daikokuya dot demon dot co dot uk>
- To: gcc-testresults at gcc dot gnu dot org
- Date: Wed, 14 Nov 2001 12:23:05 +0000
- Subject: Results for 3.1 20011112 (experimental) gcc testsuite on i586-pc-linux-gnu
LAST_UPDATED: Yesterday never comes.
Native configuration is i586-pc-linux-gnu
=== gcc tests ===
Running target unix
FAIL: gcc.c-torture/compile/20010327-1.c, -O0
FAIL: gcc.c-torture/compile/20010327-1.c, -O1
FAIL: gcc.c-torture/compile/20010327-1.c, -O2
FAIL: gcc.c-torture/compile/20010327-1.c, -O3 -fomit-frame-pointer
FAIL: gcc.c-torture/compile/20010327-1.c, -O3 -g
FAIL: gcc.c-torture/compile/20010327-1.c, -Os
FAIL: gcc.c-torture/execute/20010122-1.c execution, -O3 -fomit-frame-pointer
FAIL: gcc.c-torture/execute/20010122-1.c execution, -O3 -fomit-frame-pointer -funroll-loops
FAIL: gcc.c-torture/execute/20010122-1.c execution, -O3 -fomit-frame-pointer -funroll-all-loops -finline-functions
FAIL: gcc.c-torture/execute/20010122-1.c execution, -O3 -g
FAIL: gcc.c-torture/execute/loop-2c.c execution, -Os
FAIL: gcc.c-torture/execute/loop-2d.c execution, -Os
FAIL: gcc.c-torture/execute/loop-2e.c execution, -Os
FAIL: gcc.c-torture/execute/loop-3c.c execution, -Os
=== gcc Summary ===
# of expected passes 16228
# of unexpected failures 14
# of expected failures 57
# of unsupported tests 24
/home/neil/src/gcc/build/gcc/xgcc version 3.1 20011112 (experimental)
Compiler version: 3.1 20011112 (experimental) gcc
Platform: i586-pc-linux-gnu
configure flags: --host=i586-pc-linux-gnu --enable-shared --enable-threads=posix --enable-languages=c,ada