This is the mail archive of the
gcc-testresults@gcc.gnu.org
mailing list for the GCC project.
Results for 3.0.3 20011112 (prerelease) testsuite on i586-redhat-linux-gnu
- To: gcc-testresults at gcc dot gnu dot org
- Subject: Results for 3.0.3 20011112 (prerelease) testsuite on i586-redhat-linux-gnu
- From: Gcc k6 testing account <caligula at cam029208 dot student dot utwente dot nl>
- Date: Tue, 13 Nov 2001 14:22:49 +0100
[Get raw message]
Gcc bootstrap for target k6-redhat-linux-gnu on the following system
=====================================================
Red Hat Linux release 7.0 (Guinness)
Kernel 2.4.13 on an i586
Gnu C 2.96
binutils 2.11.90.0.8
Linux C Library 2.2.4
Dynamic linker (ldd) 2.2.4
=====================================================
LAST_UPDATED: Tue Nov 13 07:46:47 UTC 2001
Native configuration is i586-redhat-linux-gnu
=== g77 tests ===
Running target unix
=== g77 Summary ===
# of expected passes 933
# of unsupported tests 8
=== gcc tests ===
Running target unix
FAIL: gcc.c-torture/compile/20001226-1.c, -Os
FAIL: gcc.c-torture/execute/20000523-1.c compilation, -O1
FAIL: gcc.c-torture/execute/20000523-1.c compilation, -O2
FAIL: gcc.c-torture/execute/20000523-1.c compilation, -O3 -fomit-frame-pointer
FAIL: gcc.c-torture/execute/20000523-1.c compilation, -O3 -g
FAIL: gcc.c-torture/execute/20000523-1.c compilation, -Os
FAIL: gcc.c-torture/execute/20000528-1.c compilation, -O0
FAIL: gcc.c-torture/execute/20000528-1.c compilation, -O1
FAIL: gcc.c-torture/execute/20000528-1.c compilation, -O2
FAIL: gcc.c-torture/execute/20000528-1.c compilation, -O3 -fomit-frame-pointer
FAIL: gcc.c-torture/execute/20000528-1.c compilation, -O3 -g
FAIL: gcc.c-torture/execute/20000528-1.c compilation, -Os
FAIL: gcc.c-torture/execute/20000603-1.c compilation, -O0
FAIL: gcc.c-torture/execute/20000603-1.c compilation, -O1
FAIL: gcc.c-torture/execute/20000603-1.c compilation, -O2
FAIL: gcc.c-torture/execute/20000603-1.c compilation, -O3 -fomit-frame-pointer
FAIL: gcc.c-torture/execute/20000603-1.c compilation, -O3 -g
FAIL: gcc.c-torture/execute/20000603-1.c compilation, -Os
FAIL: gcc.c-torture/execute/20000605-1.c compilation, -O0
FAIL: gcc.c-torture/execute/20000605-1.c compilation, -O1
FAIL: gcc.c-torture/execute/20000605-1.c compilation, -O2
FAIL: gcc.c-torture/execute/20000605-1.c compilation, -O3 -fomit-frame-pointer
FAIL: gcc.c-torture/execute/20000605-1.c compilation, -O3 -fomit-frame-pointer -funroll-loops
FAIL: gcc.c-torture/execute/20000605-1.c compilation, -O3 -fomit-frame-pointer -funroll-all-loops -finline-functions
FAIL: gcc.c-torture/execute/20000605-1.c compilation, -O3 -g
FAIL: gcc.c-torture/execute/20000605-1.c compilation, -Os
FAIL: gcc.c-torture/execute/20000605-2.c compilation, -O0
FAIL: gcc.c-torture/execute/20000605-2.c compilation, -O1
FAIL: gcc.c-torture/execute/20000605-2.c compilation, -O2
FAIL: gcc.c-torture/execute/20000605-2.c compilation, -O3 -fomit-frame-pointer
FAIL: gcc.c-torture/execute/20000605-2.c compilation, -O3 -fomit-frame-pointer -funroll-loops
FAIL: gcc.c-torture/execute/20000605-2.c compilation, -O3 -fomit-frame-pointer -funroll-all-loops -finline-functions
FAIL: gcc.c-torture/execute/20000605-2.c compilation, -O3 -g
FAIL: gcc.c-torture/execute/20000605-2.c compilation, -Os
FAIL: gcc.c-torture/execute/20000605-3.c compilation, -O0
FAIL: gcc.c-torture/execute/20000605-3.c compilation, -O1
FAIL: gcc.c-torture/execute/20000605-3.c compilation, -O2
FAIL: gcc.c-torture/execute/20000605-3.c compilation, -O3 -fomit-frame-pointer
FAIL: gcc.c-torture/execute/20000605-3.c compilation, -O3 -fomit-frame-pointer -funroll-loops
FAIL: gcc.c-torture/execute/20000605-3.c compilation, -O3 -fomit-frame-pointer -funroll-all-loops -finline-functions
FAIL: gcc.c-torture/execute/20000605-3.c compilation, -O3 -g
FAIL: gcc.c-torture/execute/20000605-3.c compilation, -Os
FAIL: gcc.c-torture/execute/20000622-1.c compilation, -O0
FAIL: gcc.c-torture/execute/20000622-1.c compilation, -O1
FAIL: gcc.c-torture/execute/20000622-1.c compilation, -O2
FAIL: gcc.c-torture/execute/20000622-1.c compilation, -O3 -fomit-frame-pointer
FAIL: gcc.c-torture/execute/20000622-1.c compilation, -O3 -g
FAIL: gcc.c-torture/execute/20000622-1.c compilation, -Os
FAIL: gcc.c-torture/execute/20000703-1.c compilation, -O0
FAIL: gcc.c-torture/execute/20000703-1.c compilation, -O1
FAIL: gcc.c-torture/execute/20000703-1.c compilation, -O2
FAIL: gcc.c-torture/execute/20000703-1.c compilation, -O3 -fomit-frame-pointer
FAIL: gcc.c-torture/execute/20000703-1.c compilation, -O3 -g
FAIL: gcc.c-torture/execute/20000703-1.c compilation, -Os
FAIL: gcc.c-torture/execute/20000706-1.c compilation, -O0
FAIL: gcc.c-torture/execute/20000706-1.c compilation, -O1
FAIL: gcc.c-torture/execute/20000706-1.c compilation, -O2
FAIL: gcc.c-torture/execute/20000706-1.c compilation, -O3 -fomit-frame-pointer
FAIL: gcc.c-torture/execute/20000706-1.c compilation, -O3 -g
FAIL: gcc.c-torture/execute/20000706-1.c compilation, -Os
FAIL: gcc.c-torture/execute/20000706-2.c compilation, -O0
FAIL: gcc.c-torture/execute/20000706-2.c compilation, -O1
FAIL: gcc.c-torture/execute/20000706-2.c compilation, -O2
FAIL: gcc.c-torture/execute/20000706-2.c compilation, -O3 -fomit-frame-pointer
FAIL: gcc.c-torture/execute/20000706-2.c compilation, -O3 -g
FAIL: gcc.c-torture/execute/20000706-2.c compilation, -Os
FAIL: gcc.c-torture/execute/20000706-3.c compilation, -O0
FAIL: gcc.c-torture/execute/20000706-3.c compilation, -O1
FAIL: gcc.c-torture/execute/20000706-3.c compilation, -O2
FAIL: gcc.c-torture/execute/20000706-3.c compilation, -O3 -fomit-frame-pointer
FAIL: gcc.c-torture/execute/20000706-3.c compilation, -O3 -g
FAIL: gcc.c-torture/execute/20000706-3.c compilation, -Os
FAIL: gcc.c-torture/execute/20000706-4.c compilation, -O0
FAIL: gcc.c-torture/execute/20000706-4.c compilation, -O1
FAIL: gcc.c-torture/execute/20000706-4.c compilation, -O2
FAIL: gcc.c-torture/execute/20000706-4.c compilation, -O3 -fomit-frame-pointer
FAIL: gcc.c-torture/execute/20000706-4.c compilation, -O3 -g
FAIL: gcc.c-torture/execute/20000706-4.c compilation, -Os
FAIL: gcc.c-torture/execute/20000706-5.c compilation, -O0
FAIL: gcc.c-torture/execute/20000706-5.c compilation, -O1
FAIL: gcc.c-torture/execute/20000706-5.c compilation, -O2
FAIL: gcc.c-torture/execute/20000706-5.c compilation, -O3 -fomit-frame-pointer
FAIL: gcc.c-torture/execute/20000706-5.c compilation, -O3 -g
FAIL: gcc.c-torture/execute/20000706-5.c compilation, -Os
FAIL: gcc.c-torture/execute/20000707-1.c compilation, -O0
FAIL: gcc.c-torture/execute/20000707-1.c compilation, -O1
FAIL: gcc.c-torture/execute/20000707-1.c compilation, -O2
FAIL: gcc.c-torture/execute/20000707-1.c compilation, -O3 -fomit-frame-pointer
FAIL: gcc.c-torture/execute/20000707-1.c compilation, -O3 -g
FAIL: gcc.c-torture/execute/20000707-1.c compilation, -Os
FAIL: gcc.c-torture/execute/20000715-1.c compilation, -O0
FAIL: gcc.c-torture/execute/20000715-1.c compilation, -O1
FAIL: gcc.c-torture/execute/20000715-1.c compilation, -O2
FAIL: gcc.c-torture/execute/20000715-1.c compilation, -O3 -fomit-frame-pointer
FAIL: gcc.c-torture/execute/20000715-1.c compilation, -O3 -g
FAIL: gcc.c-torture/execute/20000715-1.c compilation, -Os
FAIL: gcc.c-torture/execute/20000715-2.c compilation, -O0
FAIL: gcc.c-torture/execute/20000715-2.c compilation, -O1
FAIL: gcc.c-torture/execute/20000715-2.c compilation, -O2
FAIL: gcc.c-torture/execute/20000715-2.c compilation, -O3 -fomit-frame-pointer
FAIL: gcc.c-torture/execute/20000715-2.c compilation, -O3 -g
FAIL: gcc.c-torture/execute/20000715-2.c compilation, -Os
FAIL: gcc.c-torture/execute/20000717-1.c compilation, -O0
FAIL: gcc.c-torture/execute/20000717-1.c compilation, -O1
FAIL: gcc.c-torture/execute/20000717-1.c compilation, -O2
FAIL: gcc.c-torture/execute/20000717-1.c compilation, -O3 -fomit-frame-pointer
FAIL: gcc.c-torture/execute/20000717-1.c compilation, -O3 -g
FAIL: gcc.c-torture/execute/20000717-1.c compilation, -Os
FAIL: gcc.c-torture/execute/20000717-2.c compilation, -O0
FAIL: gcc.c-torture/execute/20000717-2.c compilation, -O1
FAIL: gcc.c-torture/execute/20000717-2.c compilation, -O2
FAIL: gcc.c-torture/execute/20000717-2.c compilation, -O3 -fomit-frame-pointer
FAIL: gcc.c-torture/execute/20000717-2.c compilation, -O3 -g
FAIL: gcc.c-torture/execute/20000717-2.c compilation, -Os
FAIL: gcc.c-torture/execute/20000717-3.c compilation, -O0
FAIL: gcc.c-torture/execute/20000717-3.c compilation, -O1
FAIL: gcc.c-torture/execute/ieee/20000320-1.c compilation, -O0
FAIL: gcc.c-torture/execute/ieee/20000320-1.c compilation, -O1
FAIL: gcc.c-torture/execute/ieee/20000320-1.c compilation, -O2
FAIL: gcc.c-torture/execute/ieee/20000320-1.c compilation, -O3 -fomit-frame-pointer
FAIL: gcc.c-torture/execute/ieee/20000320-1.c compilation, -O3 -g
FAIL: gcc.c-torture/execute/ieee/20000320-1.c compilation, -Os
FAIL: gcc.c-torture/execute/ieee/20001122-1.c compilation, -O0
FAIL: gcc.c-torture/execute/ieee/20001122-1.c compilation, -O1
FAIL: gcc.c-torture/execute/ieee/20001122-1.c compilation, -O2
FAIL: gcc.c-torture/execute/ieee/20001122-1.c compilation, -O3 -fomit-frame-pointer
FAIL: gcc.c-torture/unsorted/BUG2.c, -O2
FAIL: gcc.c-torture/unsorted/BUG2.c, -O3 -fomit-frame-pointer
FAIL: gcc.c-torture/unsorted/BUG2.c, -O3 -g
FAIL: gcc.c-torture/unsorted/BUG2.c, -Os
FAIL: gcc.c-torture/unsorted/BUG21.c, -O0
FAIL: gcc.c-torture/unsorted/BUG21.c, -O1
FAIL: gcc.c-torture/unsorted/BUG21.c, -O2
FAIL: gcc.c-torture/unsorted/BUG21.c, -O3 -fomit-frame-pointer
FAIL: gcc.c-torture/unsorted/BUG21.c, -O3 -fomit-frame-pointer -funroll-loops
FAIL: gcc.c-torture/unsorted/BUG21.c, -O3 -fomit-frame-pointer -funroll-all-loops -finline-functions
FAIL: gcc.c-torture/unsorted/BUG21.c, -O3 -g
FAIL: gcc.c-torture/unsorted/BUG21.c, -Os
FAIL: gcc.c-torture/unsorted/BUG22.c, -O0
FAIL: gcc.c-torture/unsorted/BUG22.c, -O1
FAIL: gcc.c-torture/unsorted/BUG22.c, -O2
FAIL: gcc.c-torture/unsorted/BUG22.c, -O3 -fomit-frame-pointer
FAIL: gcc.c-torture/unsorted/BUG22.c, -O3 -g
FAIL: gcc.c-torture/unsorted/BUG22.c, -Os
FAIL: gcc.c-torture/unsorted/BUG23.c, -O0
FAIL: gcc.c-torture/unsorted/BUG23.c, -O1
=== gcc Summary ===
# of expected passes 8751
# of unexpected failures 178
# of expected failures 62
# of unresolved testcases 156
# of unsupported tests 20
/home/caligula/cvs/gcc-3.0.x/objdir/gcc/xgcc version 3.0.3 20011112 (prerelease)
=== g++ tests ===
Running target unix
FAIL: g++.ext/instantiate1.C not instantiated (test for errors, line 20)
=== g++ Summary ===
# of expected passes 6512
# of unexpected failures 1
# of expected failures 103
# of untested testcases 9
/home/caligula/cvs/gcc-3.0.x/objdir/gcc/testsuite/../g++ version 3.0.3 20011112 (prerelease)
=== objc tests ===
Running target unix
=== objc Summary ===
# of expected passes 153
# of expected failures 1
/home/caligula/cvs/gcc-3.0.x/objdir/gcc/xgcc version 3.0.3 20011112 (prerelease)
=== libjava tests ===
Running target unix
XPASS: N19990310_4 output from source compiled test
XPASS: N19990310_4 -O output from source compiled test
XPASS: stringconst output from bytecode->native test
XPASS: stringconst -O output from bytecode->native test
XPASS: stub compilation from source
XPASS: stub byte compilation
XPASS: stub compilation from bytecode
XPASS: stub -O compilation from source
XPASS: stub byte compilation
XPASS: stub -O compilation from bytecode
=== libjava Summary ===
# of expected passes 1676
# of unexpected successes 10
# of expected failures 14
# of untested testcases 16
=== libstdc++-v3 tests ===
Running target unix
=== libstdc++-v3 Summary ===
# of expected passes 247
# of expected failures 8
Compiler version: 3.0.3 20011112 (prerelease)
Platform: i586-redhat-linux-gnu
configure flags: --prefix=/opt/k6/gcc-3.0.x-branch --host=k6-redhat-linux-gnu --target=k6-redhat-linux-gnu --enable-languages=c,c++,objc,f77,java --enable-threads=posix