This is the mail archive of the
gcc-testresults@gcc.gnu.org
mailing list for the GCC project.
Results for 3.1 20011026 (experimental) testsuite on i686-pc-linux-gnu
- To: gcc-testresults at gcc dot gnu dot org
- Subject: Results for 3.1 20011026 (experimental) testsuite on i686-pc-linux-gnu
- From: Peter Schmid <schmid at snake dot iap dot physik dot tu-darmstadt dot de>
- Date: Fri, 26 Oct 2001 18:43:05 +0200
LAST_UPDATED:
Native configuration is i686-pc-linux-gnu
=== g++ tests ===
Running target unix
FAIL: g++.other/enum5.C (test for excess errors)
XPASS: g++.pt/decl2.C ICE - (test for errors, line 8)
XPASS: g++.robertl/eb17.C Execution test
=== g++ Summary ===
# of expected passes 6684
# of unexpected failures 1
# of unexpected successes 2
# of expected failures 95
# of untested testcases 9
/mnt/egcs/build/gcc/testsuite/../g++ version 3.1 20011026 (experimental)
=== g77 tests ===
Running target unix
FAIL: g77.f-torture/compile/20010519-1.f, -O1
=== g77 Summary ===
# of expected passes 1359
# of unexpected failures 1
=== gcc tests ===
Running target unix
FAIL: gcc.dg/20000724-1.c (test for excess errors)
=== gcc Summary ===
# of expected passes 16107
# of unexpected failures 1
# of expected failures 71
# of unsupported tests 24
/mnt/egcs/build/gcc/xgcc version 3.1 20011026 (experimental)
=== objc tests ===
Running target unix
FAIL: objc/execute/formal_protocol-6.m execution, -O
FAIL: objc.dg/method-2.m (test for warnings, line 25)
FAIL: objc.dg/method-2.m (test for warnings, line 25)
=== objc Summary ===
# of expected passes 203
# of unexpected failures 3
/mnt/egcs/build/gcc/xgcc version 3.1 20011026 (experimental)
=== libstdc++-v3 tests ===
Running target unix
FAIL: 22_locale/codecvt.cc (test for excess errors)
FAIL: 22_locale/ctor_copy_dtor.cc execution test
FAIL: 22_locale/facet.cc execution test
FAIL: 27_io/ios_manip_fmtflags.cc execution test
=== libstdc++-v3 Summary ===
# of expected passes 313
# of unexpected failures 4
# of expected failures 29
Compiler version: 3.1 20011026 (experimental)
Platform: i686-pc-linux-gnu
configure flags: --host=i686-pc-linux-gnu --enable-shared --enable-threads=posix --enable-languages=c,c++,f77,objc --disable-nls --enable-clocale=gnu