This is the mail archive of the
gcc-testresults@gcc.gnu.org
mailing list for the GCC project.
Results for 3.1 20011018 (experimental) testsuite on i686-pc-linux-gnu
- To: gcc-testresults at gcc dot gnu dot org
- Subject: Results for 3.1 20011018 (experimental) testsuite on i686-pc-linux-gnu
- From: Neil Booth <neil at daikokuya dot demon dot co dot uk>
- Date: Fri, 19 Oct 2001 18:42:22 +0100
LAST_UPDATED:
Native configuration is i686-pc-linux-gnu
=== g++ tests ===
Running target unix
FAIL: g++.dg/parse/saved1.C (test for excess errors)
FAIL: g++.bob/static1.C (test for excess errors)
FAIL: g++.law/operators32.C (test for excess errors)
FAIL: g++.other/enum5.C (test for excess errors)
XPASS: g++.pt/decl2.C ICE - (test for errors, line 8)
XPASS: g++.robertl/eb17.C Execution test
=== g++ Summary ===
# of expected passes 6637
# of unexpected failures 4
# of unexpected successes 2
# of expected failures 95
# of untested testcases 9
/home/neil/src/gcc/build/gcc/testsuite/../g++ version 3.1 20011018 (experimental)
=== g77 tests ===
Running target unix
=== g77 Summary ===
# of expected passes 1360
=== gcc tests ===
Running target unix
FAIL: gcc.c-torture/execute/20010904-1.c execution, -O0
FAIL: gcc.c-torture/execute/20010904-1.c execution, -O1
FAIL: gcc.c-torture/execute/20010904-1.c execution, -O2
FAIL: gcc.c-torture/execute/20010904-1.c execution, -O3 -fomit-frame-pointer
FAIL: gcc.c-torture/execute/20010904-1.c execution, -O3 -g
FAIL: gcc.c-torture/execute/20010904-1.c execution, -Os
FAIL: gcc.c-torture/execute/20010904-2.c execution, -O0
FAIL: gcc.c-torture/execute/20010904-2.c execution, -O1
FAIL: gcc.c-torture/execute/20010904-2.c execution, -O2
FAIL: gcc.c-torture/execute/20010904-2.c execution, -O3 -fomit-frame-pointer
FAIL: gcc.c-torture/execute/20010904-2.c execution, -O3 -g
FAIL: gcc.c-torture/execute/20010904-2.c execution, -Os
FAIL: gcc.dg/20000724-1.c (test for excess errors)
FAIL: gcc.dg/20011015-1.c (test for excess errors)
FAIL: gcc.dg/format/ext-3.c bad %^# (test for warnings, line 215)
FAIL: gcc.dg/format/ext-3.c (test for excess errors)
=== gcc Summary ===
# of expected passes 16054
# of unexpected failures 16
# of expected failures 71
# of unsupported tests 23
/home/neil/src/gcc/build/gcc/xgcc version 3.1 20011018 (experimental)
=== objc tests ===
Running target unix
FAIL: objc/execute/formal_protocol-6.m execution, -O
FAIL: objc.dg/method-2.m (test for warnings, line 25)
FAIL: objc.dg/method-2.m (test for warnings, line 25)
=== objc Summary ===
# of expected passes 203
# of unexpected failures 3
/home/neil/src/gcc/build/gcc/xgcc version 3.1 20011018 (experimental)
=== libjava tests ===
Running target unix
FAIL: register run
FAIL: Primes output from source compiled test
FAIL: Primes -O output from source compiled test
FAIL: Primes -O output from bytecode->native test
XPASS: stringconst output from bytecode->native test
XPASS: stringconst -O output from bytecode->native test
=== libjava Summary ===
# of expected passes 1886
# of unexpected failures 4
# of unexpected successes 2
# of expected failures 16
# of untested testcases 17
=== libstdc++-v3 tests ===
Running target unix
FAIL: 21_strings/ctor_copy_dtor.cc execution test
FAIL: 21_strings/insert.cc execution test
FAIL: 22_locale/codecvt.cc (test for excess errors)
XPASS: 22_locale/collate_members_wchar_t.cc execution test
=== libstdc++-v3 Summary ===
# of expected passes 314
# of unexpected failures 3
# of unexpected successes 1
# of expected failures 28
Compiler version: 3.1 20011018 (experimental)
Platform: i686-pc-linux-gnu
configure flags: --host=i686-pc-linux-gnu --enable-shared --enable-threads=posix --enable-languages=c,objc,c++,f77,java