This is the mail archive of the
gcc-testresults@gcc.gnu.org
mailing list for the GCC project.
Results for 3.0.2 20011014 (prerelease) testsuite on i386-unknown-freebsd4.0
- To: gcc-testresults at gcc dot gnu dot org
- Subject: Results for 3.0.2 20011014 (prerelease) testsuite on i386-unknown-freebsd4.0
- From: Alexandre Oliva <oliva at mish dot cs dot utah dot edu>
- Date: Thu, 18 Oct 2001 21:08:37 -0600 (MDT)
Native configuration is i386-unknown-freebsd4.0
=== g++ tests ===
Running target unix
FAIL: g++.dg/special/conpr-1.C execution test
FAIL: g++.dg/special/conpr-2.C execution test
FAIL: g++.dg/special/conpr-3.C execution test
FAIL: g++.dg/special/conpr-3.C execution test
FAIL: g++.dg/special/conpr-1.C execution test
FAIL: g++.ext/instantiate1.C not instantiated (test for errors, line 20)
FAIL: g++.ext/instantiate1.C not instantiated (test for errors, line 22)
FAIL: g++.ext/instantiate3.C not instantiated (test for errors, line 13)
=== g++ Summary ===
# of expected passes 6496
# of unexpected failures 8
# of expected failures 103
# of untested testcases 15
/x/oliva/gcc-3.0.2-20011014/gcc/testsuite/../g++ version 3.0.2 20011014 (prerelease)
=== g77 tests ===
Running target unix
=== g77 Summary ===
# of expected passes 933
# of unsupported tests 8
=== gcc tests ===
Running target unix
XPASS: gcc.c-torture/execute/20000801-4.c execution, -O0
XPASS: gcc.c-torture/execute/20000801-4.c execution, -O1
XPASS: gcc.c-torture/execute/20000801-4.c execution, -O2
XPASS: gcc.c-torture/execute/20000801-4.c execution, -O3 -fomit-frame-pointer
XPASS: gcc.c-torture/execute/20000801-4.c execution, -O3 -g
XPASS: gcc.c-torture/execute/20000801-4.c execution, -Os
XPASS: gcc.c-torture/execute/ieee/rbug.c execution, -O3 -fomit-frame-pointer
XPASS: gcc.c-torture/execute/ieee/rbug.c execution, -O3 -g
FAIL: gcc.dg/wchar_t-1.c (test for excess errors)
FAIL: gcc.dg/wint_t-1.c (test for excess errors)
FAIL: gcc.dg/special/weak-1.c execution test
=== gcc Summary ===
# of expected passes 15297
# of unexpected failures 3
# of unexpected successes 8
# of expected failures 81
# of unsupported tests 25
/x/oliva/gcc-3.0.2-20011014/gcc/xgcc version 3.0.2 20011014 (prerelease)
=== objc tests ===
Running target unix
=== objc Summary ===
# of expected passes 153
# of expected failures 1
/x/oliva/gcc-3.0.2-20011014/gcc/xgcc version 3.0.2 20011014 (prerelease)
Compiler version: 3.0.2 20011014 (prerelease)
Platform: i386-unknown-freebsd4.0
BOOT_CFLAGS: -g -O9 -W -Wall
Counting all warnings,
there are 117 warnings in stage3 of this bootstrap.
Number of warnings per file:
28 gcc/combine.c
10 gcc/reg-stack.c
6 libiberty/choose-temp.c
6 gcc/cp/pt.c
5 gcc/cse.c
5 gcc/cp/error.c
5 gcc/cp/call.c
4 gcc/unwind-dw2.c
4 gcc/gcc.c
4 gcc/except.c
3 insn-emit.c
3 gcc/reload1.c
3 gcc/config/i386/i386.md
3 gcc/config/i386/i386.c
2 gcc/varasm.c
2 gcc/reload.c
2 gcc/function.c
2 gcc/fold-const.c
2 gcc/expr.c
2 gcc/alias.c
1 gcc/unwind-dw2-fde.c
1 gcc/sched-deps.c
1 gcc/regmove.c
1 gcc/objc/lang-specs.h
1 gcc/libgcc2.c
1 gcc/java/jvspec.c
1 gcc/intl/dcgettext.c
1 gcc/flow.c
1 gcc/final.c
1 gcc/f/lang-specs.h
1 gcc/expmed.c
1 gcc/dwarfout.c
1 gcc/dwarf2out.c
1 gcc/cp/typeck2.c
1 gcc/cp/lang-specs.h
1 gcc/cp/errfn.c
Number of warning types:
57 comparison between signed and unsigned
13 `???' might be used uninitialized in this function
7 string length `???' is greater than the length `???' ISO C89 compilers are required to support
7 signed and unsigned type in conditional expression
6 mktemp() possibly used unsafely; consider using mkstemp()
5 unused variable `???'
5 initialization from incompatible pointer type
5 implicit declaration of function `???'
2 passing arg ??? of `???' from incompatible pointer type
2 destination missing a mode?
1 unused parameter `???'
1 suggest not using #elif in traditional C
1 pointer targets in passing arg ??? of `???' differ in signedness
1 passing arg ??? of `???' discards qualifiers from pointer target type
1 operand 0 missing mode?
1 function declaration isn't a prototype
1 `???' defined but not used
1 ??? format, ??? arg (arg ???)