This is the mail archive of the
gcc-testresults@gcc.gnu.org
mailing list for the GCC project.
Results for 3.1 20011012 (experimental) testsuite on alphaev6-unknown-linux-gnu
- To: gcc-testresults at gcc dot gnu dot org
- Subject: Results for 3.1 20011012 (experimental) testsuite on alphaev6-unknown-linux-gnu
- From: lucier at math dot purdue dot edu
- Date: Fri, 12 Oct 2001 23:21:35 -0500 (EST)
LAST_UPDATED: Sat Oct 13 02:07:47 UTC 2001
Native configuration is alphaev6-unknown-linux-gnu
=== libjava tests ===
Running target unix
FAIL: Primes output from source compiled test
FAIL: TLtest compilation from source
FAIL: TLtest compilation from bytecode
FAIL: TLtest -O execution from source compiled test
FAIL: TLtest -O execution from bytecode->native test
XPASS: stringconst output from bytecode->native test
XPASS: stringconst -O output from bytecode->native test
FAIL: stringconst2 output from source compiled test
FAIL: stringconst2 -O output from source compiled test
=== libjava Summary ===
# of expected passes 1805
# of unexpected failures 7
# of unexpected successes 2
# of expected failures 16
# of untested testcases 94
=== libstdc++-v3 tests ===
Running target unix
FAIL: 22_locale/codecvt.cc (test for excess errors)
XPASS: 22_locale/collate_members_wchar_t.cc execution test
XPASS: 22_locale/time_put_members_char.cc execution test
=== libstdc++-v3 Summary ===
# of expected passes 316
# of unexpected failures 1
# of unexpected successes 2
# of expected failures 27
=== g77 tests ===
Running target unix
FAIL: g77.dg/bprob/bprob-1.f compilation, -g -fprofile-arcs
FAIL: g77.dg/bprob/bprob-1.f compilation, -O0 -fprofile-arcs
FAIL: g77.dg/bprob/bprob-1.f compilation, -O1 -fprofile-arcs
FAIL: g77.dg/bprob/bprob-1.f compilation, -O2 -fprofile-arcs
FAIL: g77.dg/bprob/bprob-1.f compilation, -O3 -fprofile-arcs
FAIL: g77.dg/bprob/bprob-1.f compilation, -O3 -g -fprofile-arcs
FAIL: g77.dg/bprob/bprob-1.f compilation, -Os -fprofile-arcs
FAIL: g77.dg/fbackslash.f (test for excess errors)
FAIL: g77.dg/fbackslash.f (test for excess errors)
FAIL: g77.dg/fbackslash.f (test for excess errors)
FAIL: g77.dg/fbackslash.f (test for excess errors)
FAIL: g77.dg/fbackslash.f (test for excess errors)
FAIL: g77.dg/fbackslash.f (test for excess errors)
FAIL: g77.dg/fcase-preserve.f (test for excess errors)
FAIL: g77.dg/fcase-preserve.f (test for excess errors)
FAIL: g77.dg/fcase-preserve.f (test for excess errors)
FAIL: g77.dg/fcase-preserve.f (test for excess errors)
FAIL: g77.dg/fcase-preserve.f (test for excess errors)
FAIL: g77.dg/fcase-preserve.f (test for excess errors)
FAIL: g77.dg/ff90-1.f (test for excess errors)
FAIL: g77.dg/ff90-1.f (test for excess errors)
FAIL: g77.dg/ff90-1.f (test for excess errors)
FAIL: g77.dg/ff90-1.f (test for excess errors)
FAIL: g77.dg/ff90-1.f (test for excess errors)
FAIL: g77.dg/ff90-1.f (test for excess errors)
FAIL: g77.dg/fno-backslash.f (test for excess errors)
FAIL: g77.dg/fno-backslash.f (test for excess errors)
FAIL: g77.dg/fno-backslash.f (test for excess errors)
FAIL: g77.dg/fno-backslash.f (test for excess errors)
FAIL: g77.dg/fno-backslash.f (test for excess errors)
FAIL: g77.dg/fno-backslash.f (test for excess errors)
FAIL: g77.dg/fno-f90-1.f (test for excess errors)
FAIL: g77.dg/fno-f90-1.f (test for excess errors)
FAIL: g77.dg/fno-f90-1.f (test for excess errors)
FAIL: g77.dg/fno-f90-1.f (test for excess errors)
FAIL: g77.dg/fno-f90-1.f (test for excess errors)
FAIL: g77.dg/fno-f90-1.f (test for excess errors)
FAIL: g77.dg/fno-onetrip.f (test for excess errors)
FAIL: g77.dg/fno-onetrip.f (test for excess errors)
FAIL: g77.dg/fno-onetrip.f (test for excess errors)
FAIL: g77.dg/fno-onetrip.f (test for excess errors)
FAIL: g77.dg/fno-onetrip.f (test for excess errors)
FAIL: g77.dg/fno-onetrip.f (test for excess errors)
FAIL: g77.dg/fno-onetrip.f (test for excess errors)
FAIL: g77.dg/fno-onetrip.f (test for excess errors)
FAIL: g77.dg/fno-typeless-boz.f (test for excess errors)
FAIL: g77.dg/fno-typeless-boz.f (test for excess errors)
FAIL: g77.dg/fno-typeless-boz.f (test for excess errors)
FAIL: g77.dg/fno-typeless-boz.f (test for excess errors)
FAIL: g77.dg/fno-typeless-boz.f (test for excess errors)
FAIL: g77.dg/fno-typeless-boz.f (test for excess errors)
FAIL: g77.dg/fno-vxt-1.f (test for excess errors)
FAIL: g77.dg/fno-vxt-1.f (test for excess errors)
FAIL: g77.dg/fno-vxt-1.f (test for excess errors)
FAIL: g77.dg/fno-vxt-1.f (test for excess errors)
FAIL: g77.dg/fno-vxt-1.f (test for excess errors)
FAIL: g77.dg/fno-vxt-1.f (test for excess errors)
FAIL: g77.dg/fonetrip.f (test for excess errors)
FAIL: g77.dg/fonetrip.f (test for excess errors)
FAIL: g77.dg/fonetrip.f (test for excess errors)
FAIL: g77.dg/fonetrip.f (test for excess errors)
FAIL: g77.dg/fonetrip.f (test for excess errors)
FAIL: g77.dg/fonetrip.f (test for excess errors)
FAIL: g77.dg/fonetrip.f (test for excess errors)
FAIL: g77.dg/fonetrip.f (test for excess errors)
FAIL: g77.dg/ftypeless-boz.f (test for excess errors)
FAIL: g77.dg/ftypeless-boz.f (test for excess errors)
FAIL: g77.dg/ftypeless-boz.f (test for excess errors)
FAIL: g77.dg/ftypeless-boz.f (test for excess errors)
FAIL: g77.dg/ftypeless-boz.f (test for excess errors)
FAIL: g77.dg/ftypeless-boz.f (test for excess errors)
FAIL: g77.dg/fvxt-1.f (test for excess errors)
FAIL: g77.dg/fvxt-1.f (test for excess errors)
FAIL: g77.dg/fvxt-1.f (test for excess errors)
FAIL: g77.dg/fvxt-1.f (test for excess errors)
FAIL: g77.dg/fvxt-1.f (test for excess errors)
FAIL: g77.dg/fvxt-1.f (test for excess errors)
FAIL: g77.dg/strlen0.f (test for excess errors)
FAIL: g77.dg/strlen0.f (test for excess errors)
FAIL: g77.dg/strlen0.f (test for excess errors)
FAIL: g77.dg/strlen0.f (test for excess errors)
FAIL: g77.dg/strlen0.f (test for excess errors)
FAIL: g77.dg/strlen0.f (test for excess errors)
FAIL: g77.dg/gcov/gcov-1.f (test for excess errors)
FAIL: g77.f-torture/compile/20000629-1.f, -O3 -g
FAIL: g77.f-torture/execute/20010430.f execution, -O2
FAIL: g77.f-torture/execute/20010430.f execution, -O3 -fomit-frame-pointer
FAIL: g77.f-torture/execute/20010430.f execution, -O3 -fomit-frame-pointer -funroll-loops
FAIL: g77.f-torture/execute/20010430.f execution, -O3 -fomit-frame-pointer -funroll-all-loops -finline-functions
FAIL: g77.f-torture/execute/20010430.f execution, -O3 -g
=== g77 Summary ===
# of expected passes 1233
# of unexpected failures 90
# of unresolved testcases 21
# of unsupported tests 8
=== gcc tests ===
Running target unix
FAIL: gcc.c-torture/execute/20001024-1.c compilation, -O2
FAIL: gcc.c-torture/execute/20001024-1.c compilation, -O3 -fomit-frame-pointer
FAIL: gcc.c-torture/execute/20001024-1.c compilation, -O3 -g
FAIL: gcc.c-torture/execute/20001024-1.c compilation, -Os
FAIL: gcc.c-torture/execute/20011008-3.c execution, -O3 -fomit-frame-pointer
FAIL: gcc.c-torture/execute/20011008-3.c execution, -O3 -fomit-frame-pointer -funroll-loops
FAIL: gcc.c-torture/execute/20011008-3.c execution, -O3 -fomit-frame-pointer -funroll-all-loops -finline-functions
FAIL: gcc.c-torture/execute/20011008-3.c execution, -O3 -g
FAIL: gcc.dg/cpp/ucs.c (test for warnings, line 24)
FAIL: gcc.dg/cpp/ucs.c (test for excess errors)
=== gcc Summary ===
# of expected passes 15952
# of unexpected failures 10
# of expected failures 71
# of unresolved testcases 4
# of unsupported tests 55
/export/u11/lucier/programs/gcc/gcc-3.1/objdir/gcc/xgcc version 3.1 20011012 (experimental)
=== g++ tests ===
Running target unix
FAIL: g++.dg/eh/registers1.C execution test
FAIL: g++.dg/parse/saved1.C (test for excess errors)
FAIL: g++.bob/static1.C (test for excess errors)
FAIL: g++.ext/instantiate2.C not instantiated (test for errors, line 19)
FAIL: g++.ext/instantiate3.C not instantiated (test for errors, line 13)
FAIL: g++.jason/thunk3.C (test for excess errors)
FAIL: g++.law/operators32.C (test for excess errors)
FAIL: g++.other/enum5.C (test for excess errors)
XPASS: g++.pt/decl2.C ICE - (test for errors, line 8)
XPASS: g++.robertl/eb17.C Execution test
=== g++ Summary ===
# of expected passes 6601
# of unexpected failures 8
# of unexpected successes 2
# of expected failures 96
# of untested testcases 20
/export/u11/lucier/programs/gcc/gcc-3.1/objdir/gcc/testsuite/../g++ version 3.1 20011012 (experimental)
=== objc tests ===
Running target unix
FAIL: objc/execute/formal_protocol-6.m execution, -O
FAIL: objc.dg/method-2.m (test for warnings, line 25)
FAIL: objc.dg/method-2.m (test for warnings, line 25)
=== objc Summary ===
# of expected passes 203
# of unexpected failures 3
/export/u11/lucier/programs/gcc/gcc-3.1/objdir/gcc/xgcc version 3.1 20011012 (experimental)
Compiler version: 3.1 20011012 (experimental)
Platform: alphaev6-unknown-linux-gnu
configure flags: --host=alphaev6-unknown-linux-gnu --enable-languages=c,c++,java,f77,objc
Counting all warnings,
there are 31 warnings in stage3 of this bootstrap.
Number of warnings per file:
6 gcc/cp/pt.c
3 gcc/gcc.c
2 gcc/tlink.c
2 gcc/objc/objc-act.c
2 gcc/java/lang.c
2 gcc/f/com.c
1 gcc/varasm.c
1 gcc/regmove.c
1 gcc/profile.c
1 gcc/objc/lang-specs.h
1 gcc/java/jvspec.c
1 gcc/java/jcf-write.c
1 gcc/ggc-page.c
1 gcc/fold-const.c
1 gcc/f/lang-specs.h
1 gcc/dwarf2out.c
1 gcc/cppexp.c
1 gcc/cp/lang-specs.h
1 gcc/cp/class.c
1 gcc/combine.c
Number of warning types:
10 comparison between signed and unsigned
6 string length \`???' is greater than the length \`???' ISO C89 compilers are required to support
3 (near initialization for \`???')
3 missing initializer
2 passing arg ??? of \`???' discards qualifiers from pointer target type
2 ??? format, ??? arg (arg ???)
1 traditional C rejects string concatenation
1 signed and unsigned type in conditional expression
1 right shift count >= width of type
1 pointer targets in passing arg ??? of \`???' differ in signedness
1 \`long' switch expression not converted to \`int' in ISO C