This is the mail archive of the
gcc-testresults@gcc.gnu.org
mailing list for the GCC project.
Results for 3.0.2 20011011 (prerelease) testsuite on powerpc-unknown-linux-gnu
- To: gcc-testresults at gcc dot gnu dot org
- Subject: Results for 3.0.2 20011011 (prerelease) testsuite on powerpc-unknown-linux-gnu
- From: Malcolm Purvis <malcolmpurvis at optushome dot com dot au>
- Date: Fri, 12 Oct 2001 09:43:09 +1000
LAST_UPDATED: Mon Sep 17 13:18:08 UTC 2001
Native configuration is powerpc-unknown-linux-gnu
=== g77 tests ===
Running target unix
=== g77 Summary ===
# of expected passes 933
# of unsupported tests 8
=== gcc tests ===
Running target unix
=== gcc Summary ===
# of expected passes 15279
# of expected failures 76
# of unsupported tests 47
/home/malcolmp/devl/gcc/objdir/gcc/xgcc version 3.0.2 20011011 (prerelease)
=== g++ tests ===
Running target unix
FAIL: g++.ext/instantiate1.C not instantiated (test for errors, line 20)
=== g++ Summary ===
# of expected passes 6494
# of unexpected failures 1
# of expected failures 103
# of untested testcases 21
/home/malcolmp/devl/gcc/objdir/gcc/testsuite/../g++ version 3.0.2 20011011 (prerelease)
=== objc tests ===
Running target unix
=== objc Summary ===
# of expected passes 153
# of expected failures 1
/home/malcolmp/devl/gcc/objdir/gcc/xgcc version 3.0.2 20011011 (prerelease)
=== libstdc++-v3 tests ===
Running target unix
=== libstdc++-v3 Summary ===
Compiler version: 3.0.2 20011011 (prerelease)
Platform: powerpc-unknown-linux-gnu
configure flags: --host=powerpc-unknown-linux-gnu --prefix=/usr/local/gcc3-world --with-local-prefix=/usr/local/gcc3-world