This is the mail archive of the
gcc-testresults@gcc.gnu.org
mailing list for the GCC project.
Results for 3.1 20010927 (experimental) testsuite on alphaev6-unknown-linux-gnu
- To: gcc-testresults at gcc dot gnu dot org
- Subject: Results for 3.1 20010927 (experimental) testsuite on alphaev6-unknown-linux-gnu
- From: Brad Lucier <lucier at popov dot math dot purdue dot edu>
- Date: Thu, 27 Sep 2001 18:38:15 -0500
LAST_UPDATED: Thu Sep 27 15:05:29 UTC 2001
Native configuration is alphaev6-unknown-linux-gnu
=== libjava tests ===
Running target unix
FAIL: Primes -O output from bytecode->native test
FAIL: TLtest compilation from source
FAIL: TLtest compilation from bytecode
FAIL: TLtest -O execution from source compiled test
FAIL: TLtest -O execution from bytecode->native test
XPASS: stringconst output from bytecode->native test
XPASS: stringconst -O output from bytecode->native test
FAIL: stringconst2 output from source compiled test
FAIL: stringconst2 -O output from source compiled test
=== libjava Summary ===
# of expected passes 1805
# of unexpected failures 7
# of unexpected successes 2
# of expected failures 16
# of untested testcases 94
=== libstdc++-v3 tests ===
Running target unix
FAIL: 22_locale/codecvt.cc (test for excess errors)
XPASS: 22_locale/collate_members_wchar_t.cc execution test
=== libstdc++-v3 Summary ===
# of expected passes 310
# of unexpected failures 1
# of unexpected successes 1
# of expected failures 24
=== g77 tests ===
Running target unix
FAIL: g77.f-torture/compile/20000629-1.f, -O3 -g
FAIL: g77.f-torture/execute/19990826-2.f compilation, -O1
FAIL: g77.f-torture/execute/19990826-2.f compilation, -O2
FAIL: g77.f-torture/execute/19990826-2.f compilation, -O3 -fomit-frame-pointer
FAIL: g77.f-torture/execute/19990826-2.f compilation, -O3 -g
FAIL: g77.f-torture/execute/19990826-2.f compilation, -Os
FAIL: g77.f-torture/execute/20010430.f execution, -O2
FAIL: g77.f-torture/execute/20010430.f execution, -O3 -fomit-frame-pointer
FAIL: g77.f-torture/execute/20010430.f execution, -O3 -fomit-frame-pointer -funroll-loops
FAIL: g77.f-torture/execute/20010430.f execution, -O3 -fomit-frame-pointer -funroll-all-loops -finline-functions
FAIL: g77.f-torture/execute/20010430.f execution, -O3 -g
=== g77 Summary ===
# of expected passes 1328
# of unexpected failures 11
# of untested testcases 5
# of unsupported tests 8
=== gcc tests ===
Running target unix
FAIL: gcc.dg/cpp/ucs.c (test for warnings, line 24)
FAIL: gcc.dg/cpp/ucs.c (test for excess errors)
=== gcc Summary ===
# of expected passes 15858
# of unexpected failures 2
# of expected failures 71
# of unsupported tests 54
/export/u11/lucier/programs/gcc/gcc-3.1/objdir/gcc/xgcc version 3.1 20010927 (experimental)
=== g++ tests ===
Running target unix
FAIL: g++.dg/eh/registers1.C execution test
FAIL: g++.dg/opt/vtgc1.C (test for excess errors)
FAIL: g++.ext/instantiate2.C not instantiated (test for errors, line 19)
FAIL: g++.ext/instantiate3.C not instantiated (test for errors, line 13)
FAIL: g++.jason/thunk3.C (test for excess errors)
FAIL: g++.other/crash18.C (test for excess errors)
FAIL: g++.other/enum5.C (test for excess errors)
XPASS: g++.pt/decl2.C ICE - (test for errors, line 8)
XPASS: g++.robertl/eb17.C Execution test
=== g++ Summary ===
# of expected passes 6568
# of unexpected failures 7
# of unexpected successes 2
# of expected failures 96
# of unresolved testcases 1
# of untested testcases 20
/export/u11/lucier/programs/gcc/gcc-3.1/objdir/gcc/testsuite/../g++ version 3.1 20010927 (experimental)
=== objc tests ===
Running target unix
FAIL: objc/execute/formal_protocol-6.m execution, -O
FAIL: objc.dg/method-2.m (test for warnings, line 25)
FAIL: objc.dg/method-2.m (test for warnings, line 25)
=== objc Summary ===
# of expected passes 203
# of unexpected failures 3
/export/u11/lucier/programs/gcc/gcc-3.1/objdir/gcc/xgcc version 3.1 20010927 (experimental)
Compiler version: 3.1 20010927 (experimental)
Platform: alphaev6-unknown-linux-gnu
configure flags: --host=alphaev6-unknown-linux-gnu
Counting all warnings,
there are 23 warnings in stage3 of this bootstrap.
Number of warnings per file:
6 gcc/cp/pt.c
3 gcc/gcc.c
2 gcc/tlink.c
1 gcc/varasm.c
1 gcc/objc/lang-specs.h
1 gcc/java/jvspec.c
1 gcc/java/jcf-write.c
1 gcc/ggc-page.c
1 gcc/fold-const.c
1 gcc/flow.c
1 gcc/f/lang-specs.h
1 gcc/cppexp.c
1 gcc/cp/lang-specs.h
1 gcc/cp/class.c
1 gcc/combine.c
Number of warning types:
9 comparison between signed and unsigned
6 string length \`???' is greater than the length \`???' ISO C89 compilers are required to support
2 passing arg ??? of \`???' discards qualifiers from pointer target type
2 ??? format, ??? arg (arg ???)
1 unused parameter \`???'
1 traditional C rejects string concatenation
1 pointer targets in passing arg ??? of \`???' differ in signedness
1 \`long' switch expression not converted to \`int' in ISO C