This is the mail archive of the
gcc-testresults@gcc.gnu.org
mailing list for the GCC project.
Results for 3.0.2 20010925 (prerelease) testsuite on i386-pc-solaris2.9
- To: gcc-testresults at gcc dot gnu dot org
- Subject: Results for 3.0.2 20010925 (prerelease) testsuite on i386-pc-solaris2.9
- From: Rainer Orth <ro at TechFak dot Uni-Bielefeld dot DE>
- Date: Thu, 27 Sep 2001 11:36:35 +0200 (MEST)
LAST_UPDATED: Tue Sep 25 17:24:12 UTC 2001
Native configuration is i386-pc-solaris2.9
=== g++ tests ===
Running target unix
FAIL: g++.dg/special/conpr-1.C execution test
FAIL: g++.dg/special/conpr-2.C execution test
FAIL: g++.dg/special/conpr-3.C execution test
FAIL: g++.dg/special/conpr-3.C execution test
FAIL: g++.dg/special/conpr-1.C execution test
FAIL: g++.ext/instantiate1.C not instantiated (test for errors, line 20)
FAIL: g++.ext/instantiate1.C not instantiated (test for errors, line 22)
FAIL: g++.ext/instantiate2.C not instantiated (test for errors, line 19)
FAIL: g++.ext/instantiate3.C not instantiated (test for errors, line 13)
=== g++ Summary ===
# of expected passes 6495
# of unexpected failures 9
# of expected failures 103
# of untested testcases 15
/vol/gcc/obj/gcc-3.0.2-20010925/9-cc-java/gcc/testsuite/../g++ version 3.0.2 20010925 (prerelease)
=== g77 tests ===
Running target unix
FAIL: g77.f-torture/compile/19990305-0.f, -O3 -g
FAIL: g77.f-torture/compile/19990419-0.f, -O3 -g
FAIL: g77.f-torture/compile/19990905-0.f, -O3 -g
FAIL: g77.f-torture/compile/19990905-2.f, -O3 -g
FAIL: g77.f-torture/compile/980310-2.f, -O3 -g
FAIL: g77.f-torture/compile/980519-2.f, -O3 -g
FAIL: g77.f-torture/compile/20010519-1.f, -O3 -g
FAIL: g77.f-torture/execute/short.f compilation, -O3 -g
=== g77 Summary ===
# of expected passes 924
# of unexpected failures 8
# of untested testcases 1
# of unsupported tests 8
=== gcc tests ===
Running target unix
FAIL: gcc.c-torture/compile/20001226-1.c, -Os
XPASS: gcc.c-torture/execute/20000801-4.c execution, -O0
XPASS: gcc.c-torture/execute/20000801-4.c execution, -O1
XPASS: gcc.c-torture/execute/20000801-4.c execution, -O2
XPASS: gcc.c-torture/execute/20000801-4.c execution, -O3 -fomit-frame-pointer
XPASS: gcc.c-torture/execute/20000801-4.c execution, -O3 -g
XPASS: gcc.c-torture/execute/20000801-4.c execution, -Os
=== gcc Summary ===
# of expected passes 15274
# of unexpected failures 1
# of unexpected successes 6
# of expected failures 77
# of unresolved testcases 3
# of unsupported tests 26
/vol/gcc/obj/gcc-3.0.2-20010925/9-cc-java/gcc/xgcc version 3.0.2 20010925 (prerelease)
=== objc tests ===
Running target unix
=== objc Summary ===
# of expected passes 153
# of expected failures 1
/vol/gcc/obj/gcc-3.0.2-20010925/9-cc-java/gcc/xgcc version 3.0.2 20010925 (prerelease)
=== libjava tests ===
Running target unix
FAIL: Invoke_1 execution from source compiled test
FAIL: Invoke_1 execution from bytecode->native test
FAIL: Invoke_1 -O execution from source compiled test
FAIL: Invoke_1 -O execution from bytecode->native test
XPASS: N19990310_4 output from source compiled test
XPASS: N19990310_4 -O output from source compiled test
FAIL: PR218 execution from source compiled test
FAIL: PR218 execution from bytecode->native test
FAIL: PR218 -O execution from source compiled test
FAIL: PR218 -O execution from bytecode->native test
XPASS: stringconst output from bytecode->native test
XPASS: stringconst -O output from bytecode->native test
XPASS: stub compilation from source
XPASS: stub byte compilation
XPASS: stub compilation from bytecode
XPASS: stub -O compilation from source
XPASS: stub byte compilation
XPASS: stub -O compilation from bytecode
=== libjava Summary ===
# of expected passes 1660
# of unexpected failures 8
# of unexpected successes 10
# of expected failures 14
# of untested testcases 24
=== libstdc++-v3 tests ===
Running target unix
FAIL: 22_locale/ctype_char_members.cc execution test
XPASS: 26_numerics/c99_classification_macros_c.cc (test for excess errors)
=== libstdc++-v3 Summary ===
# of expected passes 246
# of unexpected failures 1
# of unexpected successes 1
# of expected failures 7
Compiler version: 3.0.2 20010925 (prerelease)
Platform: i386-pc-solaris2.9
configure flags: --host=i386-pc-solaris2.9 --prefix=/vol/gcc --with-local-prefix=/vol/gcc --enable-shared --disable-nls --enable-libgcj