This is the mail archive of the
gcc-testresults@gcc.gnu.org
mailing list for the GCC project.
Results for 3.1 20010926 (experimental) testsuite on i586-pc-linux-gnu
- To: gcc-testresults at gcc dot gnu dot org
- Subject: Results for 3.1 20010926 (experimental) testsuite on i586-pc-linux-gnu
- From: Neil Booth <neil at daikokuya dot demon dot co dot uk>
- Date: Thu, 27 Sep 2001 07:49:15 +0100
LAST_UPDATED: Yesterday never comes.
Native configuration is i586-pc-linux-gnu
=== g++ tests ===
Running target unix
FAIL: g++.other/enum5.C (test for excess errors)
XPASS: g++.pt/decl2.C ICE - (test for errors, line 8)
XPASS: g++.robertl/eb17.C Execution test
=== g++ Summary ===
# of expected passes 6606
# of unexpected failures 1
# of unexpected successes 2
# of expected failures 95
# of untested testcases 9
/home/neil/src/gcc/build/gcc/testsuite/../g++ version 3.1 20010926 (experimental)
=== gcc tests ===
Running target unix
FAIL: gcc.c-torture/execute/20010904-1.c execution, -O0
FAIL: gcc.c-torture/execute/20010904-1.c execution, -O1
FAIL: gcc.c-torture/execute/20010904-1.c execution, -O2
FAIL: gcc.c-torture/execute/20010904-1.c execution, -O3 -fomit-frame-pointer
FAIL: gcc.c-torture/execute/20010904-1.c execution, -O3 -g
FAIL: gcc.c-torture/execute/20010904-1.c execution, -Os
FAIL: gcc.c-torture/execute/20010904-2.c execution, -O0
FAIL: gcc.c-torture/execute/20010904-2.c execution, -O1
FAIL: gcc.c-torture/execute/20010904-2.c execution, -O2
FAIL: gcc.c-torture/execute/20010904-2.c execution, -O3 -fomit-frame-pointer
FAIL: gcc.c-torture/execute/20010904-2.c execution, -O3 -g
FAIL: gcc.c-torture/execute/20010904-2.c execution, -Os
FAIL: gcc.c-torture/execute/loop-2c.c execution, -Os
FAIL: gcc.c-torture/execute/loop-2d.c execution, -Os
FAIL: gcc.c-torture/execute/loop-2e.c execution, -Os
FAIL: gcc.c-torture/execute/loop-3c.c execution, -Os
FAIL: avoidpaste1.c: paste avoidance
FAIL: avoidpaste2.c: paste avoidance
FAIL: cmdlne-P.c: stair-stepping with -P
FAIL: gcc.dg/cpp/direct2s.c non-include (test for errors, line 15)
FAIL: gcc.dg/cpp/direct2s.c non-include 2 (test for errors, line 17)
FAIL: gcc.dg/cpp/direct2s.c # from macro (test for errors, line 22)
FAIL: gcc.dg/cpp/direct2s.c #define from macro (test for errors, line 23)
FAIL: gcc.dg/cpp/direct2s.c no macro X (test for errors, line 31)
FAIL: gcc.dg/cpp/direct2s.c no macro Y (test for errors, line 32)
FAIL: gcc.dg/cpp/direct2s.c not a comment (test for errors, line 38)
FAIL: gcc.dg/cpp/direct2s.c (test for excess errors)
FAIL: multiline.c: multi-line tokens
FAIL: gcc.dg/cpp/paste4.c (test for errors, line 14)
FAIL: spacing1.c: spacing and new-line preservation
=== gcc Summary ===
# of expected passes 15894
# of unexpected failures 30
# of expected failures 67
# of unsupported tests 23
/home/neil/src/gcc/build/gcc/xgcc version 3.1 20010926 (experimental)
=== objc tests ===
Running target unix
FAIL: objc/execute/formal_protocol-6.m execution, -O
FAIL: objc.dg/method-2.m (test for warnings, line 25)
FAIL: objc.dg/method-2.m (test for warnings, line 25)
=== objc Summary ===
# of expected passes 203
# of unexpected failures 3
/home/neil/src/gcc/build/gcc/xgcc version 3.1 20010926 (experimental)
=== libstdc++-v3 tests ===
Running target unix
FAIL: 21_strings/ctor_copy_dtor.cc execution test
FAIL: 21_strings/insert.cc execution test
FAIL: 22_locale/codecvt.cc (test for excess errors)
XPASS: 22_locale/collate_members_wchar_t.cc execution test
FAIL: 22_locale/time_put_members_char.cc execution test
FAIL: 27_io/ios_members.cc execution test
=== libstdc++-v3 Summary ===
# of expected passes 306
# of unexpected failures 5
# of unexpected successes 1
# of expected failures 24
Compiler version: 3.1 20010926 (experimental)
Platform: i586-pc-linux-gnu
configure flags: --host=i586-pc-linux-gnu --enable-shared --enable-threads=posix --enable-languages=c,objc,c++