This is the mail archive of the
gcc-testresults@gcc.gnu.org
mailing list for the GCC project.
Results for 3.1 20010912 (experimental) testsuite on i686-pc-linux-gnu
- To: gcc-testresults at gcc dot gnu dot org
- Subject: Results for 3.1 20010912 (experimental) testsuite on i686-pc-linux-gnu
- From: Gordon Sadler <gbsadler1 at lcisp dot com>
- Date: Wed, 12 Sep 2001 08:29:16 -0500
LAST_UPDATED: Wed Sep 12 10:46:17 UTC 2001
Native configuration is i686-pc-linux-gnu
=== g++ tests ===
Running target unix
FAIL: g++.dg/opt/alias1.C (test for excess errors)
FAIL: g++.brendan/code-gen4.C (test for excess errors)
FAIL: g++.brendan/crash66.C (test for excess errors)
FAIL: g++.brendan/eh1.C (test for excess errors)
FAIL: g++.jason/inline3.C (test for excess errors)
FAIL: g++.other/builtins2.C (test for excess errors)
FAIL: g++.other/builtins4.C (test for excess errors)
FAIL: g++.other/crash15.C (test for excess errors)
FAIL: g++.other/enum5.C (test for excess errors)
FAIL: g++.other/inline12.C (test for excess errors)
FAIL: g++.other/inline8.C (test for excess errors)
FAIL: g++.other/optimize2.C (test for excess errors)
FAIL: g++.other/optimize3.C (test for excess errors)
FAIL: g++.other/regstack.C (test for excess errors)
FAIL: g++.other/sibcall1.C (test for excess errors)
XPASS: g++.pt/decl2.C ICE - (test for errors, line 8)
FAIL: g++.robertl/eb106.C (test for excess errors)
FAIL: g++.robertl/eb115.C (test for excess errors)
FAIL: g++.robertl/eb123.C (test for excess errors)
FAIL: g++.robertl/eb132.C (test for excess errors)
XPASS: g++.robertl/eb17.C Execution test
=== g++ Summary ===
# of expected passes 6599
# of unexpected failures 19
# of unexpected successes 2
# of expected failures 95
# of untested testcases 9
/usr/local/src/build/gcc/gcc/testsuite/../g++ version 3.1 20010912 (experimental)
=== g77 tests ===
Running target unix
FAIL: g77.dg/20010216-1.f (test for excess errors)
FAIL: g77.dg/20010216-1.f (test for excess errors)
FAIL: g77.dg/20010216-1.f (test for excess errors)
FAIL: g77.dg/20010216-1.f (test for excess errors)
FAIL: g77.dg/20010216-1.f (test for excess errors)
FAIL: g77.dg/20010216-1.f (test for excess errors)
FAIL: g77.dg/20010216-1.f (test for excess errors)
FAIL: g77.dg/ff90-1.f (test for excess errors)
FAIL: g77.dg/ff90-1.f (test for excess errors)
FAIL: g77.dg/ff90-1.f (test for excess errors)
FAIL: g77.dg/ff90-1.f (test for excess errors)
FAIL: g77.dg/ff90-1.f (test for excess errors)
FAIL: g77.dg/fno-f90-1.f (test for excess errors)
FAIL: g77.dg/fno-f90-1.f (test for excess errors)
FAIL: g77.dg/fno-f90-1.f (test for excess errors)
FAIL: g77.dg/fno-f90-1.f (test for excess errors)
FAIL: g77.dg/fno-f90-1.f (test for excess errors)
FAIL: g77.dg/fno-vxt-1.f (test for excess errors)
FAIL: g77.dg/fno-vxt-1.f (test for excess errors)
FAIL: g77.dg/fno-vxt-1.f (test for excess errors)
FAIL: g77.dg/fno-vxt-1.f (test for excess errors)
FAIL: g77.dg/fno-vxt-1.f (test for excess errors)
FAIL: g77.dg/fonetrip.f (test for excess errors)
FAIL: g77.dg/fonetrip.f (test for excess errors)
FAIL: g77.dg/fonetrip.f (test for excess errors)
FAIL: g77.dg/fonetrip.f (test for excess errors)
FAIL: g77.dg/fonetrip.f (test for excess errors)
FAIL: g77.dg/fonetrip.f (test for excess errors)
FAIL: g77.dg/fonetrip.f (test for excess errors)
FAIL: g77.dg/fvxt-1.f (test for excess errors)
FAIL: g77.dg/fvxt-1.f (test for excess errors)
FAIL: g77.dg/fvxt-1.f (test for excess errors)
FAIL: g77.dg/fvxt-1.f (test for excess errors)
FAIL: g77.dg/fvxt-1.f (test for excess errors)
FAIL: g77.f-torture/compile/19990218-0.f, -O1
FAIL: g77.f-torture/compile/19990218-0.f, -O2
FAIL: g77.f-torture/compile/19990218-0.f, -O3 -fomit-frame-pointer
FAIL: g77.f-torture/compile/19990218-0.f, -O3 -g
FAIL: g77.f-torture/compile/19990218-0.f, -Os
FAIL: g77.f-torture/compile/19990305-0.f, -O1
FAIL: g77.f-torture/compile/19990525-0.f, -O1
FAIL: g77.f-torture/compile/19990525-0.f, -O2
FAIL: g77.f-torture/compile/19990525-0.f, -O3 -fomit-frame-pointer
FAIL: g77.f-torture/compile/19990525-0.f, -O3 -g
FAIL: g77.f-torture/compile/19990525-0.f, -Os
FAIL: g77.f-torture/compile/19990826-1.f, -O1
FAIL: g77.f-torture/compile/19990826-1.f, -O2
FAIL: g77.f-torture/compile/19990826-1.f, -O3 -fomit-frame-pointer
FAIL: g77.f-torture/compile/19990826-1.f, -O3 -g
FAIL: g77.f-torture/compile/19990826-1.f, -Os
FAIL: g77.f-torture/compile/19990826-3.f, -O1
FAIL: g77.f-torture/compile/19990826-3.f, -O2
FAIL: g77.f-torture/compile/19990826-3.f, -O3 -fomit-frame-pointer
FAIL: g77.f-torture/compile/19990826-3.f, -O3 -fomit-frame-pointer -funroll-loops
FAIL: g77.f-torture/compile/19990826-3.f, -O3 -fomit-frame-pointer -funroll-all-loops -finline-functions
FAIL: g77.f-torture/compile/19990826-3.f, -O3 -g
FAIL: g77.f-torture/compile/19990826-3.f, -Os
FAIL: g77.f-torture/compile/19990905-2.f, -O1
FAIL: g77.f-torture/compile/19990905-2.f, -O2
FAIL: g77.f-torture/compile/19990905-2.f, -O3 -fomit-frame-pointer
FAIL: g77.f-torture/compile/19990905-2.f, -O3 -g
FAIL: g77.f-torture/compile/19990905-2.f, -Os
FAIL: g77.f-torture/compile/20000412-1.f, -O1
FAIL: g77.f-torture/compile/20000412-1.f, -O2
FAIL: g77.f-torture/compile/20000412-1.f, -O3 -fomit-frame-pointer
FAIL: g77.f-torture/compile/20000412-1.f, -O3 -g
FAIL: g77.f-torture/compile/20000412-1.f, -Os
FAIL: g77.f-torture/compile/20000511-2.f, -O1
FAIL: g77.f-torture/compile/20000511-2.f, -O2
FAIL: g77.f-torture/compile/20000511-2.f, -O3 -fomit-frame-pointer
FAIL: g77.f-torture/compile/20000511-2.f, -O3 -fomit-frame-pointer -funroll-loops
FAIL: g77.f-torture/compile/20000511-2.f, -O3 -fomit-frame-pointer -funroll-all-loops -finline-functions
FAIL: g77.f-torture/compile/20000511-2.f, -O3 -g
FAIL: g77.f-torture/compile/20000511-2.f, -Os
FAIL: g77.f-torture/compile/20000630-2.f, -O1
FAIL: g77.f-torture/compile/20000630-2.f, -O2
FAIL: g77.f-torture/compile/20000630-2.f, -O3 -fomit-frame-pointer
FAIL: g77.f-torture/compile/20000630-2.f, -O3 -g
FAIL: g77.f-torture/compile/20000630-2.f, -Os
FAIL: g77.f-torture/compile/20010115.f, -O1
FAIL: g77.f-torture/compile/20010115.f, -O2
FAIL: g77.f-torture/compile/20010115.f, -O3 -fomit-frame-pointer
FAIL: g77.f-torture/compile/20010115.f, -O3 -g
FAIL: g77.f-torture/compile/20010115.f, -Os
FAIL: g77.f-torture/compile/970125-0.f, -O1
FAIL: g77.f-torture/compile/970125-0.f, -O2
FAIL: g77.f-torture/compile/970125-0.f, -O3 -fomit-frame-pointer
FAIL: g77.f-torture/compile/970125-0.f, -O3 -g
FAIL: g77.f-torture/compile/970125-0.f, -Os
FAIL: g77.f-torture/compile/980310-1.f, -O1
FAIL: g77.f-torture/compile/980310-1.f, -O2
FAIL: g77.f-torture/compile/980310-1.f, -O3 -fomit-frame-pointer
FAIL: g77.f-torture/compile/980310-1.f, -O3 -g
FAIL: g77.f-torture/compile/980310-1.f, -Os
FAIL: g77.f-torture/compile/980310-3.f, -O1
FAIL: g77.f-torture/compile/980310-3.f, -O2
FAIL: g77.f-torture/compile/980310-3.f, -O3 -fomit-frame-pointer
FAIL: g77.f-torture/compile/980310-3.f, -O3 -fomit-frame-pointer -funroll-loops
FAIL: g77.f-torture/compile/980310-3.f, -O3 -fomit-frame-pointer -funroll-all-loops -finline-functions
FAIL: g77.f-torture/compile/980310-3.f, -O3 -g
FAIL: g77.f-torture/compile/980310-3.f, -Os
FAIL: g77.f-torture/compile/980310-4.f, -O1
FAIL: g77.f-torture/compile/980310-4.f, -O2
FAIL: g77.f-torture/compile/980310-4.f, -O3 -fomit-frame-pointer
FAIL: g77.f-torture/compile/980310-4.f, -O3 -fomit-frame-pointer -funroll-loops
FAIL: g77.f-torture/compile/980310-4.f, -O3 -fomit-frame-pointer -funroll-all-loops -finline-functions
FAIL: g77.f-torture/compile/980310-4.f, -O3 -g
FAIL: g77.f-torture/compile/980310-4.f, -Os
FAIL: g77.f-torture/compile/980310-7.f, -O1
FAIL: g77.f-torture/compile/980310-7.f, -O2
FAIL: g77.f-torture/compile/980310-7.f, -O3 -fomit-frame-pointer
FAIL: g77.f-torture/compile/980310-7.f, -O3 -fomit-frame-pointer -funroll-loops
FAIL: g77.f-torture/compile/980310-7.f, -O3 -fomit-frame-pointer -funroll-all-loops -finline-functions
FAIL: g77.f-torture/compile/980310-7.f, -O3 -g
FAIL: g77.f-torture/compile/980310-7.f, -Os
FAIL: g77.f-torture/compile/980419-2.f, -O1
FAIL: g77.f-torture/compile/980419-2.f, -O2
FAIL: g77.f-torture/compile/980419-2.f, -O3 -fomit-frame-pointer
FAIL: g77.f-torture/compile/980419-2.f, -O3 -fomit-frame-pointer -funroll-loops
FAIL: g77.f-torture/compile/980419-2.f, -O3 -fomit-frame-pointer -funroll-all-loops -finline-functions
FAIL: g77.f-torture/compile/980419-2.f, -O3 -g
FAIL: g77.f-torture/compile/980419-2.f, -Os
FAIL: g77.f-torture/compile/980424-0.f, -O1
FAIL: g77.f-torture/compile/980424-0.f, -O2
FAIL: g77.f-torture/compile/980424-0.f, -O3 -fomit-frame-pointer
FAIL: g77.f-torture/compile/980424-0.f, -O3 -g
FAIL: g77.f-torture/compile/980424-0.f, -Os
FAIL: g77.f-torture/compile/980519-2.f, -O1
FAIL: g77.f-torture/compile/980519-2.f, -O2
FAIL: g77.f-torture/compile/980519-2.f, -O3 -fomit-frame-pointer
FAIL: g77.f-torture/compile/980519-2.f, -O3 -g
FAIL: g77.f-torture/compile/980519-2.f, -Os
FAIL: g77.f-torture/compile/981117-1.f, -O1
FAIL: g77.f-torture/compile/981117-1.f, -O2
FAIL: g77.f-torture/compile/981117-1.f, -O3 -fomit-frame-pointer
FAIL: g77.f-torture/compile/981117-1.f, -O3 -fomit-frame-pointer -funroll-loops
FAIL: g77.f-torture/compile/981117-1.f, -O3 -fomit-frame-pointer -funroll-all-loops -finline-functions
FAIL: g77.f-torture/compile/981117-1.f, -O3 -g
FAIL: g77.f-torture/compile/981117-1.f, -Os
FAIL: g77.f-torture/compile/990115-1.f, -O1
FAIL: g77.f-torture/compile/990115-1.f, -O2
FAIL: g77.f-torture/compile/990115-1.f, -O3 -fomit-frame-pointer
FAIL: g77.f-torture/compile/990115-1.f, -O3 -fomit-frame-pointer -funroll-loops
FAIL: g77.f-torture/compile/990115-1.f, -O3 -fomit-frame-pointer -funroll-all-loops -finline-functions
FAIL: g77.f-torture/compile/990115-1.f, -O3 -g
FAIL: g77.f-torture/compile/990115-1.f, -Os
FAIL: g77.f-torture/compile/alpha1.f, -O1
FAIL: g77.f-torture/compile/alpha1.f, -O2
FAIL: g77.f-torture/compile/alpha1.f, -O3 -fomit-frame-pointer
FAIL: g77.f-torture/compile/alpha1.f, -O3 -g
FAIL: g77.f-torture/compile/alpha1.f, -Os
FAIL: g77.f-torture/compile/20010519-1.f, -O1
FAIL: g77.f-torture/compile/20010519-1.f, -O2
FAIL: g77.f-torture/compile/20010519-1.f, -O3 -fomit-frame-pointer
FAIL: g77.f-torture/compile/20010519-1.f, -O3 -fomit-frame-pointer -funroll-loops
FAIL: g77.f-torture/compile/20010519-1.f, -O3 -fomit-frame-pointer -funroll-all-loops -finline-functions
FAIL: g77.f-torture/compile/20010519-1.f, -O3 -g
FAIL: g77.f-torture/compile/20010519-1.f, -Os
FAIL: g77.f-torture/compile/cpp.F, -O1
FAIL: g77.f-torture/compile/cpp.F, -O2
FAIL: g77.f-torture/compile/cpp.F, -O3 -fomit-frame-pointer
FAIL: g77.f-torture/compile/cpp.F, -O3 -fomit-frame-pointer -funroll-loops
FAIL: g77.f-torture/compile/cpp.F, -O3 -fomit-frame-pointer -funroll-all-loops -finline-functions
FAIL: g77.f-torture/compile/cpp.F, -O3 -g
FAIL: g77.f-torture/compile/cpp.F, -Os
FAIL: g77.f-torture/execute/20010116.f compilation, -O3 -fomit-frame-pointer -funroll-loops
FAIL: g77.f-torture/execute/20010116.f compilation, -O3 -fomit-frame-pointer -funroll-all-loops -finline-functions
FAIL: g77.f-torture/execute/cabs.f execution, -O1
FAIL: g77.f-torture/execute/cabs.f execution, -O2
FAIL: g77.f-torture/execute/cabs.f execution, -O3 -fomit-frame-pointer
FAIL: g77.f-torture/execute/cabs.f execution, -O3 -g
FAIL: g77.f-torture/execute/io0.f compilation, -O2
FAIL: g77.f-torture/execute/io0.f compilation, -O3 -g
=== g77 Summary ===
# of expected passes 1140
# of unexpected failures 173
# of untested testcases 4
=== gcc tests ===
Running target unix
FAIL: gcc.c-torture/compile/20000326-2.c, -O1
FAIL: gcc.c-torture/compile/20000326-2.c, -O2
FAIL: gcc.c-torture/compile/20000326-2.c, -O3 -fomit-frame-pointer
FAIL: gcc.c-torture/compile/20000326-2.c, -O3 -g
FAIL: gcc.c-torture/compile/20000326-2.c, -Os
FAIL: gcc.c-torture/compile/20000329-1.c, -O1
FAIL: gcc.c-torture/compile/20000329-1.c, -O2
FAIL: gcc.c-torture/compile/20000329-1.c, -Os
FAIL: gcc.c-torture/compile/20010408-1.c, -O1
FAIL: gcc.c-torture/compile/20010408-1.c, -O2
FAIL: gcc.c-torture/compile/20010408-1.c, -O3 -fomit-frame-pointer
FAIL: gcc.c-torture/compile/20010408-1.c, -O3 -fomit-frame-pointer -funroll-loops
FAIL: gcc.c-torture/compile/20010408-1.c, -O3 -fomit-frame-pointer -funroll-all-loops -finline-functions
FAIL: gcc.c-torture/compile/20010408-1.c, -O3 -g
FAIL: gcc.c-torture/compile/20010408-1.c, -Os
FAIL: gcc.c-torture/compile/920409-2.c, -O1
FAIL: gcc.c-torture/compile/920409-2.c, -O2
FAIL: gcc.c-torture/compile/920409-2.c, -O3 -fomit-frame-pointer
FAIL: gcc.c-torture/compile/920409-2.c, -O3 -g
FAIL: gcc.c-torture/compile/920409-2.c, -Os
FAIL: gcc.c-torture/compile/920410-1.c, -O1
FAIL: gcc.c-torture/compile/920410-1.c, -O2
FAIL: gcc.c-torture/compile/920410-1.c, -O3 -fomit-frame-pointer
FAIL: gcc.c-torture/compile/920410-1.c, -O3 -g
FAIL: gcc.c-torture/compile/920410-1.c, -Os
FAIL: gcc.c-torture/compile/920428-2.c, -O1
FAIL: gcc.c-torture/compile/920428-2.c, -O2
FAIL: gcc.c-torture/compile/920428-2.c, -O3 -fomit-frame-pointer
FAIL: gcc.c-torture/compile/920428-2.c, -O3 -fomit-frame-pointer -funroll-loops
FAIL: gcc.c-torture/compile/920428-2.c, -O3 -fomit-frame-pointer -funroll-all-loops -finline-functions
FAIL: gcc.c-torture/compile/920428-2.c, -O3 -g
FAIL: gcc.c-torture/compile/920428-2.c, -Os
FAIL: gcc.c-torture/compile/920501-18.c, -O1
FAIL: gcc.c-torture/compile/920501-18.c, -O2
FAIL: gcc.c-torture/compile/920501-18.c, -O3 -fomit-frame-pointer
FAIL: gcc.c-torture/compile/920501-18.c, -O3 -fomit-frame-pointer -funroll-loops
FAIL: gcc.c-torture/compile/920501-18.c, -O3 -fomit-frame-pointer -funroll-all-loops -finline-functions
FAIL: gcc.c-torture/compile/920501-18.c, -O3 -g
FAIL: gcc.c-torture/compile/920501-18.c, -Os
FAIL: gcc.c-torture/compile/920501-4.c, -O1
FAIL: gcc.c-torture/compile/920501-4.c, -O2
FAIL: gcc.c-torture/compile/920501-4.c, -O3 -fomit-frame-pointer
FAIL: gcc.c-torture/compile/920501-4.c, -O3 -fomit-frame-pointer -funroll-loops
FAIL: gcc.c-torture/compile/920501-4.c, -O3 -fomit-frame-pointer -funroll-all-loops -finline-functions
FAIL: gcc.c-torture/compile/920501-4.c, -O3 -g
FAIL: gcc.c-torture/compile/920501-4.c, -Os
FAIL: gcc.c-torture/compile/920625-2.c, -O1
FAIL: gcc.c-torture/compile/920625-2.c, -O2
FAIL: gcc.c-torture/compile/920625-2.c, -O3 -fomit-frame-pointer
FAIL: gcc.c-torture/compile/920625-2.c, -O3 -fomit-frame-pointer -funroll-loops
FAIL: gcc.c-torture/compile/920625-2.c, -O3 -fomit-frame-pointer -funroll-all-loops -finline-functions
FAIL: gcc.c-torture/compile/920625-2.c, -O3 -g
FAIL: gcc.c-torture/compile/920625-2.c, -Os
FAIL: gcc.c-torture/compile/920928-2.c, -O1
FAIL: gcc.c-torture/compile/920928-2.c, -O2
FAIL: gcc.c-torture/compile/920928-2.c, -O3 -fomit-frame-pointer
FAIL: gcc.c-torture/compile/920928-2.c, -O3 -fomit-frame-pointer -funroll-loops
FAIL: gcc.c-torture/compile/920928-2.c, -O3 -fomit-frame-pointer -funroll-all-loops -finline-functions
FAIL: gcc.c-torture/compile/920928-2.c, -O3 -g
FAIL: gcc.c-torture/compile/920928-2.c, -Os
FAIL: gcc.c-torture/compile/921206-1.c, -O1
FAIL: gcc.c-torture/compile/921206-1.c, -O2
FAIL: gcc.c-torture/compile/921206-1.c, -O3 -fomit-frame-pointer
FAIL: gcc.c-torture/compile/921206-1.c, -O3 -fomit-frame-pointer -funroll-loops
FAIL: gcc.c-torture/compile/921206-1.c, -O3 -fomit-frame-pointer -funroll-all-loops -finline-functions
FAIL: gcc.c-torture/compile/921206-1.c, -O3 -g
FAIL: gcc.c-torture/compile/921206-1.c, -Os
FAIL: gcc.c-torture/compile/921227-1.c, -O1
FAIL: gcc.c-torture/compile/921227-1.c, -O2
FAIL: gcc.c-torture/compile/921227-1.c, -O3 -fomit-frame-pointer
FAIL: gcc.c-torture/compile/921227-1.c, -O3 -g
FAIL: gcc.c-torture/compile/921227-1.c, -Os
FAIL: gcc.c-torture/compile/930111-1.c, -O1
FAIL: gcc.c-torture/compile/930111-1.c, -O2
FAIL: gcc.c-torture/compile/930111-1.c, -O3 -fomit-frame-pointer
FAIL: gcc.c-torture/compile/930111-1.c, -O3 -fomit-frame-pointer -funroll-loops
FAIL: gcc.c-torture/compile/930111-1.c, -O3 -fomit-frame-pointer -funroll-all-loops -finline-functions
FAIL: gcc.c-torture/compile/930111-1.c, -O3 -g
FAIL: gcc.c-torture/compile/930111-1.c, -Os
FAIL: gcc.c-torture/compile/930120-1.c, -O1
FAIL: gcc.c-torture/compile/930120-1.c, -O2
FAIL: gcc.c-torture/compile/930120-1.c, -O3 -fomit-frame-pointer
FAIL: gcc.c-torture/compile/930120-1.c, -O3 -fomit-frame-pointer -funroll-loops
FAIL: gcc.c-torture/compile/930120-1.c, -O3 -fomit-frame-pointer -funroll-all-loops -finline-functions
FAIL: gcc.c-torture/compile/930120-1.c, -O3 -g
FAIL: gcc.c-torture/compile/930120-1.c, -Os
FAIL: gcc.c-torture/compile/930126-1.c, -O1
FAIL: gcc.c-torture/compile/930126-1.c, -O2
FAIL: gcc.c-torture/compile/930126-1.c, -O3 -fomit-frame-pointer
FAIL: gcc.c-torture/compile/930126-1.c, -O3 -g
FAIL: gcc.c-torture/compile/930126-1.c, -Os
FAIL: gcc.c-torture/compile/930506-1.c, -O1
FAIL: gcc.c-torture/compile/930506-1.c, -O2
FAIL: gcc.c-torture/compile/930506-1.c, -O3 -fomit-frame-pointer
FAIL: gcc.c-torture/compile/930506-1.c, -O3 -g
FAIL: gcc.c-torture/compile/930506-1.c, -Os
FAIL: gcc.c-torture/compile/930513-2.c, -O1
FAIL: gcc.c-torture/compile/930513-2.c, -O2
FAIL: gcc.c-torture/compile/930513-2.c, -O3 -fomit-frame-pointer
FAIL: gcc.c-torture/compile/930513-2.c, -O3 -fomit-frame-pointer -funroll-loops
FAIL: gcc.c-torture/compile/930513-2.c, -O3 -fomit-frame-pointer -funroll-all-loops -finline-functions
FAIL: gcc.c-torture/compile/930513-2.c, -O3 -g
FAIL: gcc.c-torture/compile/930513-2.c, -Os
FAIL: gcc.c-torture/compile/931004-1.c, -O1
FAIL: gcc.c-torture/compile/931004-1.c, -O2
FAIL: gcc.c-torture/compile/931004-1.c, -O3 -fomit-frame-pointer
FAIL: gcc.c-torture/compile/931004-1.c, -O3 -g
FAIL: gcc.c-torture/compile/931004-1.c, -Os
FAIL: gcc.c-torture/compile/950612-1.c, -O1
FAIL: gcc.c-torture/compile/950612-1.c, -O2
FAIL: gcc.c-torture/compile/950612-1.c, -O3 -fomit-frame-pointer
FAIL: gcc.c-torture/compile/950612-1.c, -O3 -fomit-frame-pointer -funroll-loops
FAIL: gcc.c-torture/compile/950612-1.c, -O3 -fomit-frame-pointer -funroll-all-loops -finline-functions
FAIL: gcc.c-torture/compile/950612-1.c, -O3 -g
FAIL: gcc.c-torture/compile/950612-1.c, -Os
FAIL: gcc.c-torture/compile/950613-1.c, -O2
FAIL: gcc.c-torture/compile/950613-1.c, -O3 -fomit-frame-pointer
FAIL: gcc.c-torture/compile/950613-1.c, -O3 -g
FAIL: gcc.c-torture/compile/950729-1.c, -O1
FAIL: gcc.c-torture/compile/950729-1.c, -O2
FAIL: gcc.c-torture/compile/950729-1.c, -O3 -fomit-frame-pointer
FAIL: gcc.c-torture/compile/950729-1.c, -O3 -fomit-frame-pointer -funroll-loops
FAIL: gcc.c-torture/compile/950729-1.c, -O3 -fomit-frame-pointer -funroll-all-loops -finline-functions
FAIL: gcc.c-torture/compile/950729-1.c, -O3 -g
FAIL: gcc.c-torture/compile/950729-1.c, -Os
FAIL: gcc.c-torture/compile/950922-1.c, -O1
FAIL: gcc.c-torture/compile/950922-1.c, -O2
FAIL: gcc.c-torture/compile/950922-1.c, -O3 -fomit-frame-pointer
FAIL: gcc.c-torture/compile/950922-1.c, -O3 -fomit-frame-pointer -funroll-loops
FAIL: gcc.c-torture/compile/950922-1.c, -O3 -fomit-frame-pointer -funroll-all-loops -finline-functions
FAIL: gcc.c-torture/compile/950922-1.c, -O3 -g
FAIL: gcc.c-torture/compile/950922-1.c, -Os
FAIL: gcc.c-torture/compile/980816-1.c, -O1
FAIL: gcc.c-torture/compile/980816-1.c, -O2
FAIL: gcc.c-torture/compile/980816-1.c, -O3 -fomit-frame-pointer
FAIL: gcc.c-torture/compile/980816-1.c, -O3 -fomit-frame-pointer -funroll-loops
FAIL: gcc.c-torture/compile/980816-1.c, -O3 -fomit-frame-pointer -funroll-all-loops -finline-functions
FAIL: gcc.c-torture/compile/980816-1.c, -O3 -g
FAIL: gcc.c-torture/compile/980816-1.c, -Os
FAIL: gcc.c-torture/compile/980825-1.c, -O1
FAIL: gcc.c-torture/compile/980825-1.c, -O2
FAIL: gcc.c-torture/compile/980825-1.c, -Os
FAIL: gcc.c-torture/compile/981007-1.c, -O1
FAIL: gcc.c-torture/compile/981007-1.c, -O2
FAIL: gcc.c-torture/compile/981007-1.c, -Os
FAIL: gcc.c-torture/compile/990523-1.c, -O1
FAIL: gcc.c-torture/compile/990523-1.c, -O2
FAIL: gcc.c-torture/compile/990523-1.c, -O3 -fomit-frame-pointer
FAIL: gcc.c-torture/compile/990523-1.c, -O3 -fomit-frame-pointer -funroll-loops
FAIL: gcc.c-torture/compile/990523-1.c, -O3 -fomit-frame-pointer -funroll-all-loops -finline-functions
FAIL: gcc.c-torture/compile/990523-1.c, -O3 -g
FAIL: gcc.c-torture/compile/990523-1.c, -Os
FAIL: gcc.c-torture/compile/990617-1.c, -O1
FAIL: gcc.c-torture/compile/990617-1.c, -O2
FAIL: gcc.c-torture/compile/990617-1.c, -O3 -fomit-frame-pointer
FAIL: gcc.c-torture/compile/990617-1.c, -O3 -fomit-frame-pointer -funroll-loops
FAIL: gcc.c-torture/compile/990617-1.c, -O3 -fomit-frame-pointer -funroll-all-loops -finline-functions
FAIL: gcc.c-torture/compile/990617-1.c, -O3 -g
FAIL: gcc.c-torture/compile/990617-1.c, -Os
FAIL: gcc.c-torture/compile/990625-1.c, -O1
FAIL: gcc.c-torture/compile/990625-1.c, -O2
FAIL: gcc.c-torture/compile/990625-1.c, -O3 -fomit-frame-pointer
FAIL: gcc.c-torture/compile/990625-1.c, -O3 -fomit-frame-pointer -funroll-loops
FAIL: gcc.c-torture/compile/990625-1.c, -O3 -fomit-frame-pointer -funroll-all-loops -finline-functions
FAIL: gcc.c-torture/compile/990625-1.c, -O3 -g
FAIL: gcc.c-torture/compile/991008-1.c, -O1
FAIL: gcc.c-torture/compile/991008-1.c, -O2
FAIL: gcc.c-torture/compile/991008-1.c, -O3 -fomit-frame-pointer
FAIL: gcc.c-torture/compile/991008-1.c, -O3 -fomit-frame-pointer -funroll-loops
FAIL: gcc.c-torture/compile/991008-1.c, -O3 -fomit-frame-pointer -funroll-all-loops -finline-functions
FAIL: gcc.c-torture/compile/991008-1.c, -O3 -g
FAIL: gcc.c-torture/compile/991008-1.c, -Os
FAIL: gcc.c-torture/compile/991026-2.c, -O1
FAIL: gcc.c-torture/compile/991026-2.c, -O2
FAIL: gcc.c-torture/compile/991026-2.c, -O3 -fomit-frame-pointer
FAIL: gcc.c-torture/compile/991026-2.c, -O3 -fomit-frame-pointer -funroll-loops
FAIL: gcc.c-torture/compile/991026-2.c, -O3 -fomit-frame-pointer -funroll-all-loops -finline-functions
FAIL: gcc.c-torture/compile/991026-2.c, -O3 -g
FAIL: gcc.c-torture/compile/991026-2.c, -Os
FAIL: gcc.c-torture/compile/991202-1.c, -O1
FAIL: gcc.c-torture/compile/991202-1.c, -O2
FAIL: gcc.c-torture/compile/991202-1.c, -O3 -fomit-frame-pointer
FAIL: gcc.c-torture/compile/991202-1.c, -O3 -g
FAIL: gcc.c-torture/compile/991202-1.c, -Os
FAIL: gcc.c-torture/compile/combine-hang.c, -O1
FAIL: gcc.c-torture/compile/combine-hang.c, -O2
FAIL: gcc.c-torture/compile/combine-hang.c, -O3 -fomit-frame-pointer
FAIL: gcc.c-torture/compile/combine-hang.c, -O3 -g
FAIL: gcc.c-torture/compile/combine-hang.c, -Os
FAIL: gcc.c-torture/compile/init-1.c, -O1
FAIL: gcc.c-torture/compile/init-1.c, -O2
FAIL: gcc.c-torture/compile/init-1.c, -O3 -fomit-frame-pointer
FAIL: gcc.c-torture/compile/init-1.c, -O3 -g
FAIL: gcc.c-torture/compile/init-1.c, -Os
FAIL: gcc.c-torture/compile/widechar-1.c, -O1
FAIL: gcc.c-torture/compile/widechar-1.c, -O2
FAIL: gcc.c-torture/compile/widechar-1.c, -O3 -fomit-frame-pointer
FAIL: gcc.c-torture/compile/widechar-1.c, -O3 -g
FAIL: gcc.c-torture/compile/widechar-1.c, -Os
FAIL: gcc.c-torture/execute/20000112-1.c compilation, -O1
FAIL: gcc.c-torture/execute/20000112-1.c compilation, -O2
FAIL: gcc.c-torture/execute/20000112-1.c compilation, -O3 -fomit-frame-pointer
FAIL: gcc.c-torture/execute/20000112-1.c compilation, -O3 -fomit-frame-pointer -funroll-loops
FAIL: gcc.c-torture/execute/20000112-1.c compilation, -O3 -fomit-frame-pointer -funroll-all-loops -finline-functions
FAIL: gcc.c-torture/execute/20000112-1.c compilation, -O3 -g
FAIL: gcc.c-torture/execute/20000112-1.c compilation, -Os
FAIL: gcc.c-torture/execute/20000121-1.c compilation, -O1
FAIL: gcc.c-torture/execute/20000121-1.c compilation, -O2
FAIL: gcc.c-torture/execute/20000121-1.c compilation, -Os
FAIL: gcc.c-torture/execute/20000223-1.c compilation, -O1
FAIL: gcc.c-torture/execute/20000223-1.c compilation, -O2
FAIL: gcc.c-torture/execute/20000223-1.c compilation, -Os
FAIL: gcc.c-torture/execute/20000603-1.c compilation, -O1
FAIL: gcc.c-torture/execute/20000603-1.c compilation, -O2
FAIL: gcc.c-torture/execute/20000603-1.c compilation, -O3 -fomit-frame-pointer
FAIL: gcc.c-torture/execute/20000603-1.c compilation, -O3 -g
FAIL: gcc.c-torture/execute/20000603-1.c compilation, -Os
FAIL: gcc.c-torture/execute/20000703-1.c compilation, -Os
FAIL: gcc.c-torture/execute/20000722-1.c compilation, -O1
FAIL: gcc.c-torture/execute/20000722-1.c compilation, -O2
FAIL: gcc.c-torture/execute/20000722-1.c compilation, -O3 -fomit-frame-pointer
FAIL: gcc.c-torture/execute/20000722-1.c compilation, -O3 -g
FAIL: gcc.c-torture/execute/20000722-1.c compilation, -Os
FAIL: gcc.c-torture/execute/20000731-1.c compilation, -O1
FAIL: gcc.c-torture/execute/20000731-1.c compilation, -O2
FAIL: gcc.c-torture/execute/20000731-1.c compilation, -O3 -fomit-frame-pointer
FAIL: gcc.c-torture/execute/20000731-1.c compilation, -O3 -fomit-frame-pointer -funroll-loops
FAIL: gcc.c-torture/execute/20000731-1.c compilation, -O3 -fomit-frame-pointer -funroll-all-loops -finline-functions
FAIL: gcc.c-torture/execute/20000731-1.c compilation, -O3 -g
FAIL: gcc.c-torture/execute/20000731-1.c compilation, -Os
FAIL: gcc.c-torture/execute/20000801-4.c compilation, -O1
FAIL: gcc.c-torture/execute/20000801-4.c compilation, -O2
FAIL: gcc.c-torture/execute/20000801-4.c compilation, -O3 -fomit-frame-pointer
FAIL: gcc.c-torture/execute/20000801-4.c compilation, -O3 -g
FAIL: gcc.c-torture/execute/20000801-4.c compilation, -Os
FAIL: gcc.c-torture/execute/20000910-2.c compilation, -O1
FAIL: gcc.c-torture/execute/20000910-2.c compilation, -O2
FAIL: gcc.c-torture/execute/20000910-2.c compilation, -O3 -fomit-frame-pointer
FAIL: gcc.c-torture/execute/20000910-2.c compilation, -O3 -fomit-frame-pointer -funroll-loops
FAIL: gcc.c-torture/execute/20000910-2.c compilation, -O3 -fomit-frame-pointer -funroll-all-loops -finline-functions
FAIL: gcc.c-torture/execute/20000910-2.c compilation, -O3 -g
FAIL: gcc.c-torture/execute/20000910-2.c compilation, -Os
FAIL: gcc.c-torture/execute/20001011-1.c compilation, -O1
FAIL: gcc.c-torture/execute/20001011-1.c compilation, -O2
FAIL: gcc.c-torture/execute/20001011-1.c compilation, -O3 -fomit-frame-pointer
FAIL: gcc.c-torture/execute/20001011-1.c compilation, -O3 -g
FAIL: gcc.c-torture/execute/20001011-1.c compilation, -Os
FAIL: gcc.c-torture/execute/20001130-2.c compilation, -O1
FAIL: gcc.c-torture/execute/20001130-2.c compilation, -O2
FAIL: gcc.c-torture/execute/20001130-2.c compilation, -O3 -fomit-frame-pointer
FAIL: gcc.c-torture/execute/20001130-2.c compilation, -O3 -g
FAIL: gcc.c-torture/execute/20001130-2.c compilation, -Os
FAIL: gcc.c-torture/execute/20010118-1.c compilation, -O1
FAIL: gcc.c-torture/execute/20010118-1.c compilation, -O2
FAIL: gcc.c-torture/execute/20010118-1.c compilation, -O3 -fomit-frame-pointer
FAIL: gcc.c-torture/execute/20010118-1.c compilation, -O3 -g
FAIL: gcc.c-torture/execute/20010118-1.c compilation, -Os
FAIL: gcc.c-torture/execute/20010123-1.c compilation, -O1
FAIL: gcc.c-torture/execute/20010123-1.c compilation, -O2
FAIL: gcc.c-torture/execute/20010123-1.c compilation, -O3 -fomit-frame-pointer
FAIL: gcc.c-torture/execute/20010123-1.c compilation, -O3 -fomit-frame-pointer -funroll-loops
FAIL: gcc.c-torture/execute/20010123-1.c compilation, -O3 -fomit-frame-pointer -funroll-all-loops -finline-functions
FAIL: gcc.c-torture/execute/20010123-1.c compilation, -O3 -g
FAIL: gcc.c-torture/execute/20010123-1.c compilation, -Os
FAIL: gcc.c-torture/execute/20010325-1.c compilation, -O1
FAIL: gcc.c-torture/execute/20010325-1.c compilation, -O2
FAIL: gcc.c-torture/execute/20010325-1.c compilation, -O3 -fomit-frame-pointer
FAIL: gcc.c-torture/execute/20010325-1.c compilation, -O3 -g
FAIL: gcc.c-torture/execute/20010325-1.c compilation, -Os
FAIL: gcc.c-torture/execute/20010605-2.c compilation, -O1
FAIL: gcc.c-torture/execute/20010605-2.c compilation, -O2
FAIL: gcc.c-torture/execute/20010605-2.c compilation, -O3 -fomit-frame-pointer
FAIL: gcc.c-torture/execute/20010605-2.c compilation, -O3 -g
FAIL: gcc.c-torture/execute/20010605-2.c compilation, -Os
FAIL: gcc.c-torture/execute/20010904-1.c execution, -O0
FAIL: gcc.c-torture/execute/20010904-1.c execution, -O1
FAIL: gcc.c-torture/execute/20010904-1.c execution, -O2
FAIL: gcc.c-torture/execute/20010904-1.c execution, -O3 -fomit-frame-pointer
FAIL: gcc.c-torture/execute/20010904-1.c execution, -O3 -g
FAIL: gcc.c-torture/execute/20010904-1.c execution, -Os
FAIL: gcc.c-torture/execute/20010904-2.c execution, -O0
FAIL: gcc.c-torture/execute/20010904-2.c execution, -O1
FAIL: gcc.c-torture/execute/20010904-2.c execution, -O2
FAIL: gcc.c-torture/execute/20010904-2.c execution, -O3 -fomit-frame-pointer
FAIL: gcc.c-torture/execute/20010904-2.c execution, -O3 -g
FAIL: gcc.c-torture/execute/20010904-2.c execution, -Os
FAIL: gcc.c-torture/execute/920302-1.c compilation, -O1
FAIL: gcc.c-torture/execute/920302-1.c compilation, -O2
FAIL: gcc.c-torture/execute/920302-1.c compilation, -O3 -fomit-frame-pointer
FAIL: gcc.c-torture/execute/920302-1.c compilation, -O3 -fomit-frame-pointer -funroll-loops
FAIL: gcc.c-torture/execute/920302-1.c compilation, -O3 -fomit-frame-pointer -funroll-all-loops -finline-functions
FAIL: gcc.c-torture/execute/920302-1.c compilation, -O3 -g
FAIL: gcc.c-torture/execute/920302-1.c compilation, -Os
FAIL: gcc.c-torture/execute/920428-1.c compilation, -O1
FAIL: gcc.c-torture/execute/920428-1.c compilation, -O2
FAIL: gcc.c-torture/execute/920428-1.c compilation, -O3 -fomit-frame-pointer
FAIL: gcc.c-torture/execute/920428-1.c compilation, -O3 -g
FAIL: gcc.c-torture/execute/920428-1.c compilation, -Os
FAIL: gcc.c-torture/execute/920429-1.c compilation, -O1
FAIL: gcc.c-torture/execute/920429-1.c compilation, -O2
FAIL: gcc.c-torture/execute/920429-1.c compilation, -O3 -fomit-frame-pointer
FAIL: gcc.c-torture/execute/920429-1.c compilation, -O3 -g
FAIL: gcc.c-torture/execute/920429-1.c compilation, -Os
FAIL: gcc.c-torture/execute/920501-6.c compilation, -O1
FAIL: gcc.c-torture/execute/920501-6.c compilation, -O2
FAIL: gcc.c-torture/execute/920501-6.c compilation, -O3 -fomit-frame-pointer
FAIL: gcc.c-torture/execute/920501-6.c compilation, -O3 -fomit-frame-pointer -funroll-loops
FAIL: gcc.c-torture/execute/920501-6.c compilation, -O3 -fomit-frame-pointer -funroll-all-loops -finline-functions
FAIL: gcc.c-torture/execute/920501-6.c compilation, -O3 -g
FAIL: gcc.c-torture/execute/920501-6.c compilation, -Os
FAIL: gcc.c-torture/execute/920501-8.c compilation, -O1
FAIL: gcc.c-torture/execute/920501-8.c compilation, -O2
FAIL: gcc.c-torture/execute/920501-8.c compilation, -O3 -fomit-frame-pointer
FAIL: gcc.c-torture/execute/920501-8.c compilation, -O3 -g
FAIL: gcc.c-torture/execute/920501-8.c compilation, -Os
FAIL: gcc.c-torture/execute/920501-9.c compilation, -O1
FAIL: gcc.c-torture/execute/920501-9.c compilation, -O2
FAIL: gcc.c-torture/execute/920501-9.c compilation, -O3 -fomit-frame-pointer
FAIL: gcc.c-torture/execute/920501-9.c compilation, -O3 -g
FAIL: gcc.c-torture/execute/920501-9.c compilation, -Os
FAIL: gcc.c-torture/execute/920726-1.c compilation, -O1
FAIL: gcc.c-torture/execute/920726-1.c compilation, -O2
FAIL: gcc.c-torture/execute/920726-1.c compilation, -O3 -fomit-frame-pointer
FAIL: gcc.c-torture/execute/920726-1.c compilation, -O3 -fomit-frame-pointer -funroll-loops
FAIL: gcc.c-torture/execute/920726-1.c compilation, -O3 -fomit-frame-pointer -funroll-all-loops -finline-functions
FAIL: gcc.c-torture/execute/920726-1.c compilation, -O3 -g
FAIL: gcc.c-torture/execute/920726-1.c compilation, -Os
FAIL: gcc.c-torture/execute/921019-1.c compilation, -O1
FAIL: gcc.c-torture/execute/921019-1.c compilation, -O2
FAIL: gcc.c-torture/execute/921019-1.c compilation, -O3 -fomit-frame-pointer
FAIL: gcc.c-torture/execute/921019-1.c compilation, -O3 -g
FAIL: gcc.c-torture/execute/921019-1.c compilation, -Os
FAIL: gcc.c-torture/execute/921113-1.c compilation, -O1
FAIL: gcc.c-torture/execute/921113-1.c compilation, -O2
FAIL: gcc.c-torture/execute/921113-1.c compilation, -O3 -fomit-frame-pointer
FAIL: gcc.c-torture/execute/921113-1.c compilation, -O3 -g
FAIL: gcc.c-torture/execute/921113-1.c compilation, -Os
FAIL: gcc.c-torture/execute/921117-1.c compilation, -O1
FAIL: gcc.c-torture/execute/921117-1.c compilation, -O2
FAIL: gcc.c-torture/execute/921117-1.c compilation, -O3 -fomit-frame-pointer
FAIL: gcc.c-torture/execute/921117-1.c compilation, -O3 -g
FAIL: gcc.c-torture/execute/921117-1.c compilation, -Os
FAIL: gcc.c-torture/execute/921124-1.c compilation, -O1
FAIL: gcc.c-torture/execute/921124-1.c compilation, -O2
FAIL: gcc.c-torture/execute/921124-1.c compilation, -O3 -fomit-frame-pointer
FAIL: gcc.c-torture/execute/921124-1.c compilation, -O3 -g
FAIL: gcc.c-torture/execute/921124-1.c compilation, -Os
FAIL: gcc.c-torture/execute/921202-1.c compilation, -O1
FAIL: gcc.c-torture/execute/921202-1.c compilation, -O2
FAIL: gcc.c-torture/execute/921202-1.c compilation, -O3 -fomit-frame-pointer
FAIL: gcc.c-torture/execute/921202-1.c compilation, -O3 -fomit-frame-pointer -funroll-loops
FAIL: gcc.c-torture/execute/921202-1.c compilation, -O3 -fomit-frame-pointer -funroll-all-loops -finline-functions
FAIL: gcc.c-torture/execute/921202-1.c compilation, -O3 -g
FAIL: gcc.c-torture/execute/921202-1.c compilation, -Os
FAIL: gcc.c-torture/execute/921208-1.c compilation, -O1
FAIL: gcc.c-torture/execute/921208-1.c compilation, -O2
FAIL: gcc.c-torture/execute/921208-1.c compilation, -O3 -fomit-frame-pointer
FAIL: gcc.c-torture/execute/921208-1.c compilation, -O3 -g
FAIL: gcc.c-torture/execute/921208-1.c compilation, -Os
FAIL: gcc.c-torture/execute/921208-2.c compilation, -O1
FAIL: gcc.c-torture/execute/930106-1.c compilation, -O1
FAIL: gcc.c-torture/execute/930106-1.c compilation, -O2
FAIL: gcc.c-torture/execute/930106-1.c compilation, -Os
FAIL: gcc.c-torture/execute/930123-1.c compilation, -O1
FAIL: gcc.c-torture/execute/930123-1.c compilation, -O2
FAIL: gcc.c-torture/execute/930123-1.c compilation, -O3 -fomit-frame-pointer
FAIL: gcc.c-torture/execute/930123-1.c compilation, -O3 -g
FAIL: gcc.c-torture/execute/930123-1.c compilation, -Os
FAIL: gcc.c-torture/execute/930429-1.c compilation, -O1
FAIL: gcc.c-torture/execute/930429-1.c compilation, -O2
FAIL: gcc.c-torture/execute/930429-1.c compilation, -Os
FAIL: gcc.c-torture/execute/930513-1.c compilation, -O1
FAIL: gcc.c-torture/execute/930513-1.c compilation, -O2
FAIL: gcc.c-torture/execute/930513-1.c compilation, -O3 -fomit-frame-pointer
FAIL: gcc.c-torture/execute/930513-1.c compilation, -O3 -g
FAIL: gcc.c-torture/execute/930513-1.c compilation, -Os
FAIL: gcc.c-torture/execute/930603-1.c compilation, -O1
FAIL: gcc.c-torture/execute/930603-1.c compilation, -O2
FAIL: gcc.c-torture/execute/930603-1.c compilation, -O3 -fomit-frame-pointer
FAIL: gcc.c-torture/execute/930603-1.c compilation, -O3 -g
FAIL: gcc.c-torture/execute/930603-1.c compilation, -Os
FAIL: gcc.c-torture/execute/930608-1.c compilation, -O1
FAIL: gcc.c-torture/execute/930608-1.c compilation, -O2
FAIL: gcc.c-torture/execute/930608-1.c compilation, -O3 -fomit-frame-pointer
FAIL: gcc.c-torture/execute/930608-1.c compilation, -O3 -g
FAIL: gcc.c-torture/execute/930608-1.c compilation, -Os
FAIL: gcc.c-torture/execute/930622-2.c compilation, -O1
FAIL: gcc.c-torture/execute/930622-2.c compilation, -O2
FAIL: gcc.c-torture/execute/930622-2.c compilation, -O3 -fomit-frame-pointer
FAIL: gcc.c-torture/execute/930622-2.c compilation, -O3 -g
FAIL: gcc.c-torture/execute/930622-2.c compilation, -Os
FAIL: gcc.c-torture/execute/930702-1.c compilation, -O1
FAIL: gcc.c-torture/execute/930702-1.c compilation, -O2
FAIL: gcc.c-torture/execute/930702-1.c compilation, -O3 -fomit-frame-pointer
FAIL: gcc.c-torture/execute/930702-1.c compilation, -O3 -g
FAIL: gcc.c-torture/execute/930702-1.c compilation, -Os
FAIL: gcc.c-torture/execute/930725-1.c compilation, -O1
FAIL: gcc.c-torture/execute/930725-1.c compilation, -O2
FAIL: gcc.c-torture/execute/930725-1.c compilation, -O3 -fomit-frame-pointer
FAIL: gcc.c-torture/execute/930725-1.c compilation, -O3 -g
FAIL: gcc.c-torture/execute/930725-1.c compilation, -Os
FAIL: gcc.c-torture/execute/941014-2.c compilation, -O1
FAIL: gcc.c-torture/execute/941014-2.c compilation, -O2
FAIL: gcc.c-torture/execute/941014-2.c compilation, -O3 -fomit-frame-pointer
FAIL: gcc.c-torture/execute/941014-2.c compilation, -O3 -g
FAIL: gcc.c-torture/execute/941014-2.c compilation, -Os
FAIL: gcc.c-torture/execute/941021-1.c compilation, -O1
FAIL: gcc.c-torture/execute/941021-1.c compilation, -O2
FAIL: gcc.c-torture/execute/941021-1.c compilation, -Os
FAIL: gcc.c-torture/execute/950426-1.c compilation, -O1
FAIL: gcc.c-torture/execute/950426-1.c compilation, -O2
FAIL: gcc.c-torture/execute/950426-1.c compilation, -O3 -fomit-frame-pointer
FAIL: gcc.c-torture/execute/950426-1.c compilation, -O3 -g
FAIL: gcc.c-torture/execute/950426-1.c compilation, -Os
FAIL: gcc.c-torture/execute/960215-1.c compilation, -O1
FAIL: gcc.c-torture/execute/960215-1.c compilation, -O2
FAIL: gcc.c-torture/execute/960215-1.c compilation, -O3 -fomit-frame-pointer
FAIL: gcc.c-torture/execute/960215-1.c compilation, -O3 -g
FAIL: gcc.c-torture/execute/960215-1.c compilation, -Os
FAIL: gcc.c-torture/execute/960327-1.c compilation, -O1
FAIL: gcc.c-torture/execute/960327-1.c compilation, -O2
FAIL: gcc.c-torture/execute/960327-1.c compilation, -O3 -fomit-frame-pointer
FAIL: gcc.c-torture/execute/960327-1.c compilation, -O3 -fomit-frame-pointer -funroll-loops
FAIL: gcc.c-torture/execute/960327-1.c compilation, -O3 -fomit-frame-pointer -funroll-all-loops -finline-functions
FAIL: gcc.c-torture/execute/960327-1.c compilation, -O3 -g
FAIL: gcc.c-torture/execute/960327-1.c compilation, -Os
FAIL: gcc.c-torture/execute/961125-1.c compilation, -O1
FAIL: gcc.c-torture/execute/961125-1.c compilation, -O2
FAIL: gcc.c-torture/execute/961125-1.c compilation, -O3 -fomit-frame-pointer
FAIL: gcc.c-torture/execute/961125-1.c compilation, -O3 -fomit-frame-pointer -funroll-loops
FAIL: gcc.c-torture/execute/961125-1.c compilation, -O3 -fomit-frame-pointer -funroll-all-loops -finline-functions
FAIL: gcc.c-torture/execute/961125-1.c compilation, -O3 -g
FAIL: gcc.c-torture/execute/961125-1.c compilation, -Os
FAIL: gcc.c-torture/execute/961223-1.c compilation, -O1
FAIL: gcc.c-torture/execute/961223-1.c compilation, -O2
FAIL: gcc.c-torture/execute/961223-1.c compilation, -O3 -fomit-frame-pointer
FAIL: gcc.c-torture/execute/961223-1.c compilation, -O3 -g
FAIL: gcc.c-torture/execute/961223-1.c compilation, -Os
FAIL: gcc.c-torture/execute/980205.c compilation, -O1
FAIL: gcc.c-torture/execute/980205.c compilation, -O2
FAIL: gcc.c-torture/execute/980205.c compilation, -O3 -fomit-frame-pointer
FAIL: gcc.c-torture/execute/980205.c compilation, -O3 -g
FAIL: gcc.c-torture/execute/980205.c compilation, -Os
FAIL: gcc.c-torture/execute/980506-3.c compilation, -O1
FAIL: gcc.c-torture/execute/980506-3.c compilation, -O2
FAIL: gcc.c-torture/execute/980506-3.c compilation, -O3 -fomit-frame-pointer
FAIL: gcc.c-torture/execute/980506-3.c compilation, -O3 -g
FAIL: gcc.c-torture/execute/980506-3.c compilation, -Os
FAIL: gcc.c-torture/execute/980526-2.c compilation, -O1
FAIL: gcc.c-torture/execute/980526-2.c compilation, -O2
FAIL: gcc.c-torture/execute/980526-2.c compilation, -Os
FAIL: gcc.c-torture/execute/980605-1.c compilation, -O1
FAIL: gcc.c-torture/execute/980605-1.c compilation, -O2
FAIL: gcc.c-torture/execute/980605-1.c compilation, -O3 -fomit-frame-pointer
FAIL: gcc.c-torture/execute/980605-1.c compilation, -O3 -g
FAIL: gcc.c-torture/execute/980605-1.c compilation, -Os
FAIL: gcc.c-torture/execute/980608-1.c compilation, -O1
FAIL: gcc.c-torture/execute/980608-1.c compilation, -O2
FAIL: gcc.c-torture/execute/980608-1.c compilation, -O3 -fomit-frame-pointer
FAIL: gcc.c-torture/execute/980608-1.c compilation, -O3 -g
FAIL: gcc.c-torture/execute/980608-1.c compilation, -Os
FAIL: gcc.c-torture/execute/980707-1.c compilation, -Os
FAIL: gcc.c-torture/execute/980709-1.c compilation, -O1
FAIL: gcc.c-torture/execute/980709-1.c compilation, -O2
FAIL: gcc.c-torture/execute/980709-1.c compilation, -O3 -fomit-frame-pointer
FAIL: gcc.c-torture/execute/980709-1.c compilation, -O3 -g
FAIL: gcc.c-torture/execute/980709-1.c compilation, -Os
FAIL: gcc.c-torture/execute/980716-1.c compilation, -O1
FAIL: gcc.c-torture/execute/980716-1.c compilation, -O2
FAIL: gcc.c-torture/execute/980716-1.c compilation, -O3 -fomit-frame-pointer
FAIL: gcc.c-torture/execute/980716-1.c compilation, -O3 -fomit-frame-pointer -funroll-loops
FAIL: gcc.c-torture/execute/980716-1.c compilation, -O3 -fomit-frame-pointer -funroll-all-loops -finline-functions
FAIL: gcc.c-torture/execute/980716-1.c compilation, -O3 -g
FAIL: gcc.c-torture/execute/980716-1.c compilation, -Os
FAIL: gcc.c-torture/execute/990127-2.c compilation, -O1
FAIL: gcc.c-torture/execute/990127-2.c compilation, -O2
FAIL: gcc.c-torture/execute/990127-2.c compilation, -O3 -fomit-frame-pointer
FAIL: gcc.c-torture/execute/990127-2.c compilation, -O3 -g
FAIL: gcc.c-torture/execute/990127-2.c compilation, -Os
FAIL: gcc.c-torture/execute/990413-2.c compilation, -O1
FAIL: gcc.c-torture/execute/990413-2.c compilation, -O2
FAIL: gcc.c-torture/execute/990413-2.c compilation, -O3 -fomit-frame-pointer
FAIL: gcc.c-torture/execute/990413-2.c compilation, -O3 -g
FAIL: gcc.c-torture/execute/990413-2.c compilation, -Os
FAIL: gcc.c-torture/execute/990826-0.c compilation, -O1
FAIL: gcc.c-torture/execute/990826-0.c compilation, -O2
FAIL: gcc.c-torture/execute/990826-0.c compilation, -O3 -fomit-frame-pointer
FAIL: gcc.c-torture/execute/990826-0.c compilation, -O3 -fomit-frame-pointer -funroll-loops
FAIL: gcc.c-torture/execute/990826-0.c compilation, -O3 -fomit-frame-pointer -funroll-all-loops -finline-functions
FAIL: gcc.c-torture/execute/990826-0.c compilation, -O3 -g
FAIL: gcc.c-torture/execute/990829-1.c compilation, -O1
FAIL: gcc.c-torture/execute/990829-1.c compilation, -O2
FAIL: gcc.c-torture/execute/990829-1.c compilation, -O3 -fomit-frame-pointer
FAIL: gcc.c-torture/execute/990829-1.c compilation, -O3 -g
FAIL: gcc.c-torture/execute/990829-1.c compilation, -Os
FAIL: gcc.c-torture/execute/991019-1.c compilation, -O1
FAIL: gcc.c-torture/execute/991019-1.c compilation, -O2
FAIL: gcc.c-torture/execute/991019-1.c compilation, -O3 -fomit-frame-pointer
FAIL: gcc.c-torture/execute/991019-1.c compilation, -O3 -fomit-frame-pointer -funroll-loops
FAIL: gcc.c-torture/execute/991019-1.c compilation, -O3 -fomit-frame-pointer -funroll-all-loops -finline-functions
FAIL: gcc.c-torture/execute/991019-1.c compilation, -O3 -g
FAIL: gcc.c-torture/execute/991019-1.c compilation, -Os
FAIL: gcc.c-torture/execute/991030-1.c compilation, -O1
FAIL: gcc.c-torture/execute/991030-1.c compilation, -O2
FAIL: gcc.c-torture/execute/991030-1.c compilation, -O3 -fomit-frame-pointer
FAIL: gcc.c-torture/execute/991030-1.c compilation, -O3 -g
FAIL: gcc.c-torture/execute/991030-1.c compilation, -Os
FAIL: gcc.c-torture/execute/bcp-1.c compilation, -O1
FAIL: gcc.c-torture/execute/bcp-1.c compilation, -O2
FAIL: gcc.c-torture/execute/bcp-1.c compilation, -O3 -fomit-frame-pointer
FAIL: gcc.c-torture/execute/bcp-1.c compilation, -O3 -fomit-frame-pointer -funroll-loops
FAIL: gcc.c-torture/execute/bcp-1.c compilation, -O3 -fomit-frame-pointer -funroll-all-loops -finline-functions
FAIL: gcc.c-torture/execute/bcp-1.c compilation, -O3 -g
FAIL: gcc.c-torture/execute/bcp-1.c compilation, -Os
FAIL: gcc.c-torture/execute/built-in-setjmp.c compilation, -O1
FAIL: gcc.c-torture/execute/built-in-setjmp.c compilation, -O2
FAIL: gcc.c-torture/execute/built-in-setjmp.c compilation, -O3 -fomit-frame-pointer
FAIL: gcc.c-torture/execute/built-in-setjmp.c compilation, -O3 -fomit-frame-pointer -funroll-loops
FAIL: gcc.c-torture/execute/built-in-setjmp.c compilation, -O3 -fomit-frame-pointer -funroll-all-loops -finline-functions
FAIL: gcc.c-torture/execute/built-in-setjmp.c compilation, -O3 -g
FAIL: gcc.c-torture/execute/built-in-setjmp.c compilation, -Os
FAIL: gcc.c-torture/execute/builtin-complex-1.c compilation, -O1
FAIL: gcc.c-torture/execute/builtin-complex-1.c compilation, -O2
FAIL: gcc.c-torture/execute/builtin-complex-1.c compilation, -O3 -fomit-frame-pointer
FAIL: gcc.c-torture/execute/builtin-complex-1.c compilation, -O3 -g
FAIL: gcc.c-torture/execute/builtin-complex-1.c compilation, -Os
FAIL: gcc.c-torture/execute/cbrt.c compilation, -O1
FAIL: gcc.c-torture/execute/cbrt.c compilation, -O2
FAIL: gcc.c-torture/execute/cbrt.c compilation, -O3 -fomit-frame-pointer
FAIL: gcc.c-torture/execute/cbrt.c compilation, -O3 -g
FAIL: gcc.c-torture/execute/cbrt.c compilation, -Os
FAIL: gcc.c-torture/execute/complex-1.c compilation, -O1
FAIL: gcc.c-torture/execute/complex-1.c compilation, -O2
FAIL: gcc.c-torture/execute/complex-1.c compilation, -O3 -fomit-frame-pointer
FAIL: gcc.c-torture/execute/complex-1.c compilation, -O3 -g
FAIL: gcc.c-torture/execute/complex-1.c compilation, -Os
FAIL: gcc.c-torture/execute/complex-2.c compilation, -O1
FAIL: gcc.c-torture/execute/complex-2.c compilation, -O2
FAIL: gcc.c-torture/execute/complex-2.c compilation, -O3 -fomit-frame-pointer
FAIL: gcc.c-torture/execute/complex-2.c compilation, -O3 -g
FAIL: gcc.c-torture/execute/complex-2.c compilation, -Os
FAIL: gcc.c-torture/execute/conversion.c compilation, -O1
FAIL: gcc.c-torture/execute/conversion.c compilation, -O2
FAIL: gcc.c-torture/execute/conversion.c compilation, -O3 -fomit-frame-pointer
FAIL: gcc.c-torture/execute/conversion.c compilation, -O3 -g
FAIL: gcc.c-torture/execute/conversion.c compilation, -Os
FAIL: gcc.c-torture/execute/cvt-1.c compilation, -O1
FAIL: gcc.c-torture/execute/cvt-1.c compilation, -O2
FAIL: gcc.c-torture/execute/cvt-1.c compilation, -Os
FAIL: gcc.c-torture/execute/gofast.c compilation, -O1
FAIL: gcc.c-torture/execute/gofast.c compilation, -O2
FAIL: gcc.c-torture/execute/gofast.c compilation, -O3 -fomit-frame-pointer
FAIL: gcc.c-torture/execute/gofast.c compilation, -O3 -g
FAIL: gcc.c-torture/execute/gofast.c compilation, -Os
FAIL: gcc.c-torture/execute/loop-2c.c execution, -Os
FAIL: gcc.c-torture/execute/loop-2d.c execution, -Os
FAIL: gcc.c-torture/execute/loop-2e.c compilation, -O1
FAIL: gcc.c-torture/execute/loop-2e.c compilation, -O2
FAIL: gcc.c-torture/execute/loop-2e.c compilation, -O3 -fomit-frame-pointer
FAIL: gcc.c-torture/execute/loop-2e.c compilation, -O3 -fomit-frame-pointer -funroll-loops
FAIL: gcc.c-torture/execute/loop-2e.c compilation, -O3 -fomit-frame-pointer -funroll-all-loops -finline-functions
FAIL: gcc.c-torture/execute/loop-2e.c compilation, -O3 -g
FAIL: gcc.c-torture/execute/loop-2e.c compilation, -Os
FAIL: gcc.c-torture/execute/loop-2f.c compilation, -O1
FAIL: gcc.c-torture/execute/loop-2f.c compilation, -O2
FAIL: gcc.c-torture/execute/loop-2f.c compilation, -O3 -fomit-frame-pointer
FAIL: gcc.c-torture/execute/loop-2f.c compilation, -O3 -fomit-frame-pointer -funroll-loops
FAIL: gcc.c-torture/execute/loop-2f.c compilation, -O3 -fomit-frame-pointer -funroll-all-loops -finline-functions
FAIL: gcc.c-torture/execute/loop-2f.c compilation, -O3 -g
FAIL: gcc.c-torture/execute/loop-2f.c compilation, -Os
FAIL: gcc.c-torture/execute/loop-2g.c compilation, -O1
FAIL: gcc.c-torture/execute/loop-2g.c compilation, -O2
FAIL: gcc.c-torture/execute/loop-2g.c compilation, -O3 -fomit-frame-pointer
FAIL: gcc.c-torture/execute/loop-2g.c compilation, -O3 -fomit-frame-pointer -funroll-loops
FAIL: gcc.c-torture/execute/loop-2g.c compilation, -O3 -fomit-frame-pointer -funroll-all-loops -finline-functions
FAIL: gcc.c-torture/execute/loop-2g.c compilation, -O3 -g
FAIL: gcc.c-torture/execute/loop-2g.c compilation, -Os
FAIL: gcc.c-torture/execute/loop-3c.c execution, -Os
FAIL: gcc.c-torture/execute/ptr-arith-1.c compilation, -O1
FAIL: gcc.c-torture/execute/ptr-arith-1.c compilation, -O2
FAIL: gcc.c-torture/execute/ptr-arith-1.c compilation, -Os
FAIL: gcc.c-torture/execute/regstack-1.c compilation, -O1
FAIL: gcc.c-torture/execute/regstack-1.c compilation, -O2
FAIL: gcc.c-torture/execute/regstack-1.c compilation, -O3 -fomit-frame-pointer
FAIL: gcc.c-torture/execute/regstack-1.c compilation, -O3 -g
FAIL: gcc.c-torture/execute/regstack-1.c compilation, -Os
FAIL: gcc.c-torture/execute/stdio-opt-1.c compilation, -O1
FAIL: gcc.c-torture/execute/stdio-opt-1.c compilation, -O2
FAIL: gcc.c-torture/execute/stdio-opt-1.c compilation, -O3 -fomit-frame-pointer
FAIL: gcc.c-torture/execute/stdio-opt-1.c compilation, -O3 -g
FAIL: gcc.c-torture/execute/stdio-opt-1.c compilation, -Os
FAIL: gcc.c-torture/execute/stdio-opt-2.c compilation, -O1
FAIL: gcc.c-torture/execute/stdio-opt-2.c compilation, -O2
FAIL: gcc.c-torture/execute/stdio-opt-2.c compilation, -O3 -fomit-frame-pointer
FAIL: gcc.c-torture/execute/stdio-opt-2.c compilation, -O3 -g
FAIL: gcc.c-torture/execute/stdio-opt-2.c compilation, -Os
FAIL: gcc.c-torture/execute/stdio-opt-3.c compilation, -O1
FAIL: gcc.c-torture/execute/stdio-opt-3.c compilation, -O2
FAIL: gcc.c-torture/execute/stdio-opt-3.c compilation, -O3 -fomit-frame-pointer
FAIL: gcc.c-torture/execute/stdio-opt-3.c compilation, -O3 -g
FAIL: gcc.c-torture/execute/stdio-opt-3.c compilation, -Os
FAIL: gcc.c-torture/execute/strct-pack-1.c compilation, -O1
FAIL: gcc.c-torture/execute/strct-pack-1.c compilation, -O2
FAIL: gcc.c-torture/execute/strct-pack-1.c compilation, -O3 -fomit-frame-pointer
FAIL: gcc.c-torture/execute/strct-pack-1.c compilation, -O3 -g
FAIL: gcc.c-torture/execute/strct-pack-1.c compilation, -Os
FAIL: gcc.c-torture/execute/string-opt-10.c compilation, -O1
FAIL: gcc.c-torture/execute/string-opt-10.c compilation, -O2
FAIL: gcc.c-torture/execute/string-opt-10.c compilation, -O3 -fomit-frame-pointer
FAIL: gcc.c-torture/execute/string-opt-10.c compilation, -O3 -g
FAIL: gcc.c-torture/execute/string-opt-10.c compilation, -Os
FAIL: gcc.c-torture/execute/string-opt-2.c compilation, -O1
FAIL: gcc.c-torture/execute/string-opt-2.c compilation, -O2
FAIL: gcc.c-torture/execute/string-opt-2.c compilation, -O3 -fomit-frame-pointer
FAIL: gcc.c-torture/execute/string-opt-2.c compilation, -O3 -g
FAIL: gcc.c-torture/execute/string-opt-2.c compilation, -Os
FAIL: gcc.c-torture/execute/string-opt-3.c compilation, -O1
FAIL: gcc.c-torture/execute/string-opt-3.c compilation, -O2
FAIL: gcc.c-torture/execute/string-opt-3.c compilation, -O3 -fomit-frame-pointer
FAIL: gcc.c-torture/execute/string-opt-3.c compilation, -O3 -g
FAIL: gcc.c-torture/execute/string-opt-3.c compilation, -Os
FAIL: gcc.c-torture/execute/string-opt-5.c compilation, -O1
FAIL: gcc.c-torture/execute/string-opt-5.c compilation, -O2
FAIL: gcc.c-torture/execute/string-opt-5.c compilation, -O3 -fomit-frame-pointer
FAIL: gcc.c-torture/execute/string-opt-5.c compilation, -O3 -g
FAIL: gcc.c-torture/execute/string-opt-5.c compilation, -Os
FAIL: gcc.c-torture/execute/string-opt-6.c compilation, -O1
FAIL: gcc.c-torture/execute/string-opt-6.c compilation, -O2
FAIL: gcc.c-torture/execute/string-opt-6.c compilation, -O3 -fomit-frame-pointer
FAIL: gcc.c-torture/execute/string-opt-6.c compilation, -O3 -g
FAIL: gcc.c-torture/execute/string-opt-6.c compilation, -Os
FAIL: gcc.c-torture/execute/string-opt-7.c compilation, -O1
FAIL: gcc.c-torture/execute/string-opt-7.c compilation, -O2
FAIL: gcc.c-torture/execute/string-opt-7.c compilation, -O3 -fomit-frame-pointer
FAIL: gcc.c-torture/execute/string-opt-7.c compilation, -O3 -g
FAIL: gcc.c-torture/execute/string-opt-7.c compilation, -Os
FAIL: gcc.c-torture/execute/string-opt-8.c compilation, -O1
FAIL: gcc.c-torture/execute/string-opt-8.c compilation, -O2
FAIL: gcc.c-torture/execute/string-opt-8.c compilation, -O3 -fomit-frame-pointer
FAIL: gcc.c-torture/execute/string-opt-8.c compilation, -O3 -g
FAIL: gcc.c-torture/execute/string-opt-8.c compilation, -Os
FAIL: gcc.c-torture/execute/string-opt-9.c compilation, -O1
FAIL: gcc.c-torture/execute/string-opt-9.c compilation, -O2
FAIL: gcc.c-torture/execute/string-opt-9.c compilation, -O3 -fomit-frame-pointer
FAIL: gcc.c-torture/execute/string-opt-9.c compilation, -O3 -g
FAIL: gcc.c-torture/execute/string-opt-9.c compilation, -Os
FAIL: gcc.c-torture/execute/struct-ret-1.c compilation, -O1
FAIL: gcc.c-torture/execute/struct-ret-1.c compilation, -O2
FAIL: gcc.c-torture/execute/struct-ret-1.c compilation, -O3 -fomit-frame-pointer
FAIL: gcc.c-torture/execute/struct-ret-1.c compilation, -O3 -g
FAIL: gcc.c-torture/execute/struct-ret-1.c compilation, -Os
FAIL: gcc.c-torture/execute/va-arg-10.c compilation, -O1
FAIL: gcc.c-torture/execute/va-arg-10.c compilation, -O2
FAIL: gcc.c-torture/execute/va-arg-10.c compilation, -O3 -fomit-frame-pointer
FAIL: gcc.c-torture/execute/va-arg-10.c compilation, -O3 -fomit-frame-pointer -funroll-loops
FAIL: gcc.c-torture/execute/va-arg-10.c compilation, -O3 -fomit-frame-pointer -funroll-all-loops -finline-functions
FAIL: gcc.c-torture/execute/va-arg-10.c compilation, -O3 -g
FAIL: gcc.c-torture/execute/va-arg-10.c compilation, -Os
FAIL: gcc.c-torture/execute/va-arg-12.c compilation, -O1
FAIL: gcc.c-torture/execute/va-arg-12.c compilation, -O2
FAIL: gcc.c-torture/execute/va-arg-12.c compilation, -O3 -fomit-frame-pointer
FAIL: gcc.c-torture/execute/va-arg-12.c compilation, -O3 -g
FAIL: gcc.c-torture/execute/va-arg-12.c compilation, -Os
FAIL: gcc.c-torture/execute/va-arg-15.c compilation, -O1
FAIL: gcc.c-torture/execute/va-arg-15.c compilation, -O2
FAIL: gcc.c-torture/execute/va-arg-15.c compilation, -O3 -fomit-frame-pointer
FAIL: gcc.c-torture/execute/va-arg-15.c compilation, -O3 -fomit-frame-pointer -funroll-loops
FAIL: gcc.c-torture/execute/va-arg-15.c compilation, -O3 -fomit-frame-pointer -funroll-all-loops -finline-functions
FAIL: gcc.c-torture/execute/va-arg-15.c compilation, -O3 -g
FAIL: gcc.c-torture/execute/va-arg-15.c compilation, -Os
FAIL: gcc.c-torture/execute/va-arg-16.c compilation, -O1
FAIL: gcc.c-torture/execute/va-arg-16.c compilation, -O2
FAIL: gcc.c-torture/execute/va-arg-16.c compilation, -O3 -fomit-frame-pointer
FAIL: gcc.c-torture/execute/va-arg-16.c compilation, -O3 -g
FAIL: gcc.c-torture/execute/va-arg-16.c compilation, -Os
FAIL: gcc.c-torture/execute/va-arg-17.c compilation, -O1
FAIL: gcc.c-torture/execute/va-arg-17.c compilation, -O2
FAIL: gcc.c-torture/execute/va-arg-17.c compilation, -O3 -fomit-frame-pointer
FAIL: gcc.c-torture/execute/va-arg-17.c compilation, -O3 -g
FAIL: gcc.c-torture/execute/va-arg-17.c compilation, -Os
FAIL: gcc.c-torture/execute/va-arg-19.c compilation, -O1
FAIL: gcc.c-torture/execute/va-arg-19.c compilation, -O2
FAIL: gcc.c-torture/execute/va-arg-19.c compilation, -O3 -fomit-frame-pointer
FAIL: gcc.c-torture/execute/va-arg-19.c compilation, -O3 -g
FAIL: gcc.c-torture/execute/va-arg-19.c compilation, -Os
FAIL: gcc.c-torture/execute/va-arg-2.c compilation, -O1
FAIL: gcc.c-torture/execute/va-arg-2.c compilation, -O2
FAIL: gcc.c-torture/execute/va-arg-2.c compilation, -O3 -fomit-frame-pointer
FAIL: gcc.c-torture/execute/va-arg-2.c compilation, -O3 -fomit-frame-pointer -funroll-loops
FAIL: gcc.c-torture/execute/va-arg-2.c compilation, -O3 -fomit-frame-pointer -funroll-all-loops -finline-functions
FAIL: gcc.c-torture/execute/va-arg-2.c compilation, -O3 -g
FAIL: gcc.c-torture/execute/va-arg-2.c compilation, -Os
FAIL: gcc.c-torture/execute/va-arg-21.c compilation, -O1
FAIL: gcc.c-torture/execute/va-arg-21.c compilation, -O2
FAIL: gcc.c-torture/execute/va-arg-21.c compilation, -O3 -fomit-frame-pointer
FAIL: gcc.c-torture/execute/va-arg-21.c compilation, -O3 -fomit-frame-pointer -funroll-loops
FAIL: gcc.c-torture/execute/va-arg-21.c compilation, -O3 -fomit-frame-pointer -funroll-all-loops -finline-functions
FAIL: gcc.c-torture/execute/va-arg-21.c compilation, -O3 -g
FAIL: gcc.c-torture/execute/va-arg-21.c compilation, -Os
FAIL: gcc.c-torture/execute/va-arg-3.c compilation, -O1
FAIL: gcc.c-torture/execute/va-arg-3.c compilation, -O2
FAIL: gcc.c-torture/execute/va-arg-3.c compilation, -O3 -fomit-frame-pointer
FAIL: gcc.c-torture/execute/va-arg-3.c compilation, -O3 -fomit-frame-pointer -funroll-loops
FAIL: gcc.c-torture/execute/va-arg-3.c compilation, -O3 -fomit-frame-pointer -funroll-all-loops -finline-functions
FAIL: gcc.c-torture/execute/va-arg-3.c compilation, -O3 -g
FAIL: gcc.c-torture/execute/va-arg-3.c compilation, -Os
FAIL: gcc.c-torture/execute/va-arg-4.c compilation, -O1
FAIL: gcc.c-torture/execute/va-arg-4.c compilation, -O2
FAIL: gcc.c-torture/execute/va-arg-4.c compilation, -O3 -fomit-frame-pointer
FAIL: gcc.c-torture/execute/va-arg-4.c compilation, -O3 -g
FAIL: gcc.c-torture/execute/va-arg-4.c compilation, -Os
FAIL: gcc.c-torture/execute/va-arg-5.c compilation, -O1
FAIL: gcc.c-torture/execute/va-arg-5.c compilation, -O2
FAIL: gcc.c-torture/execute/va-arg-5.c compilation, -O3 -fomit-frame-pointer
FAIL: gcc.c-torture/execute/va-arg-5.c compilation, -O3 -g
FAIL: gcc.c-torture/execute/va-arg-5.c compilation, -Os
FAIL: gcc.c-torture/execute/va-arg-6.c compilation, -O1
FAIL: gcc.c-torture/execute/va-arg-6.c compilation, -O2
FAIL: gcc.c-torture/execute/va-arg-6.c compilation, -O3 -fomit-frame-pointer
FAIL: gcc.c-torture/execute/va-arg-6.c compilation, -O3 -g
FAIL: gcc.c-torture/execute/va-arg-6.c compilation, -Os
FAIL: gcc.c-torture/execute/va-arg-9.c compilation, -O1
FAIL: gcc.c-torture/execute/va-arg-9.c compilation, -O2
FAIL: gcc.c-torture/execute/va-arg-9.c compilation, -O3 -fomit-frame-pointer
FAIL: gcc.c-torture/execute/va-arg-9.c compilation, -O3 -fomit-frame-pointer -funroll-loops
FAIL: gcc.c-torture/execute/va-arg-9.c compilation, -O3 -fomit-frame-pointer -funroll-all-loops -finline-functions
FAIL: gcc.c-torture/execute/va-arg-9.c compilation, -O3 -g
FAIL: gcc.c-torture/execute/va-arg-9.c compilation, -Os
FAIL: gcc.c-torture/execute/ieee/20001122-1.c compilation, -O1
FAIL: gcc.c-torture/execute/ieee/20001122-1.c compilation, -O2
FAIL: gcc.c-torture/execute/ieee/20001122-1.c compilation, -O3 -fomit-frame-pointer
FAIL: gcc.c-torture/execute/ieee/20001122-1.c compilation, -O3 -fomit-frame-pointer -funroll-loops
FAIL: gcc.c-torture/execute/ieee/20001122-1.c compilation, -O3 -fomit-frame-pointer -funroll-all-loops -finline-functions
FAIL: gcc.c-torture/execute/ieee/20001122-1.c compilation, -O3 -g
FAIL: gcc.c-torture/execute/ieee/20001122-1.c compilation, -Os
FAIL: gcc.c-torture/execute/ieee/20010114-2.c compilation, -O1
FAIL: gcc.c-torture/execute/ieee/20010114-2.c compilation, -O2
FAIL: gcc.c-torture/execute/ieee/20010114-2.c compilation, -O3 -fomit-frame-pointer
FAIL: gcc.c-torture/execute/ieee/20010114-2.c compilation, -O3 -g
FAIL: gcc.c-torture/execute/ieee/20010114-2.c compilation, -Os
FAIL: gcc.c-torture/execute/ieee/20010226-1.c compilation, -O1
FAIL: gcc.c-torture/execute/ieee/20010226-1.c compilation, -O2
FAIL: gcc.c-torture/execute/ieee/20010226-1.c compilation, -O3 -fomit-frame-pointer
FAIL: gcc.c-torture/execute/ieee/20010226-1.c compilation, -O3 -g
FAIL: gcc.c-torture/execute/ieee/20010226-1.c compilation, -Os
FAIL: gcc.c-torture/execute/ieee/920810-1.c compilation, -O1
FAIL: gcc.c-torture/execute/ieee/920810-1.c compilation, -O2
FAIL: gcc.c-torture/execute/ieee/920810-1.c compilation, -O3 -fomit-frame-pointer
FAIL: gcc.c-torture/execute/ieee/920810-1.c compilation, -O3 -g
FAIL: gcc.c-torture/execute/ieee/920810-1.c compilation, -Os
FAIL: gcc.c-torture/execute/ieee/980619-1.c compilation, -O1
FAIL: gcc.c-torture/execute/ieee/980619-1.c compilation, -O2
FAIL: gcc.c-torture/execute/ieee/980619-1.c compilation, -O3 -fomit-frame-pointer
FAIL: gcc.c-torture/execute/ieee/980619-1.c compilation, -O3 -fomit-frame-pointer -funroll-loops
FAIL: gcc.c-torture/execute/ieee/980619-1.c compilation, -O3 -fomit-frame-pointer -funroll-all-loops -finline-functions
FAIL: gcc.c-torture/execute/ieee/980619-1.c compilation, -O3 -g
FAIL: gcc.c-torture/execute/ieee/980619-1.c compilation, -Os
FAIL: gcc.c-torture/execute/ieee/mzero2.c compilation, -O1
FAIL: gcc.c-torture/execute/ieee/mzero2.c compilation, -O2
FAIL: gcc.c-torture/execute/ieee/mzero2.c compilation, -O3 -fomit-frame-pointer
FAIL: gcc.c-torture/execute/ieee/mzero2.c compilation, -O3 -g
FAIL: gcc.c-torture/execute/ieee/mzero2.c compilation, -Os
FAIL: gcc.c-torture/execute/ieee/rbug.c compilation, -O1
FAIL: gcc.c-torture/execute/ieee/rbug.c compilation, -O2
FAIL: gcc.c-torture/execute/ieee/rbug.c compilation, -O3 -fomit-frame-pointer
FAIL: gcc.c-torture/execute/ieee/rbug.c compilation, -O3 -g
FAIL: gcc.c-torture/execute/ieee/rbug.c compilation, -Os
FAIL: gcc.c-torture/unsorted/BUG11.c, -O1
FAIL: gcc.c-torture/unsorted/BUG11.c, -O2
FAIL: gcc.c-torture/unsorted/BUG11.c, -O3 -fomit-frame-pointer
FAIL: gcc.c-torture/unsorted/BUG11.c, -O3 -g
FAIL: gcc.c-torture/unsorted/BUG11.c, -Os
FAIL: gcc.c-torture/unsorted/BUG5.c, -O1
FAIL: gcc.c-torture/unsorted/BUG5.c, -O2
FAIL: gcc.c-torture/unsorted/BUG5.c, -O3 -fomit-frame-pointer
FAIL: gcc.c-torture/unsorted/BUG5.c, -O3 -g
FAIL: gcc.c-torture/unsorted/BUG5.c, -Os
FAIL: gcc.c-torture/unsorted/BUG6.c, -O1
FAIL: gcc.c-torture/unsorted/BUG6.c, -O2
FAIL: gcc.c-torture/unsorted/BUG6.c, -O3 -fomit-frame-pointer
FAIL: gcc.c-torture/unsorted/BUG6.c, -O3 -g
FAIL: gcc.c-torture/unsorted/BUG6.c, -Os
FAIL: gcc.c-torture/unsorted/DFcmp.c, -O1
FAIL: gcc.c-torture/unsorted/DFcmp.c, -O2
FAIL: gcc.c-torture/unsorted/DFcmp.c, -O3 -fomit-frame-pointer
FAIL: gcc.c-torture/unsorted/DFcmp.c, -O3 -g
FAIL: gcc.c-torture/unsorted/DFcmp.c, -Os
FAIL: gcc.c-torture/unsorted/abs.c, -O1
FAIL: gcc.c-torture/unsorted/abs.c, -O2
FAIL: gcc.c-torture/unsorted/abs.c, -O3 -fomit-frame-pointer
FAIL: gcc.c-torture/unsorted/abs.c, -O3 -g
FAIL: gcc.c-torture/unsorted/abs.c, -Os
FAIL: gcc.c-torture/unsorted/ac.c, -O1
FAIL: gcc.c-torture/unsorted/ac.c, -O2
FAIL: gcc.c-torture/unsorted/ac.c, -O3 -fomit-frame-pointer
FAIL: gcc.c-torture/unsorted/ac.c, -O3 -fomit-frame-pointer -funroll-loops
FAIL: gcc.c-torture/unsorted/ac.c, -O3 -fomit-frame-pointer -funroll-all-loops -finline-functions
FAIL: gcc.c-torture/unsorted/ac.c, -O3 -g
FAIL: gcc.c-torture/unsorted/ac.c, -Os
FAIL: gcc.c-torture/unsorted/andm.c, -O1
FAIL: gcc.c-torture/unsorted/andm.c, -O2
FAIL: gcc.c-torture/unsorted/andm.c, -O3 -fomit-frame-pointer
FAIL: gcc.c-torture/unsorted/andm.c, -O3 -g
FAIL: gcc.c-torture/unsorted/andm.c, -Os
FAIL: gcc.c-torture/unsorted/andmem.c, -O1
FAIL: gcc.c-torture/unsorted/andmem.c, -O2
FAIL: gcc.c-torture/unsorted/andmem.c, -O3 -fomit-frame-pointer
FAIL: gcc.c-torture/unsorted/andmem.c, -O3 -g
FAIL: gcc.c-torture/unsorted/andmem.c, -Os
FAIL: gcc.c-torture/unsorted/as.c, -O1
FAIL: gcc.c-torture/unsorted/as.c, -O2
FAIL: gcc.c-torture/unsorted/as.c, -O3 -fomit-frame-pointer
FAIL: gcc.c-torture/unsorted/as.c, -O3 -g
FAIL: gcc.c-torture/unsorted/as.c, -Os
FAIL: gcc.c-torture/unsorted/b1.c, -O1
FAIL: gcc.c-torture/unsorted/b1.c, -O2
FAIL: gcc.c-torture/unsorted/b1.c, -O3 -fomit-frame-pointer
FAIL: gcc.c-torture/unsorted/b1.c, -O3 -g
FAIL: gcc.c-torture/unsorted/b1.c, -Os
FAIL: gcc.c-torture/unsorted/band.c, -O1
FAIL: gcc.c-torture/unsorted/band.c, -O2
FAIL: gcc.c-torture/unsorted/band.c, -O3 -fomit-frame-pointer
FAIL: gcc.c-torture/unsorted/band.c, -O3 -g
FAIL: gcc.c-torture/unsorted/band.c, -Os
FAIL: gcc.c-torture/unsorted/bf.c, -O1
FAIL: gcc.c-torture/unsorted/bf.c, -O2
FAIL: gcc.c-torture/unsorted/bf.c, -O3 -fomit-frame-pointer
FAIL: gcc.c-torture/unsorted/bf.c, -O3 -g
FAIL: gcc.c-torture/unsorted/bf.c, -Os
FAIL: gcc.c-torture/unsorted/bfx.c, -O1
FAIL: gcc.c-torture/unsorted/bfx.c, -O2
FAIL: gcc.c-torture/unsorted/bfx.c, -O3 -fomit-frame-pointer
FAIL: gcc.c-torture/unsorted/bfx.c, -O3 -g
FAIL: gcc.c-torture/unsorted/bfx.c, -Os
FAIL: gcc.c-torture/unsorted/blk.c, -O1
FAIL: gcc.c-torture/unsorted/blk.c, -O2
FAIL: gcc.c-torture/unsorted/blk.c, -O3 -fomit-frame-pointer
FAIL: gcc.c-torture/unsorted/blk.c, -O3 -g
FAIL: gcc.c-torture/unsorted/blk.c, -Os
FAIL: gcc.c-torture/unsorted/bt386.c, -O1
FAIL: gcc.c-torture/unsorted/bt386.c, -O2
FAIL: gcc.c-torture/unsorted/bt386.c, -O3 -fomit-frame-pointer
FAIL: gcc.c-torture/unsorted/bt386.c, -O3 -fomit-frame-pointer -funroll-loops
FAIL: gcc.c-torture/unsorted/bt386.c, -O3 -fomit-frame-pointer -funroll-all-loops -finline-functions
FAIL: gcc.c-torture/unsorted/bt386.c, -O3 -g
FAIL: gcc.c-torture/unsorted/bt386.c, -Os
FAIL: gcc.c-torture/unsorted/buns.c, -O1
FAIL: gcc.c-torture/unsorted/buns.c, -O2
FAIL: gcc.c-torture/unsorted/buns.c, -Os
FAIL: gcc.c-torture/unsorted/cc.c, -O1
FAIL: gcc.c-torture/unsorted/cc.c, -O2
FAIL: gcc.c-torture/unsorted/cc.c, -O3 -fomit-frame-pointer
FAIL: gcc.c-torture/unsorted/cc.c, -O3 -g
FAIL: gcc.c-torture/unsorted/cc.c, -Os
FAIL: gcc.c-torture/unsorted/conv.c, -O1
FAIL: gcc.c-torture/unsorted/conv.c, -O2
FAIL: gcc.c-torture/unsorted/conv.c, -O3 -fomit-frame-pointer
FAIL: gcc.c-torture/unsorted/conv.c, -O3 -g
FAIL: gcc.c-torture/unsorted/conv.c, -Os
FAIL: gcc.c-torture/unsorted/conv_tst.c, -O1
FAIL: gcc.c-torture/unsorted/conv_tst.c, -O2
FAIL: gcc.c-torture/unsorted/conv_tst.c, -O3 -fomit-frame-pointer
FAIL: gcc.c-torture/unsorted/conv_tst.c, -O3 -g
FAIL: gcc.c-torture/unsorted/conv_tst.c, -Os
FAIL: gcc.c-torture/unsorted/di.c, -O1
FAIL: gcc.c-torture/unsorted/di.c, -O2
FAIL: gcc.c-torture/unsorted/di.c, -O3 -fomit-frame-pointer
FAIL: gcc.c-torture/unsorted/di.c, -O3 -g
FAIL: gcc.c-torture/unsorted/di.c, -Os
FAIL: gcc.c-torture/unsorted/dm.c, -O1
FAIL: gcc.c-torture/unsorted/dm.c, -O2
FAIL: gcc.c-torture/unsorted/dm.c, -O3 -fomit-frame-pointer
FAIL: gcc.c-torture/unsorted/dm.c, -O3 -g
FAIL: gcc.c-torture/unsorted/dm.c, -Os
FAIL: gcc.c-torture/unsorted/dshift.c, -O1
FAIL: gcc.c-torture/unsorted/dshift.c, -O2
FAIL: gcc.c-torture/unsorted/dshift.c, -O3 -fomit-frame-pointer
FAIL: gcc.c-torture/unsorted/dshift.c, -O3 -g
FAIL: gcc.c-torture/unsorted/dshift.c, -Os
FAIL: gcc.c-torture/unsorted/ex.c, -O1
FAIL: gcc.c-torture/unsorted/ex.c, -O2
FAIL: gcc.c-torture/unsorted/ex.c, -O3 -fomit-frame-pointer
FAIL: gcc.c-torture/unsorted/ex.c, -O3 -g
FAIL: gcc.c-torture/unsorted/ex.c, -Os
FAIL: gcc.c-torture/unsorted/f1.c, -O1
FAIL: gcc.c-torture/unsorted/f1.c, -O2
FAIL: gcc.c-torture/unsorted/f1.c, -O3 -fomit-frame-pointer
FAIL: gcc.c-torture/unsorted/f1.c, -O3 -g
FAIL: gcc.c-torture/unsorted/f1.c, -Os
FAIL: gcc.c-torture/unsorted/flt_const.c, -O1
FAIL: gcc.c-torture/unsorted/flt_const.c, -O2
FAIL: gcc.c-torture/unsorted/flt_const.c, -O3 -fomit-frame-pointer
FAIL: gcc.c-torture/unsorted/flt_const.c, -O3 -g
FAIL: gcc.c-torture/unsorted/flt_const.c, -Os
FAIL: gcc.c-torture/unsorted/fnul.c, -O1
FAIL: gcc.c-torture/unsorted/fnul.c, -O2
FAIL: gcc.c-torture/unsorted/fnul.c, -O3 -fomit-frame-pointer
FAIL: gcc.c-torture/unsorted/fnul.c, -O3 -fomit-frame-pointer -funroll-loops
FAIL: gcc.c-torture/unsorted/fnul.c, -O3 -fomit-frame-pointer -funroll-all-loops -finline-functions
FAIL: gcc.c-torture/unsorted/fnul.c, -O3 -g
FAIL: gcc.c-torture/unsorted/fnul.c, -Os
FAIL: gcc.c-torture/unsorted/gen_tst.c, -O1
FAIL: gcc.c-torture/unsorted/gen_tst.c, -O2
FAIL: gcc.c-torture/unsorted/gen_tst.c, -O3 -fomit-frame-pointer
FAIL: gcc.c-torture/unsorted/gen_tst.c, -O3 -fomit-frame-pointer -funroll-loops
FAIL: gcc.c-torture/unsorted/gen_tst.c, -O3 -fomit-frame-pointer -funroll-all-loops -finline-functions
FAIL: gcc.c-torture/unsorted/gen_tst.c, -O3 -g
FAIL: gcc.c-torture/unsorted/gen_tst.c, -Os
FAIL: gcc.c-torture/unsorted/i++.c, -O1
FAIL: gcc.c-torture/unsorted/i++.c, -O2
FAIL: gcc.c-torture/unsorted/i++.c, -O3 -fomit-frame-pointer
FAIL: gcc.c-torture/unsorted/i++.c, -O3 -g
FAIL: gcc.c-torture/unsorted/i++.c, -Os
FAIL: gcc.c-torture/unsorted/loop386.c, -O1
FAIL: gcc.c-torture/unsorted/loop386.c, -O2
FAIL: gcc.c-torture/unsorted/loop386.c, -O3 -fomit-frame-pointer
FAIL: gcc.c-torture/unsorted/loop386.c, -O3 -fomit-frame-pointer -funroll-loops
FAIL: gcc.c-torture/unsorted/loop386.c, -O3 -fomit-frame-pointer -funroll-all-loops -finline-functions
FAIL: gcc.c-torture/unsorted/loop386.c, -O3 -g
FAIL: gcc.c-torture/unsorted/loop386.c, -Os
FAIL: gcc.c-torture/unsorted/mdouble.c, -O1
FAIL: gcc.c-torture/unsorted/mdouble.c, -O2
FAIL: gcc.c-torture/unsorted/mdouble.c, -O3 -fomit-frame-pointer
FAIL: gcc.c-torture/unsorted/mdouble.c, -O3 -g
FAIL: gcc.c-torture/unsorted/mdouble.c, -Os
FAIL: gcc.c-torture/unsorted/miscomp.c, -O1
FAIL: gcc.c-torture/unsorted/miscomp.c, -O2
FAIL: gcc.c-torture/unsorted/miscomp.c, -O3 -fomit-frame-pointer
FAIL: gcc.c-torture/unsorted/miscomp.c, -O3 -g
FAIL: gcc.c-torture/unsorted/miscomp.c, -Os
FAIL: gcc.c-torture/unsorted/or386.c, -O1
FAIL: gcc.c-torture/unsorted/or386.c, -O2
FAIL: gcc.c-torture/unsorted/or386.c, -O3 -fomit-frame-pointer
FAIL: gcc.c-torture/unsorted/or386.c, -O3 -g
FAIL: gcc.c-torture/unsorted/or386.c, -Os
FAIL: gcc.c-torture/unsorted/pret-arg.c, -O1
FAIL: gcc.c-torture/unsorted/pret-arg.c, -O2
FAIL: gcc.c-torture/unsorted/pret-arg.c, -O3 -fomit-frame-pointer
FAIL: gcc.c-torture/unsorted/pret-arg.c, -O3 -g
FAIL: gcc.c-torture/unsorted/pret-arg.c, -Os
FAIL: gcc.c-torture/unsorted/r1.c, -O1
FAIL: gcc.c-torture/unsorted/r1.c, -O2
FAIL: gcc.c-torture/unsorted/r1.c, -O3 -fomit-frame-pointer
FAIL: gcc.c-torture/unsorted/r1.c, -O3 -g
FAIL: gcc.c-torture/unsorted/r1.c, -Os
FAIL: gcc.c-torture/unsorted/round.c, -O1
FAIL: gcc.c-torture/unsorted/round.c, -O2
FAIL: gcc.c-torture/unsorted/round.c, -O3 -fomit-frame-pointer
FAIL: gcc.c-torture/unsorted/round.c, -O3 -g
FAIL: gcc.c-torture/unsorted/round.c, -Os
FAIL: gcc.c-torture/unsorted/scal.c, -O1
FAIL: gcc.c-torture/unsorted/scal.c, -O2
FAIL: gcc.c-torture/unsorted/scal.c, -O3 -fomit-frame-pointer
FAIL: gcc.c-torture/unsorted/scal.c, -O3 -g
FAIL: gcc.c-torture/unsorted/scal.c, -Os
FAIL: gcc.c-torture/unsorted/shft.c, -O1
FAIL: gcc.c-torture/unsorted/shft.c, -O2
FAIL: gcc.c-torture/unsorted/shft.c, -Os
FAIL: gcc.c-torture/unsorted/signext.c, -O1
FAIL: gcc.c-torture/unsorted/signext.c, -O2
FAIL: gcc.c-torture/unsorted/signext.c, -O3 -fomit-frame-pointer
FAIL: gcc.c-torture/unsorted/signext.c, -O3 -g
FAIL: gcc.c-torture/unsorted/signext.c, -Os
FAIL: gcc.c-torture/unsorted/signext2.c, -O1
FAIL: gcc.c-torture/unsorted/signext2.c, -O2
FAIL: gcc.c-torture/unsorted/signext2.c, -O3 -fomit-frame-pointer
FAIL: gcc.c-torture/unsorted/signext2.c, -O3 -g
FAIL: gcc.c-torture/unsorted/signext2.c, -Os
FAIL: gcc.c-torture/unsorted/structret.c, -O1
FAIL: gcc.c-torture/unsorted/structret.c, -O2
FAIL: gcc.c-torture/unsorted/structret.c, -O3 -fomit-frame-pointer
FAIL: gcc.c-torture/unsorted/structret.c, -O3 -g
FAIL: gcc.c-torture/unsorted/structret.c, -Os
FAIL: gcc.c-torture/unsorted/subcc.c, -O1
FAIL: gcc.c-torture/unsorted/subcc.c, -O2
FAIL: gcc.c-torture/unsorted/subcc.c, -O3 -fomit-frame-pointer
FAIL: gcc.c-torture/unsorted/subcc.c, -O3 -g
FAIL: gcc.c-torture/unsorted/subcc.c, -Os
FAIL: gcc.c-torture/unsorted/trunc.c, -O1
FAIL: gcc.c-torture/unsorted/trunc.c, -O2
FAIL: gcc.c-torture/unsorted/trunc.c, -O3 -fomit-frame-pointer
FAIL: gcc.c-torture/unsorted/trunc.c, -O3 -g
FAIL: gcc.c-torture/unsorted/trunc.c, -Os
FAIL: gcc.c-torture/unsorted/udconvert.c, -O1
FAIL: gcc.c-torture/unsorted/udconvert.c, -O2
FAIL: gcc.c-torture/unsorted/udconvert.c, -O3 -fomit-frame-pointer
FAIL: gcc.c-torture/unsorted/udconvert.c, -O3 -g
FAIL: gcc.c-torture/unsorted/udconvert.c, -Os
FAIL: gcc.c-torture/unsorted/udivmod4.c, -O1
FAIL: gcc.c-torture/unsorted/udivmod4.c, -O2
FAIL: gcc.c-torture/unsorted/udivmod4.c, -O3 -fomit-frame-pointer
FAIL: gcc.c-torture/unsorted/udivmod4.c, -O3 -fomit-frame-pointer -funroll-loops
FAIL: gcc.c-torture/unsorted/udivmod4.c, -O3 -fomit-frame-pointer -funroll-all-loops -finline-functions
FAIL: gcc.c-torture/unsorted/udivmod4.c, -O3 -g
FAIL: gcc.c-torture/unsorted/udivmod4.c, -Os
FAIL: gcc.c-torture/unsorted/xb.c, -O1
FAIL: gcc.c-torture/unsorted/xb.c, -O2
FAIL: gcc.c-torture/unsorted/xb.c, -O3 -fomit-frame-pointer
FAIL: gcc.c-torture/unsorted/xb.c, -O3 -g
FAIL: gcc.c-torture/unsorted/xb.c, -Os
FAIL: gcc.c-torture/unsorted/xorn.c, -O1
FAIL: gcc.c-torture/unsorted/xorn.c, -O2
FAIL: gcc.c-torture/unsorted/xorn.c, -O3 -fomit-frame-pointer
FAIL: gcc.c-torture/unsorted/xorn.c, -O3 -fomit-frame-pointer -funroll-loops
FAIL: gcc.c-torture/unsorted/xorn.c, -O3 -fomit-frame-pointer -funroll-all-loops -finline-functions
FAIL: gcc.c-torture/unsorted/xorn.c, -O3 -g
FAIL: gcc.c-torture/unsorted/xorn.c, -Os
FAIL: gcc.c-torture/unsorted/xpp.c, -O1
FAIL: gcc.c-torture/unsorted/xpp.c, -O2
FAIL: gcc.c-torture/unsorted/xpp.c, -O3 -fomit-frame-pointer
FAIL: gcc.c-torture/unsorted/xpp.c, -O3 -g
FAIL: gcc.c-torture/unsorted/xpp.c, -Os
FAIL: gcc.dg/20000614-1.c (test for excess errors)
FAIL: gcc.dg/20001108-1.c (test for excess errors)
FAIL: gcc.dg/20001117-1.c (test for excess errors)
FAIL: gcc.dg/980312-1.c (test for excess errors)
FAIL: gcc.dg/980313-1.c (test for excess errors)
FAIL: gcc.dg/980414-1.c (test for excess errors)
FAIL: gcc.dg/format/ext-3.c bad %_0 (test for warnings, line 213)
FAIL: gcc.dg/format/ext-3.c bad %^# (test for warnings, line 215)
FAIL: gcc.dg/format/ext-3.c (test for excess errors)
=== gcc Summary ===
# of expected passes 14273
# of unexpected failures 1021
# of expected failures 54
# of unresolved testcases 553
# of unsupported tests 23
/usr/local/src/build/gcc/gcc/xgcc version 3.1 20010912 (experimental)
=== objc tests ===
Running target unix
FAIL: objc/execute/formal_protocol-6.m execution, -O
FAIL: objc.dg/method-2.m (test for warnings, line 25)
FAIL: objc.dg/method-2.m (test for warnings, line 25)
=== objc Summary ===
# of expected passes 205
# of unexpected failures 3
/usr/local/src/build/gcc/gcc/xgcc version 3.1 20010912 (experimental)
=== libjava tests ===
Running target unix
FAIL: OperatorBenchmark -O compilation from source
FAIL: OperatorBenchmark -O compilation from bytecode
FAIL: register run
FAIL: PR160 -O compilation from source
FAIL: Primes output from source compiled test
FAIL: Primes output from bytecode->native test
FAIL: Primes -O compilation from source
FAIL: Primes -O compilation from bytecode
FAIL: err12 -O compilation from source
FAIL: err12 -O compilation from bytecode
FAIL: err4 -O compilation from source
FAIL: err4 -O compilation from bytecode
XPASS: stringconst output from bytecode->native test
XPASS: stringconst -O output from bytecode->native test
FAIL: TLtest -O compilation from source
FAIL: TLtest -O compilation from bytecode
=== libjava Summary ===
# of expected passes 1852
# of unexpected failures 14
# of unexpected successes 2
# of expected failures 16
# of untested testcases 35
=== libstdc++-v3 tests ===
Running target unix
FAIL: 22_locale/codecvt.cc (test for excess errors)
XPASS: 22_locale/collate_members_wchar_t.cc execution test
=== libstdc++-v3 Summary ===
# of expected passes 301
# of unexpected failures 1
# of unexpected successes 1
# of expected failures 21
Compiler version: 3.1 20010912 (experimental)
Platform: i686-pc-linux-gnu
configure flags: --host=i686-pc-linux-gnu --verbose --enable-threads=posix --with-system-zlib --enable-shared --disable-nls --enable-checking
BOOT_CFLAGS=-g -Os -march=i686
Counting all warnings,
there are 53 warnings in stage3 of this bootstrap.
Number of warnings per file:
23 gcc/combine.c
6 gcc/cp/pt.c
5 gcc/cse.c
5 gcc/cp/error.c
3 gcc/gcc.c
2 gcc/tlink.c
2 gcc/fold-const.c
1 gcc/objc/lang-specs.h
1 gcc/java/jvspec.c
1 gcc/f/lang-specs.h
1 gcc/cp/lang-specs.h
1 gcc/cp/errfn.c
1 gcc/builtins.c
1 gcc/bb-reorder.c
Number of warning types:
34 comparison between signed and unsigned
7 string length \`???' is greater than the length \`???' ISO C89 compilers are required to support
5 initialization from incompatible pointer type
2 passing arg ??? of \`???' discards qualifiers from pointer target type
1 unused variable \`???'
1 signed and unsigned type in conditional expression
1 pointer targets in passing arg ??? of \`???' differ in signedness
1 function declaration isn't a prototype
1 \`???' defined but not used