This is the mail archive of the
gcc-testresults@gcc.gnu.org
mailing list for the GCC project.
Results for 3.0.2 20010910 (prerelease) testsuite on i686-pc-cygwin
- To: "'gcc-testresults at gcc dot gnu dot org'" <gcc-testresults at gcc dot gnu dot org>
- Subject: Results for 3.0.2 20010910 (prerelease) testsuite on i686-pc-cygwin
- From: "Billinghurst, David (CRTS)" <David dot Billinghurst at riotinto dot com>
- Date: Tue, 11 Sep 2001 23:45:58 -0000
LAST_UPDATED: Tue Sep 11 06:49:49 2001
Native configuration is i686-pc-cygwin
=== g++ tests ===
Running target unix
FAIL: g++.dg/special/conpr-1.C execution test
FAIL: g++.dg/special/conpr-2.C execution test
FAIL: g++.dg/special/conpr-3.C execution test
FAIL: g++.dg/special/conpr-3.C execution test
FAIL: g++.dg/special/conpr-1.C execution test
FAIL: g++.brendan/crash20.C (test for excess errors)
FAIL: g++.eh/badalloc1.C Execution test
FAIL: g++.eh/unwind1.C Execution test
FAIL: g++.ext/instantiate1.C not instantiated (test for errors, line 20)
FAIL: g++.ext/instantiate3.C not instantiated (test for errors, line 13)
XPASS: g++.ext/instantiate3.C (test for excess errors)
XPASS: g++.jason/template18.C (test for excess errors)
XPASS: g++.jason/template18.C Execution test
FAIL: g++.law/code-gen5.C (test for excess errors)
FAIL: g++.law/ctors6.C (test for excess errors)
FAIL: g++.law/operators4.C (test for excess errors)
FAIL: g++.other/headers1.C (test for excess errors)
FAIL: g++.robertl/eb3.C (test for excess errors)
=== g++ Summary ===
# of expected passes 6487
# of unexpected failures 15
# of unexpected successes 3
# of expected failures 102
# of untested testcases 15
/usr/local/obj/gcc-3.0/gcc/testsuite/../g++ version 3.0.2 20010910
(prerelease)
=== g77 tests ===
Running target unix
=== g77 Summary ===
# of expected passes 949
=== gcc tests ===
Running target unix
XPASS: gcc.c-torture/execute/20000801-4.c execution, -O0
XPASS: gcc.c-torture/execute/20000801-4.c execution, -O1
XPASS: gcc.c-torture/execute/20000801-4.c execution, -O2
XPASS: gcc.c-torture/execute/20000801-4.c execution, -O3
-fomit-frame-pointer
XPASS: gcc.c-torture/execute/20000801-4.c execution, -O3 -g
XPASS: gcc.c-torture/execute/20000801-4.c execution, -Os
FAIL: gcc.dg/asm-fs-1.c scan-assembler-not \\*_bar
FAIL: gcc.dg/asm-fs-1.c scan-assembler-not \\*_baz
=== gcc Summary ===
# of expected passes 15270
# of unexpected failures 2
# of unexpected successes 6
# of expected failures 76
# of unsupported tests 25
/usr/local/obj/gcc-3.0/gcc/xgcc version 3.0.2 20010910 (prerelease)
=== objc tests ===
Running target unix
=== objc Summary ===
# of expected passes 153
# of expected failures 1
/usr/local/obj/gcc-3.0/gcc/xgcc version 3.0.2 20010910 (prerelease)
=== libstdc++-v3 tests ===
Running target unix
FAIL: 22_locale/ctype_char_members.cc execution test
XPASS: 26_numerics/c99_classification_macros_c.cc (test for excess errors)
=== libstdc++-v3 Summary ===
# of expected passes 246
# of unexpected failures 1
# of unexpected successes 1
# of expected failures 7
Compiler version: 3.0.2 20010910 (prerelease)
Platform: i686-pc-cygwin
configure flags: --host=i686-pc-cygwin --enable-threads=posix
--disable-libgcj --enable-sjlj-exceptions --disable-shared
Counting all warnings,
there are 120 warnings in stage3 of this bootstrap.
Number of warnings per file:
28 gcc/combine.c
13 gcc/gcc.c
10 gcc/reg-stack.c
6 gcc/cp/pt.c
5 gcc/cse.c
5 gcc/cp/error.c
5 gcc/cp/call.c
4 gcc/dwarf2out.c
3 insn-emit.c
3 gcc/unwind-sjlj.c
3 gcc/reload1.c
3 gcc/except.c
3 gcc/cp/lang-specs.h
3 gcc/config/i386/i386.md
3 gcc/config/i386/i386.c
3 gcc/alias.c
2 gcc/reload.c
2 gcc/function.c
2 gcc/fold-const.c
2 gcc/expr.c
1 gcc/unwind-pe.h
1 gcc/sdbout.c
1 gcc/sched-deps.c
1 gcc/regmove.c
1 gcc/objc/lang-specs.h
1 gcc/java/jvspec.c
1 gcc/flow.c
1 gcc/final.c
1 gcc/f/lang-specs.h
1 gcc/expmed.c
1 gcc/cp/typeck2.c
1 gcc/cp/errfn.c
Number of warning types:
58 comparison between signed and unsigned
11 \`???' might be used uninitialized in this function
9 string length \`???' is greater than the length \`???' ISO C89
compilers are required to support
7 signed and unsigned type in conditional expression
5 initialization from incompatible pointer type
4 unused parameter \`???'
4 traditional C rejects string concatenation
4 ??? format, ??? arg (arg ???)
3 unused variable \`???'
2 suggest parentheses around assignment used as truth value
2 passing arg ??? of \`???' from incompatible pointer type
2 function declaration isn't a prototype
2 destination missing a mode?
2 assignment of read-only location
2 \`???' defined but not used
1 pointer targets in passing arg ??? of \`???' differ in signedness
1 operand 0 missing mode?
1 assignment discards qualifiers from pointer target type